{"id":110018,"date":"2026-05-05T03:42:04","date_gmt":"2026-05-05T06:42:04","guid":{"rendered":"https:\/\/www.hediyepazar.com\/?product=kulluk-duman-giderici-temizlenebilir-elektronik-pilli"},"modified":"2026-05-05T03:42:04","modified_gmt":"2026-05-05T06:42:04","slug":"kulluk-duman-giderici-temizlenebilir-elektronik-pilli","status":"publish","type":"product","link":"https:\/\/www.hediyepazar.com\/?product=kulluk-duman-giderici-temizlenebilir-elektronik-pilli","title":{"rendered":"K\u00fcll\u00fck Duman Giderici Temizlenebilir Elektronik Pilli"},"content":{"rendered":"<p>\u00dcr\u00fcn, dokunmaya duyarl\u0131 sens\u00f6r teknolojisi sayesinde, el yakla\u015ft\u0131\u011f\u0131nda otomatik olarak \u00e7al\u0131\u015fmaya ba\u015flar. B\u00f6ylece hava temizleme i\u015flemi, sizin m\u00fcdahaleniz olmadan zahmetsizce ger\u00e7ekle\u015fir. K\u00f6t\u00fc kokular\u0131 h\u0131zla emen bu \u00f6zellik, konforlu bir kullan\u0131m deneyimi sunar. \u00c7\u0131kart\u0131labilir t\u00fct\u00fcn tepsisi, k\u00fcll\u00fc\u011f\u00fcn kolayca temizlenmesini sa\u011flar ve hijyenik bir \u00e7\u00f6z\u00fcm sunar.<\/p>\n","protected":false},"excerpt":{"rendered":"<p>\u00dcr\u00fcn, dokunmaya duyarl\u0131 sens\u00f6r teknolojisi sayesinde, el yakla\u015ft\u0131\u011f\u0131nda otomatik olarak \u00e7al\u0131\u015fmaya ba\u015flar. B\u00f6ylece hava temizleme i\u015flemi, sizin m\u00fcdahaleniz olmadan zahmetsizce ger\u00e7ekle\u015fir. K\u00f6t\u00fc kokular\u0131 h\u0131zla emen bu \u00f6zellik, konforlu bir kullan\u0131m deneyimi sunar. \u00c7\u0131kart\u0131labilir t\u00fct\u00fcn tepsisi, k\u00fcll\u00fc\u011f\u00fcn kolayca temizlenmesini sa\u011flar ve hijyenik bir \u00e7\u00f6z\u00fcm sunar.<\/p>\n","protected":false},"featured_media":110017,"comment_status":"open","ping_status":"closed","template":"","meta":{"_kad_post_transparent":"","_kad_post_title":"","_kad_post_layout":"","_kad_post_sidebar_id":"","_kad_post_content_style":"","_kad_post_vertical_padding":"","_kad_post_feature":"","_kad_post_feature_position":"","_kad_post_header":false,"_kad_post_footer":false,"_kad_post_classname":""},"product_brand":[],"product_cat":[14995],"product_tag":[],"class_list":{"0":"post-110018","1":"product","2":"type-product","3":"status-publish","4":"has-post-thumbnail","6":"product_cat-kulluk-kulluk-2","8":"first","9":"instock","10":"purchasable","11":"product-type-simple","12":"entry","13":"content-bg","14":"loop-entry"},"_links":{"self":[{"href":"https:\/\/www.hediyepazar.com\/index.php?rest_route=\/wp\/v2\/product\/110018","targetHints":{"allow":["GET"]}}],"collection":[{"href":"https:\/\/www.hediyepazar.com\/index.php?rest_route=\/wp\/v2\/product"}],"about":[{"href":"https:\/\/www.hediyepazar.com\/index.php?rest_route=\/wp\/v2\/types\/product"}],"replies":[{"embeddable":true,"href":"https:\/\/www.hediyepazar.com\/index.php?rest_route=%2Fwp%2Fv2%2Fcomments&post=110018"}],"wp:featuredmedia":[{"embeddable":true,"href":"https:\/\/www.hediyepazar.com\/index.php?rest_route=\/wp\/v2\/media\/110017"}],"wp:attachment":[{"href":"https:\/\/www.hediyepazar.com\/index.php?rest_route=%2Fwp%2Fv2%2Fmedia&parent=110018"}],"wp:term":[{"taxonomy":"product_brand","embeddable":true,"href":"https:\/\/www.hediyepazar.com\/index.php?rest_route=%2Fwp%2Fv2%2Fproduct_brand&post=110018"},{"taxonomy":"product_cat","embeddable":true,"href":"https:\/\/www.hediyepazar.com\/index.php?rest_route=%2Fwp%2Fv2%2Fproduct_cat&post=110018"},{"taxonomy":"product_tag","embeddable":true,"href":"https:\/\/www.hediyepazar.com\/index.php?rest_route=%2Fwp%2Fv2%2Fproduct_tag&post=110018"}],"curies":[{"name":"wp","href":"https:\/\/api.w.org\/{rel}","templated":true}]}}