{"id":110044,"date":"2026-05-05T03:44:20","date_gmt":"2026-05-05T06:44:20","guid":{"rendered":"https:\/\/www.hediyepazar.com\/?product=mikrofonlu-kablolu-bluetooth-kulaklik-yeni-nesil-yuksek-ses-kaliteli"},"modified":"2026-05-05T03:44:20","modified_gmt":"2026-05-05T06:44:20","slug":"mikrofonlu-kablolu-bluetooth-kulaklik-yeni-nesil-yuksek-ses-kaliteli","status":"publish","type":"product","link":"https:\/\/www.hediyepazar.com\/?product=mikrofonlu-kablolu-bluetooth-kulaklik-yeni-nesil-yuksek-ses-kaliteli","title":{"rendered":"Mikrofonlu Kablolu Bluetooth Kulakl\u0131k Yeni Nesil Y\u00fcksek Ses Kaliteli"},"content":{"rendered":"<p>Y\u00fcksek performansl\u0131 dahili mikrofon, net ve kesintisiz bir konu\u015fma deneyimi sa\u011flar. Bu \u00f6zellik, hareket halindeyken bile kaliteli telefon g\u00f6r\u00fc\u015fmeleri yapman\u0131za olanak tan\u0131r ve sesli komutlarla hayat\u0131n\u0131z\u0131 kolayla\u015ft\u0131r\u0131r.Aktif G\u00fcr\u00fclt\u00fc \u00d6nleme (ANC) teknolojisi, arka plandaki g\u00fcr\u00fclt\u00fcy\u00fc minimize ederek d\u0131\u015f d\u00fcnyadan tamamen soyutlanman\u0131z\u0131 sa\u011flar. \u00d6zellikle yo\u011fun \u00e7al\u0131\u015fma saatlerinde veya uzun seyahatlerde bu \u00f6zellik, dinleme deneyiminizi bir \u00fcst seviyeye ta\u015f\u0131r.Dokunmatik kontrol paneli ile cihaz\u0131n t\u00fcm \u00f6zelliklerine kolayca eri\u015febilirsiniz. Kullan\u0131c\u0131 dostu bu panel, m\u00fcziklerinizi kontrol etmenizi, \u00e7a\u011fr\u0131lar\u0131n\u0131z\u0131 y\u00f6netmenizi ve ses ayarlar\u0131n\u0131 h\u0131zl\u0131ca yapman\u0131z\u0131 sa\u011flar. Teknolojik yeniliklerin ve ergonomik tasar\u0131m\u0131n kusursuz birle\u015fimi olarak dikkat \u00e7eker.<\/p>\n","protected":false},"excerpt":{"rendered":"<p>Y\u00fcksek performansl\u0131 dahili mikrofon, net ve kesintisiz bir konu\u015fma deneyimi sa\u011flar. Bu \u00f6zellik, hareket halindeyken bile kaliteli telefon g\u00f6r\u00fc\u015fmeleri yapman\u0131za olanak tan\u0131r ve sesli komutlarla hayat\u0131n\u0131z\u0131 kolayla\u015ft\u0131r\u0131r.Aktif G\u00fcr\u00fclt\u00fc \u00d6nleme (ANC) teknolojisi, arka plandaki g\u00fcr\u00fclt\u00fcy\u00fc minimize ederek d\u0131\u015f d\u00fcnyadan tamamen soyutlanman\u0131z\u0131 sa\u011flar. \u00d6zellikle yo\u011fun \u00e7al\u0131\u015fma saatlerinde veya uzun seyahatlerde bu \u00f6zellik, dinleme deneyiminizi bir \u00fcst seviyeye&#8230;<\/p>\n","protected":false},"featured_media":110043,"comment_status":"open","ping_status":"closed","template":"","meta":{"_kad_post_transparent":"","_kad_post_title":"","_kad_post_layout":"","_kad_post_sidebar_id":"","_kad_post_content_style":"","_kad_post_vertical_padding":"","_kad_post_feature":"","_kad_post_feature_position":"","_kad_post_header":false,"_kad_post_footer":false,"_kad_post_classname":""},"product_brand":[],"product_cat":[14957],"product_tag":[],"class_list":{"0":"post-110044","1":"product","2":"type-product","3":"status-publish","4":"has-post-thumbnail","6":"product_cat-kablosuz-kulaklik-kablosuz-kulaklik","8":"first","9":"instock","10":"purchasable","11":"product-type-simple","12":"entry","13":"content-bg","14":"loop-entry"},"_links":{"self":[{"href":"https:\/\/www.hediyepazar.com\/index.php?rest_route=\/wp\/v2\/product\/110044","targetHints":{"allow":["GET"]}}],"collection":[{"href":"https:\/\/www.hediyepazar.com\/index.php?rest_route=\/wp\/v2\/product"}],"about":[{"href":"https:\/\/www.hediyepazar.com\/index.php?rest_route=\/wp\/v2\/types\/product"}],"replies":[{"embeddable":true,"href":"https:\/\/www.hediyepazar.com\/index.php?rest_route=%2Fwp%2Fv2%2Fcomments&post=110044"}],"wp:featuredmedia":[{"embeddable":true,"href":"https:\/\/www.hediyepazar.com\/index.php?rest_route=\/wp\/v2\/media\/110043"}],"wp:attachment":[{"href":"https:\/\/www.hediyepazar.com\/index.php?rest_route=%2Fwp%2Fv2%2Fmedia&parent=110044"}],"wp:term":[{"taxonomy":"product_brand","embeddable":true,"href":"https:\/\/www.hediyepazar.com\/index.php?rest_route=%2Fwp%2Fv2%2Fproduct_brand&post=110044"},{"taxonomy":"product_cat","embeddable":true,"href":"https:\/\/www.hediyepazar.com\/index.php?rest_route=%2Fwp%2Fv2%2Fproduct_cat&post=110044"},{"taxonomy":"product_tag","embeddable":true,"href":"https:\/\/www.hediyepazar.com\/index.php?rest_route=%2Fwp%2Fv2%2Fproduct_tag&post=110044"}],"curies":[{"name":"wp","href":"https:\/\/api.w.org\/{rel}","templated":true}]}}