{"id":110170,"date":"2026-05-05T03:59:09","date_gmt":"2026-05-05T06:59:09","guid":{"rendered":"https:\/\/www.hediyepazar.com\/?product=led-ampul-enerji-dostu-rgb-isikli-100w-led-isik"},"modified":"2026-05-05T03:59:09","modified_gmt":"2026-05-05T06:59:09","slug":"led-ampul-enerji-dostu-rgb-isikli-100w-led-isik","status":"publish","type":"product","link":"https:\/\/www.hediyepazar.com\/?product=led-ampul-enerji-dostu-rgb-isikli-100w-led-isik","title":{"rendered":"Led Ampul Enerji Dostu RGB I\u015f\u0131kl\u0131 100W Led I\u015f\u0131k"},"content":{"rendered":"<p>LED ampuller, hem \u00e7evre dostu olmalar\u0131 hem de enerji tasarrufu sa\u011flamalar\u0131 nedeniyle ayd\u0131nlatma \u00e7\u00f6z\u00fcmlerinde giderek daha fazla tercih edilmektedir. Standart ampullere k\u0131yasla yakla\u015f\u0131k %60 oran\u0131nda enerji tasarrufu sa\u011flad\u0131klar\u0131 tahmin edilmektedir. Ayr\u0131ca, di\u011fer tasarruflu ampul modellerine g\u00f6re %10-15 daha az enerji t\u00fcketmeleri, LED ampullerin enerji verimlili\u011fi a\u00e7\u0131s\u0131ndan \u00f6ne \u00e7\u0131kmas\u0131n\u0131 sa\u011flamaktad\u0131r.I\u015f\u0131k verimlili\u011fi olduk\u00e7a y\u00fcksek olan bu ampuller, ayd\u0131nlatma performans\u0131ndan \u00f6d\u00fcn vermeden d\u00fc\u015f\u00fck enerji t\u00fcketimiyle dikkat \u00e7eker. \u00d6rne\u011fin, yaln\u0131zca 15 Watt g\u00fc\u00e7 t\u00fcketen bir LED ampul, \u0131\u015f\u0131k \u00e7\u0131kt\u0131s\u0131 bak\u0131m\u0131ndan 100 Watt g\u00fcc\u00fcndeki bir standart ampulle e\u015fde\u011fer kabul edilmektedir. Ayr\u0131ca, A+ enerji verimlili\u011fi s\u0131n\u0131f\u0131nda yer almalar\u0131, \u00e7evresel ve ekonomik faydalar\u0131n\u0131 peki\u015ftirmektedir.LED teknolojisi, uzun \u00f6m\u00fcrl\u00fc yap\u0131s\u0131 ve d\u00fc\u015f\u00fck enerji t\u00fcketimiyle hem b\u00fct\u00e7e dostu hem de \u00e7evreci bir ayd\u0131nlatma alternatifi sunmaktad\u0131r.<\/p>\n","protected":false},"excerpt":{"rendered":"<p>LED ampuller, hem \u00e7evre dostu olmalar\u0131 hem de enerji tasarrufu sa\u011flamalar\u0131 nedeniyle ayd\u0131nlatma \u00e7\u00f6z\u00fcmlerinde giderek daha fazla tercih edilmektedir. Standart ampullere k\u0131yasla yakla\u015f\u0131k %60 oran\u0131nda enerji tasarrufu sa\u011flad\u0131klar\u0131 tahmin edilmektedir. Ayr\u0131ca, di\u011fer tasarruflu ampul modellerine g\u00f6re %10-15 daha az enerji t\u00fcketmeleri, LED ampullerin enerji verimlili\u011fi a\u00e7\u0131s\u0131ndan \u00f6ne \u00e7\u0131kmas\u0131n\u0131 sa\u011flamaktad\u0131r.I\u015f\u0131k verimlili\u011fi olduk\u00e7a y\u00fcksek olan bu ampuller,&#8230;<\/p>\n","protected":false},"featured_media":110169,"comment_status":"open","ping_status":"closed","template":"","meta":{"_kad_post_transparent":"","_kad_post_title":"","_kad_post_layout":"","_kad_post_sidebar_id":"","_kad_post_content_style":"","_kad_post_vertical_padding":"","_kad_post_feature":"","_kad_post_feature_position":"","_kad_post_header":false,"_kad_post_footer":false,"_kad_post_classname":""},"product_brand":[],"product_cat":[14967],"product_tag":[],"class_list":{"0":"post-110170","1":"product","2":"type-product","3":"status-publish","4":"has-post-thumbnail","6":"product_cat-gece-lambasi-gece-lambasi","8":"first","9":"instock","10":"purchasable","11":"product-type-simple","12":"entry","13":"content-bg","14":"loop-entry"},"_links":{"self":[{"href":"https:\/\/www.hediyepazar.com\/index.php?rest_route=\/wp\/v2\/product\/110170","targetHints":{"allow":["GET"]}}],"collection":[{"href":"https:\/\/www.hediyepazar.com\/index.php?rest_route=\/wp\/v2\/product"}],"about":[{"href":"https:\/\/www.hediyepazar.com\/index.php?rest_route=\/wp\/v2\/types\/product"}],"replies":[{"embeddable":true,"href":"https:\/\/www.hediyepazar.com\/index.php?rest_route=%2Fwp%2Fv2%2Fcomments&post=110170"}],"wp:featuredmedia":[{"embeddable":true,"href":"https:\/\/www.hediyepazar.com\/index.php?rest_route=\/wp\/v2\/media\/110169"}],"wp:attachment":[{"href":"https:\/\/www.hediyepazar.com\/index.php?rest_route=%2Fwp%2Fv2%2Fmedia&parent=110170"}],"wp:term":[{"taxonomy":"product_brand","embeddable":true,"href":"https:\/\/www.hediyepazar.com\/index.php?rest_route=%2Fwp%2Fv2%2Fproduct_brand&post=110170"},{"taxonomy":"product_cat","embeddable":true,"href":"https:\/\/www.hediyepazar.com\/index.php?rest_route=%2Fwp%2Fv2%2Fproduct_cat&post=110170"},{"taxonomy":"product_tag","embeddable":true,"href":"https:\/\/www.hediyepazar.com\/index.php?rest_route=%2Fwp%2Fv2%2Fproduct_tag&post=110170"}],"curies":[{"name":"wp","href":"https:\/\/api.w.org\/{rel}","templated":true}]}}