{"id":110210,"date":"2026-05-05T04:05:57","date_gmt":"2026-05-05T07:05:57","guid":{"rendered":"https:\/\/www.hediyepazar.com\/?product=el-blender-tasinabilir-meyve-blender-sarj-edilebilir-tasinabilir-blender-elektrikli"},"modified":"2026-05-05T04:05:57","modified_gmt":"2026-05-05T07:05:57","slug":"el-blender-tasinabilir-meyve-blender-sarj-edilebilir-tasinabilir-blender-elektrikli","status":"publish","type":"product","link":"https:\/\/www.hediyepazar.com\/?product=el-blender-tasinabilir-meyve-blender-sarj-edilebilir-tasinabilir-blender-elektrikli","title":{"rendered":"El Blender Ta\u015f\u0131nabilir Meyve Blender \u015earj Edilebilir Ta\u015f\u0131nabilir Blender Elektrikli"},"content":{"rendered":"<p>G\u0131da s\u0131n\u0131f\u0131 malzemelerden \u00fcretilmi\u015f olan ta\u015f\u0131nabilir kablosuz blender, hem g\u00fcvenli hem de kullan\u0131\u015fl\u0131 bir i\u00e7ecek haz\u0131rlama cihaz\u0131d\u0131r. \u00c7evre dostu tasar\u0131m\u0131 ve toksik olmayan malzemeleri ile sa\u011fl\u0131kl\u0131 ve s\u00fcrd\u00fcr\u00fclebilir bir kullan\u0131m sunar. Mini boyutu ve tek par\u00e7a tasar\u0131m\u0131 sayesinde, g\u00fcnl\u00fck i\u00e7ecek ihtiya\u00e7lar\u0131n\u0131z i\u00e7in hem hafif hem de pratik bir \u00e7\u00f6z\u00fcm sunar. Benzersiz g\u00fcvenlik \u00f6zellikleri, sizi olas\u0131 kazalardan koruyarak keyifli bir kullan\u0131m sa\u011flar.Cihaz\u0131n 1200mAh \u015farj edilebilir bataryas\u0131, tam dolu halde 10 defaya kadar kullan\u0131m imkan\u0131 sunar. USB \u00fczerinden \u015farj edilebilme \u00f6zelli\u011fi, cep telefonlar\u0131ndan g\u00fc\u00e7 bankalar\u0131na kadar farkl\u0131 cihazlarla kolayca enerji doldurman\u0131z\u0131 sa\u011flar. Taze s\u0131k\u0131lm\u0131\u015f portakal, nar, elma, \u00fcz\u00fcm veya karpuz sular\u0131 haz\u0131rlamak i\u00e7in idealdir. Pembe ve beyaz renk se\u00e7enekleri ile estetik bir tasar\u0131ma sahip olan bu blender, kompakt \u00f6l\u00e7\u00fcleri (7,5 x 7,5 x 21 cm) sayesinde \u00e7antan\u0131zda veya dolab\u0131n\u0131zda kolayca ta\u015f\u0131nabilir. Hem evde hem de d\u0131\u015f mekanlarda kullan\u0131m i\u00e7in m\u00fckemmel bir tercih!<\/p>\n","protected":false},"excerpt":{"rendered":"<p>G\u0131da s\u0131n\u0131f\u0131 malzemelerden \u00fcretilmi\u015f olan ta\u015f\u0131nabilir kablosuz blender, hem g\u00fcvenli hem de kullan\u0131\u015fl\u0131 bir i\u00e7ecek haz\u0131rlama cihaz\u0131d\u0131r. \u00c7evre dostu tasar\u0131m\u0131 ve toksik olmayan malzemeleri ile sa\u011fl\u0131kl\u0131 ve s\u00fcrd\u00fcr\u00fclebilir bir kullan\u0131m sunar. Mini boyutu ve tek par\u00e7a tasar\u0131m\u0131 sayesinde, g\u00fcnl\u00fck i\u00e7ecek ihtiya\u00e7lar\u0131n\u0131z i\u00e7in hem hafif hem de pratik bir \u00e7\u00f6z\u00fcm sunar. Benzersiz g\u00fcvenlik \u00f6zellikleri, sizi olas\u0131&#8230;<\/p>\n","protected":false},"featured_media":110209,"comment_status":"open","ping_status":"closed","template":"","meta":{"_kad_post_transparent":"","_kad_post_title":"","_kad_post_layout":"","_kad_post_sidebar_id":"","_kad_post_content_style":"","_kad_post_vertical_padding":"","_kad_post_feature":"","_kad_post_feature_position":"","_kad_post_header":false,"_kad_post_footer":false,"_kad_post_classname":""},"product_brand":[],"product_cat":[14959],"product_tag":[],"class_list":{"0":"post-110210","1":"product","2":"type-product","3":"status-publish","4":"has-post-thumbnail","6":"product_cat-blender-blender","8":"first","9":"instock","10":"purchasable","11":"product-type-simple","12":"entry","13":"content-bg","14":"loop-entry"},"_links":{"self":[{"href":"https:\/\/www.hediyepazar.com\/index.php?rest_route=\/wp\/v2\/product\/110210","targetHints":{"allow":["GET"]}}],"collection":[{"href":"https:\/\/www.hediyepazar.com\/index.php?rest_route=\/wp\/v2\/product"}],"about":[{"href":"https:\/\/www.hediyepazar.com\/index.php?rest_route=\/wp\/v2\/types\/product"}],"replies":[{"embeddable":true,"href":"https:\/\/www.hediyepazar.com\/index.php?rest_route=%2Fwp%2Fv2%2Fcomments&post=110210"}],"wp:featuredmedia":[{"embeddable":true,"href":"https:\/\/www.hediyepazar.com\/index.php?rest_route=\/wp\/v2\/media\/110209"}],"wp:attachment":[{"href":"https:\/\/www.hediyepazar.com\/index.php?rest_route=%2Fwp%2Fv2%2Fmedia&parent=110210"}],"wp:term":[{"taxonomy":"product_brand","embeddable":true,"href":"https:\/\/www.hediyepazar.com\/index.php?rest_route=%2Fwp%2Fv2%2Fproduct_brand&post=110210"},{"taxonomy":"product_cat","embeddable":true,"href":"https:\/\/www.hediyepazar.com\/index.php?rest_route=%2Fwp%2Fv2%2Fproduct_cat&post=110210"},{"taxonomy":"product_tag","embeddable":true,"href":"https:\/\/www.hediyepazar.com\/index.php?rest_route=%2Fwp%2Fv2%2Fproduct_tag&post=110210"}],"curies":[{"name":"wp","href":"https:\/\/api.w.org\/{rel}","templated":true}]}}