{"id":110246,"date":"2026-05-05T04:10:11","date_gmt":"2026-05-05T07:10:11","guid":{"rendered":"https:\/\/www.hediyepazar.com\/?product=4-baslikli-darbeli-sarjli-masaj-aleti-tabancasi-kablosuz"},"modified":"2026-05-05T04:10:11","modified_gmt":"2026-05-05T07:10:11","slug":"4-baslikli-darbeli-sarjli-masaj-aleti-tabancasi-kablosuz","status":"publish","type":"product","link":"https:\/\/www.hediyepazar.com\/?product=4-baslikli-darbeli-sarjli-masaj-aleti-tabancasi-kablosuz","title":{"rendered":"4 Ba\u015fl\u0131kl\u0131 Darbeli \u015earjl\u0131 Masaj Aleti Tabancas\u0131 Kablosuz"},"content":{"rendered":"<p>G\u00fcn\u00fcn yorgunlu\u011funu atmak, kas a\u011fr\u0131lar\u0131n\u0131 hafifletmek ve v\u00fccudunuzu rahatlatmak i\u00e7in Eragon \u015earjl\u0131 Darbeli Masaj Tabancas\u0131, arad\u0131\u011f\u0131n\u0131z \u00e7\u00f6z\u00fcm! G\u00fc\u00e7l\u00fc motoru, ayarlanabilir h\u0131z se\u00e7enekleri ve ergonomik tasar\u0131m\u0131yla t\u00fcm v\u00fccudunuzda etkili bir rahatlama sa\u011flar. Kablosuz Kullan\u0131m Kolayl\u0131\u011f\u0131 \u015earj edilebilir \u00f6zelli\u011fiyle kablosuz bir \u015fekilde kullan\u0131m sunan bu masaj tabancas\u0131, fi\u015fe ba\u011fl\u0131 kalma zorunlulu\u011funu ortadan kald\u0131r\u0131r. Diledi\u011finiz yerde ve zamanda, \u00f6zg\u00fcrce masaj yapabilir, kaslar\u0131n\u0131z\u0131 gev\u015fetebilirsiniz. Derinlemesine Etkili Masaj Dakikada 3200 RPM\u2019ye kadar ula\u015fan darbeli motoru, kas dokular\u0131n\u0131z\u0131n derinlerine n\u00fcfuz ederek etkili bir masaj sa\u011flar. Kas gerginli\u011fini ve yorgunlu\u011fu azaltarak daha rahat ve enerjik hissetmenizi sa\u011flar. Ki\u015fiselle\u015ftirilebilir Masaj Deneyimi 6 farkl\u0131 h\u0131z ayar\u0131, ihtiyac\u0131n\u0131za g\u00f6re masaj yo\u011funlu\u011funu se\u00e7menize olanak tan\u0131r. Hafif bir gev\u015feme ya da yo\u011fun bir masaj deneyimi i\u00e7in h\u0131z se\u00e7eneklerini kolayca ayarlayabilirsiniz. 4 \u00d6zel Masaj Ba\u015fl\u0131\u011f\u0131 Her biri farkl\u0131 masaj ihtiya\u00e7lar\u0131 i\u00e7in tasarlanm\u0131\u015f 4 masaj ba\u015fl\u0131\u011f\u0131 ile cihaz, t\u00fcm v\u00fccut b\u00f6lgelerinizde etkili bir rahatlama sa\u011flar. Boyun, omuz, s\u0131rt, bel, bacak, bald\u0131r ve ayak gibi b\u00f6lgelerde kolayl\u0131kla kullan\u0131labilir. Eragon \u015earjl\u0131 Darbeli Masaj Tabancas\u0131, kas a\u011fr\u0131lar\u0131ndan kurtulmak, stresinizi azaltmak ve g\u00fcn\u00fcn\u00fcz\u00fc daha enerjik bir \u015fekilde tamamlamak i\u00e7in m\u00fckemmel bir yard\u0131mc\u0131d\u0131r. Spor sonras\u0131nda veya g\u00fcnl\u00fck kullan\u0131mda kaslar\u0131n\u0131z\u0131 \u015f\u0131martmak i\u00e7in ideal bir tercihtir!<\/p>\n","protected":false},"excerpt":{"rendered":"<p>G\u00fcn\u00fcn yorgunlu\u011funu atmak, kas a\u011fr\u0131lar\u0131n\u0131 hafifletmek ve v\u00fccudunuzu rahatlatmak i\u00e7in Eragon \u015earjl\u0131 Darbeli Masaj Tabancas\u0131, arad\u0131\u011f\u0131n\u0131z \u00e7\u00f6z\u00fcm! G\u00fc\u00e7l\u00fc motoru, ayarlanabilir h\u0131z se\u00e7enekleri ve ergonomik tasar\u0131m\u0131yla t\u00fcm v\u00fccudunuzda etkili bir rahatlama sa\u011flar. Kablosuz Kullan\u0131m Kolayl\u0131\u011f\u0131 \u015earj edilebilir \u00f6zelli\u011fiyle kablosuz bir \u015fekilde kullan\u0131m sunan bu masaj tabancas\u0131, fi\u015fe ba\u011fl\u0131 kalma zorunlulu\u011funu ortadan kald\u0131r\u0131r. Diledi\u011finiz yerde ve zamanda,&#8230;<\/p>\n","protected":false},"featured_media":110245,"comment_status":"open","ping_status":"closed","template":"","meta":{"_kad_post_transparent":"","_kad_post_title":"","_kad_post_layout":"","_kad_post_sidebar_id":"","_kad_post_content_style":"","_kad_post_vertical_padding":"","_kad_post_feature":"","_kad_post_feature_position":"","_kad_post_header":false,"_kad_post_footer":false,"_kad_post_classname":""},"product_brand":[],"product_cat":[14939],"product_tag":[],"class_list":{"0":"post-110246","1":"product","2":"type-product","3":"status-publish","4":"has-post-thumbnail","6":"product_cat-masaj-cihazi-masaj-cihazi","8":"first","9":"instock","10":"purchasable","11":"product-type-simple","12":"entry","13":"content-bg","14":"loop-entry"},"_links":{"self":[{"href":"https:\/\/www.hediyepazar.com\/index.php?rest_route=\/wp\/v2\/product\/110246","targetHints":{"allow":["GET"]}}],"collection":[{"href":"https:\/\/www.hediyepazar.com\/index.php?rest_route=\/wp\/v2\/product"}],"about":[{"href":"https:\/\/www.hediyepazar.com\/index.php?rest_route=\/wp\/v2\/types\/product"}],"replies":[{"embeddable":true,"href":"https:\/\/www.hediyepazar.com\/index.php?rest_route=%2Fwp%2Fv2%2Fcomments&post=110246"}],"wp:featuredmedia":[{"embeddable":true,"href":"https:\/\/www.hediyepazar.com\/index.php?rest_route=\/wp\/v2\/media\/110245"}],"wp:attachment":[{"href":"https:\/\/www.hediyepazar.com\/index.php?rest_route=%2Fwp%2Fv2%2Fmedia&parent=110246"}],"wp:term":[{"taxonomy":"product_brand","embeddable":true,"href":"https:\/\/www.hediyepazar.com\/index.php?rest_route=%2Fwp%2Fv2%2Fproduct_brand&post=110246"},{"taxonomy":"product_cat","embeddable":true,"href":"https:\/\/www.hediyepazar.com\/index.php?rest_route=%2Fwp%2Fv2%2Fproduct_cat&post=110246"},{"taxonomy":"product_tag","embeddable":true,"href":"https:\/\/www.hediyepazar.com\/index.php?rest_route=%2Fwp%2Fv2%2Fproduct_tag&post=110246"}],"curies":[{"name":"wp","href":"https:\/\/api.w.org\/{rel}","templated":true}]}}