{"id":110268,"date":"2026-05-05T04:14:17","date_gmt":"2026-05-05T07:14:17","guid":{"rendered":"https:\/\/www.hediyepazar.com\/?product=oyuncu-kulakligi-bluetooth-baglantili-anc-ozelligi-5-0-bluetooth"},"modified":"2026-05-05T04:14:17","modified_gmt":"2026-05-05T07:14:17","slug":"oyuncu-kulakligi-bluetooth-baglantili-anc-ozelligi-5-0-bluetooth","status":"publish","type":"product","link":"https:\/\/www.hediyepazar.com\/?product=oyuncu-kulakligi-bluetooth-baglantili-anc-ozelligi-5-0-bluetooth","title":{"rendered":"Oyuncu Kulakl\u0131\u011f\u0131 Bluetooth Ba\u011flant\u0131l\u0131 ANC \u00d6zelli\u011fi 5.0 Bluetooth"},"content":{"rendered":"<p>Yeni nesil kablosuz kulakl\u0131k modelimiz, hem teknolojisi hem de \u015f\u0131k tasar\u0131m\u0131yla m\u00fckemmel bir deneyim sunuyor. Dokunmatik kontrol \u00f6zelli\u011fi sayesinde m\u00fczik dinleme, \u00e7a\u011fr\u0131 cevaplama veya ses seviyesini ayarlama gibi i\u015flemleri kolayl\u0131kla ger\u00e7ekle\u015ftirebilirsiniz. Aktif g\u00fcr\u00fclt\u00fc engelleme (ANC) teknolojisi, d\u0131\u015f ortam g\u00fcr\u00fclt\u00fcs\u00fcn\u00fc minimuma indirerek sizi tamamen m\u00fczi\u011finize veya g\u00f6r\u00fc\u015fmenize odaklar. Spor yaparken, oyun oynarken veya d\u0131\u015far\u0131da hareket halindeyken kulakl\u0131klar\u0131n\u0131z yerinden oynamadan konforlu bir kullan\u0131m sunar.Uzun pil \u00f6mr\u00fc, bu kulakl\u0131klar\u0131 g\u00fcnl\u00fck kullan\u0131m i\u00e7in ideal hale getirir. Tek \u015farjla 5 saate kadar m\u00fczik dinleyebilir, \u015farj kutusuyla bu s\u00fcreyi defalarca uzatabilirsiniz. Ayr\u0131ca, Bluetooth 5.0 teknolojisiyle h\u0131zl\u0131 ba\u011flant\u0131 ve kararl\u0131 sinyal garantisi sunar. Bu \u00fcst\u00fcn \u00f6zelliklerin hepsi, kullan\u0131c\u0131lar\u0131n mobil ya\u015fam\u0131na kesintisiz bir ses deneyimi katmak i\u00e7in tasarlanm\u0131\u015ft\u0131r.<\/p>\n","protected":false},"excerpt":{"rendered":"<p>Yeni nesil kablosuz kulakl\u0131k modelimiz, hem teknolojisi hem de \u015f\u0131k tasar\u0131m\u0131yla m\u00fckemmel bir deneyim sunuyor. Dokunmatik kontrol \u00f6zelli\u011fi sayesinde m\u00fczik dinleme, \u00e7a\u011fr\u0131 cevaplama veya ses seviyesini ayarlama gibi i\u015flemleri kolayl\u0131kla ger\u00e7ekle\u015ftirebilirsiniz. Aktif g\u00fcr\u00fclt\u00fc engelleme (ANC) teknolojisi, d\u0131\u015f ortam g\u00fcr\u00fclt\u00fcs\u00fcn\u00fc minimuma indirerek sizi tamamen m\u00fczi\u011finize veya g\u00f6r\u00fc\u015fmenize odaklar. Spor yaparken, oyun oynarken veya d\u0131\u015far\u0131da hareket halindeyken&#8230;<\/p>\n","protected":false},"featured_media":110267,"comment_status":"open","ping_status":"closed","template":"","meta":{"_kad_post_transparent":"","_kad_post_title":"","_kad_post_layout":"","_kad_post_sidebar_id":"","_kad_post_content_style":"","_kad_post_vertical_padding":"","_kad_post_feature":"","_kad_post_feature_position":"","_kad_post_header":false,"_kad_post_footer":false,"_kad_post_classname":""},"product_brand":[],"product_cat":[14957],"product_tag":[],"class_list":{"0":"post-110268","1":"product","2":"type-product","3":"status-publish","4":"has-post-thumbnail","6":"product_cat-kablosuz-kulaklik-kablosuz-kulaklik","8":"first","9":"instock","10":"purchasable","11":"product-type-simple","12":"entry","13":"content-bg","14":"loop-entry"},"_links":{"self":[{"href":"https:\/\/www.hediyepazar.com\/index.php?rest_route=\/wp\/v2\/product\/110268","targetHints":{"allow":["GET"]}}],"collection":[{"href":"https:\/\/www.hediyepazar.com\/index.php?rest_route=\/wp\/v2\/product"}],"about":[{"href":"https:\/\/www.hediyepazar.com\/index.php?rest_route=\/wp\/v2\/types\/product"}],"replies":[{"embeddable":true,"href":"https:\/\/www.hediyepazar.com\/index.php?rest_route=%2Fwp%2Fv2%2Fcomments&post=110268"}],"wp:featuredmedia":[{"embeddable":true,"href":"https:\/\/www.hediyepazar.com\/index.php?rest_route=\/wp\/v2\/media\/110267"}],"wp:attachment":[{"href":"https:\/\/www.hediyepazar.com\/index.php?rest_route=%2Fwp%2Fv2%2Fmedia&parent=110268"}],"wp:term":[{"taxonomy":"product_brand","embeddable":true,"href":"https:\/\/www.hediyepazar.com\/index.php?rest_route=%2Fwp%2Fv2%2Fproduct_brand&post=110268"},{"taxonomy":"product_cat","embeddable":true,"href":"https:\/\/www.hediyepazar.com\/index.php?rest_route=%2Fwp%2Fv2%2Fproduct_cat&post=110268"},{"taxonomy":"product_tag","embeddable":true,"href":"https:\/\/www.hediyepazar.com\/index.php?rest_route=%2Fwp%2Fv2%2Fproduct_tag&post=110268"}],"curies":[{"name":"wp","href":"https:\/\/api.w.org\/{rel}","templated":true}]}}