{"id":110298,"date":"2026-05-05T04:22:05","date_gmt":"2026-05-05T07:22:05","guid":{"rendered":"https:\/\/www.hediyepazar.com\/?product=s10-sup-520-oyunlu-gamepad-tv-uyumlu-gamepad"},"modified":"2026-05-05T04:22:05","modified_gmt":"2026-05-05T07:22:05","slug":"s10-sup-520-oyunlu-gamepad-tv-uyumlu-gamepad","status":"publish","type":"product","link":"https:\/\/www.hediyepazar.com\/?product=s10-sup-520-oyunlu-gamepad-tv-uyumlu-gamepad","title":{"rendered":"S10 Sup 520 Oyunlu Gamepad TV Uyumlu Gamepad"},"content":{"rendered":"<p>Atari S10, dahili lityum bataryas\u0131 sayesinde uzun saatler boyunca kesintisiz oyun keyfi sunar. Tek bir \u015farjla cihaz\u0131 uzun s\u00fcre kullanabilir, s\u0131k pil de\u011fi\u015ftirme derdi ya\u015famazs\u0131n\u0131z. Ayr\u0131ca HDMI ba\u011flant\u0131 deste\u011fi ile oyunlar\u0131 b\u00fcy\u00fck bir ekranda oynayabilirsiniz. Bu \u00f6zellik, arkada\u015flar\u0131n\u0131zla birlikte nostaljik bir oyun ak\u015fam\u0131 d\u00fczenlemek veya ailenizle e\u011flenceli anlar payla\u015fmak i\u00e7in idealdir. TV ba\u011flant\u0131 deste\u011fi sayesinde retro oyunlar\u0131n heyecan\u0131n\u0131 geni\u015f bir alanda ya\u015fama f\u0131rsat\u0131n\u0131 ka\u00e7\u0131rmay\u0131n.<\/p>\n","protected":false},"excerpt":{"rendered":"<p>Atari S10, dahili lityum bataryas\u0131 sayesinde uzun saatler boyunca kesintisiz oyun keyfi sunar. Tek bir \u015farjla cihaz\u0131 uzun s\u00fcre kullanabilir, s\u0131k pil de\u011fi\u015ftirme derdi ya\u015famazs\u0131n\u0131z. Ayr\u0131ca HDMI ba\u011flant\u0131 deste\u011fi ile oyunlar\u0131 b\u00fcy\u00fck bir ekranda oynayabilirsiniz. Bu \u00f6zellik, arkada\u015flar\u0131n\u0131zla birlikte nostaljik bir oyun ak\u015fam\u0131 d\u00fczenlemek veya ailenizle e\u011flenceli anlar payla\u015fmak i\u00e7in idealdir. TV ba\u011flant\u0131 deste\u011fi sayesinde&#8230;<\/p>\n","protected":false},"featured_media":110297,"comment_status":"open","ping_status":"closed","template":"","meta":{"_kad_post_transparent":"","_kad_post_title":"","_kad_post_layout":"","_kad_post_sidebar_id":"","_kad_post_content_style":"","_kad_post_vertical_padding":"","_kad_post_feature":"","_kad_post_feature_position":"","_kad_post_header":false,"_kad_post_footer":false,"_kad_post_classname":""},"product_brand":[],"product_cat":[14961],"product_tag":[],"class_list":{"0":"post-110298","1":"product","2":"type-product","3":"status-publish","4":"has-post-thumbnail","6":"product_cat-oyun-konsolu-oyun-konsolu","8":"first","9":"instock","10":"purchasable","11":"product-type-simple","12":"entry","13":"content-bg","14":"loop-entry"},"_links":{"self":[{"href":"https:\/\/www.hediyepazar.com\/index.php?rest_route=\/wp\/v2\/product\/110298","targetHints":{"allow":["GET"]}}],"collection":[{"href":"https:\/\/www.hediyepazar.com\/index.php?rest_route=\/wp\/v2\/product"}],"about":[{"href":"https:\/\/www.hediyepazar.com\/index.php?rest_route=\/wp\/v2\/types\/product"}],"replies":[{"embeddable":true,"href":"https:\/\/www.hediyepazar.com\/index.php?rest_route=%2Fwp%2Fv2%2Fcomments&post=110298"}],"wp:featuredmedia":[{"embeddable":true,"href":"https:\/\/www.hediyepazar.com\/index.php?rest_route=\/wp\/v2\/media\/110297"}],"wp:attachment":[{"href":"https:\/\/www.hediyepazar.com\/index.php?rest_route=%2Fwp%2Fv2%2Fmedia&parent=110298"}],"wp:term":[{"taxonomy":"product_brand","embeddable":true,"href":"https:\/\/www.hediyepazar.com\/index.php?rest_route=%2Fwp%2Fv2%2Fproduct_brand&post=110298"},{"taxonomy":"product_cat","embeddable":true,"href":"https:\/\/www.hediyepazar.com\/index.php?rest_route=%2Fwp%2Fv2%2Fproduct_cat&post=110298"},{"taxonomy":"product_tag","embeddable":true,"href":"https:\/\/www.hediyepazar.com\/index.php?rest_route=%2Fwp%2Fv2%2Fproduct_tag&post=110298"}],"curies":[{"name":"wp","href":"https:\/\/api.w.org\/{rel}","templated":true}]}}