{"id":110300,"date":"2026-05-05T04:22:09","date_gmt":"2026-05-05T07:22:09","guid":{"rendered":"https:\/\/www.hediyepazar.com\/?product=gamepad-520-oyunlu-ekranli-oyun-kolu-tv-uyumlu"},"modified":"2026-05-05T04:22:09","modified_gmt":"2026-05-05T07:22:09","slug":"gamepad-520-oyunlu-ekranli-oyun-kolu-tv-uyumlu","status":"publish","type":"product","link":"https:\/\/www.hediyepazar.com\/?product=gamepad-520-oyunlu-ekranli-oyun-kolu-tv-uyumlu","title":{"rendered":"Gamepad 520 Oyunlu Ekranl\u0131 Oyun Kolu TV Uyumlu"},"content":{"rendered":"<p>Atari S10, tam 520 farkl\u0131 nostaljik oyunu bir araya getirerek ge\u00e7mi\u015fin b\u00fcy\u00fcleyici oyun d\u00fcnyas\u0131na ad\u0131m atman\u0131z\u0131 sa\u011flar. \u00c7ocukluk an\u0131lar\u0131n\u0131z\u0131 canland\u0131rmak ya da yeni nesil oyunculara bu muhte\u015fem klasikleri tan\u0131tmak i\u00e7in m\u00fckemmel bir se\u00e7imdir. Cihaz, platform, macera, yar\u0131\u015f ve spor gibi \u00e7e\u015fitli kategorilerde oyunlar sunarak her ya\u015ftan oyuncuya hitap eder. Retro oyunlar\u0131n zamans\u0131z b\u00fcy\u00fcs\u00fcn\u00fc, modern teknolojinin ta\u015f\u0131nabilirli\u011fiyle birle\u015ftiren Atari S10, oyun keyfinizi her yerde ya\u015faman\u0131z i\u00e7in tasarlanm\u0131\u015ft\u0131r.<\/p>\n","protected":false},"excerpt":{"rendered":"<p>Atari S10, tam 520 farkl\u0131 nostaljik oyunu bir araya getirerek ge\u00e7mi\u015fin b\u00fcy\u00fcleyici oyun d\u00fcnyas\u0131na ad\u0131m atman\u0131z\u0131 sa\u011flar. \u00c7ocukluk an\u0131lar\u0131n\u0131z\u0131 canland\u0131rmak ya da yeni nesil oyunculara bu muhte\u015fem klasikleri tan\u0131tmak i\u00e7in m\u00fckemmel bir se\u00e7imdir. Cihaz, platform, macera, yar\u0131\u015f ve spor gibi \u00e7e\u015fitli kategorilerde oyunlar sunarak her ya\u015ftan oyuncuya hitap eder. Retro oyunlar\u0131n zamans\u0131z b\u00fcy\u00fcs\u00fcn\u00fc, modern teknolojinin&#8230;<\/p>\n","protected":false},"featured_media":110299,"comment_status":"open","ping_status":"closed","template":"","meta":{"_kad_post_transparent":"","_kad_post_title":"","_kad_post_layout":"","_kad_post_sidebar_id":"","_kad_post_content_style":"","_kad_post_vertical_padding":"","_kad_post_feature":"","_kad_post_feature_position":"","_kad_post_header":false,"_kad_post_footer":false,"_kad_post_classname":""},"product_brand":[],"product_cat":[14961],"product_tag":[],"class_list":{"0":"post-110300","1":"product","2":"type-product","3":"status-publish","4":"has-post-thumbnail","6":"product_cat-oyun-konsolu-oyun-konsolu","8":"first","9":"instock","10":"purchasable","11":"product-type-simple","12":"entry","13":"content-bg","14":"loop-entry"},"_links":{"self":[{"href":"https:\/\/www.hediyepazar.com\/index.php?rest_route=\/wp\/v2\/product\/110300","targetHints":{"allow":["GET"]}}],"collection":[{"href":"https:\/\/www.hediyepazar.com\/index.php?rest_route=\/wp\/v2\/product"}],"about":[{"href":"https:\/\/www.hediyepazar.com\/index.php?rest_route=\/wp\/v2\/types\/product"}],"replies":[{"embeddable":true,"href":"https:\/\/www.hediyepazar.com\/index.php?rest_route=%2Fwp%2Fv2%2Fcomments&post=110300"}],"wp:featuredmedia":[{"embeddable":true,"href":"https:\/\/www.hediyepazar.com\/index.php?rest_route=\/wp\/v2\/media\/110299"}],"wp:attachment":[{"href":"https:\/\/www.hediyepazar.com\/index.php?rest_route=%2Fwp%2Fv2%2Fmedia&parent=110300"}],"wp:term":[{"taxonomy":"product_brand","embeddable":true,"href":"https:\/\/www.hediyepazar.com\/index.php?rest_route=%2Fwp%2Fv2%2Fproduct_brand&post=110300"},{"taxonomy":"product_cat","embeddable":true,"href":"https:\/\/www.hediyepazar.com\/index.php?rest_route=%2Fwp%2Fv2%2Fproduct_cat&post=110300"},{"taxonomy":"product_tag","embeddable":true,"href":"https:\/\/www.hediyepazar.com\/index.php?rest_route=%2Fwp%2Fv2%2Fproduct_tag&post=110300"}],"curies":[{"name":"wp","href":"https:\/\/api.w.org\/{rel}","templated":true}]}}