{"id":110309,"date":"2026-05-05T04:23:13","date_gmt":"2026-05-05T07:23:13","guid":{"rendered":"https:\/\/www.hediyepazar.com\/?product=akilli-saat-bildirim-gorme-amoled-ekran-gps-uyumlu-sesli-gorusme"},"modified":"2026-05-05T04:23:13","modified_gmt":"2026-05-05T07:23:13","slug":"akilli-saat-bildirim-gorme-amoled-ekran-gps-uyumlu-sesli-gorusme","status":"publish","type":"product","link":"https:\/\/www.hediyepazar.com\/?product=akilli-saat-bildirim-gorme-amoled-ekran-gps-uyumlu-sesli-gorusme","title":{"rendered":"Ak\u0131ll\u0131 Saat Bildirim G\u00f6rme Amoled Ekran GPS Uyumlu Sesli G\u00f6r\u00fc\u015fme"},"content":{"rendered":"<p>Bu ak\u0131ll\u0131 saat, hayat\u0131n\u0131z\u0131 kolayla\u015ft\u0131ran bir\u00e7ok pratik \u00f6zelli\u011fi bir araya getirir. Sesli g\u00f6r\u00fc\u015fme \u00f6zelli\u011fi, ak\u0131ll\u0131 telefonunuza dokunmadan \u00e7a\u011fr\u0131lara kolayca cevap vermenizi sa\u011flar. \u00d6zellikle hareket halindeyken, spor yaparken veya yo\u011fun bir g\u00fcn ge\u00e7irirken b\u00fcy\u00fck bir rahatl\u0131k sunar. Eller serbest modunda konu\u015fmalar\u0131n\u0131z\u0131 rahat\u00e7a y\u00f6netebilir, ileti\u015fiminizde kesinti ya\u015famazs\u0131n\u0131z. Ayr\u0131ca, titre\u015fim bildirimleri ile gelen \u00e7a\u011fr\u0131lar, mesajlar ve uygulama uyar\u0131lar\u0131 hakk\u0131nda an\u0131nda haberdar olabilirsiniz. Bu \u00f6zellik sayesinde, \u00f6nemli bir bildirimi veya \u00e7a\u011fr\u0131y\u0131 ka\u00e7\u0131rma endi\u015fesi ya\u015famazs\u0131n\u0131z. \u00d6zellikle i\u015f toplant\u0131lar\u0131, spor aktiviteleri veya sosyal etkinlikler s\u0131ras\u0131nda ileti\u015fiminizi kesintisiz s\u00fcrd\u00fcrebilirsiniz. Ak\u0131ll\u0131 saatin titre\u015fim \u00f6zelli\u011fi, rahats\u0131z edici bir zil sesi yerine sessiz bir uyar\u0131 sunarak \u00e7evrenizdeki insanlar\u0131 rahats\u0131z etmeden size bilgi verir.<\/p>\n","protected":false},"excerpt":{"rendered":"<p>Bu ak\u0131ll\u0131 saat, hayat\u0131n\u0131z\u0131 kolayla\u015ft\u0131ran bir\u00e7ok pratik \u00f6zelli\u011fi bir araya getirir. Sesli g\u00f6r\u00fc\u015fme \u00f6zelli\u011fi, ak\u0131ll\u0131 telefonunuza dokunmadan \u00e7a\u011fr\u0131lara kolayca cevap vermenizi sa\u011flar. \u00d6zellikle hareket halindeyken, spor yaparken veya yo\u011fun bir g\u00fcn ge\u00e7irirken b\u00fcy\u00fck bir rahatl\u0131k sunar. Eller serbest modunda konu\u015fmalar\u0131n\u0131z\u0131 rahat\u00e7a y\u00f6netebilir, ileti\u015fiminizde kesinti ya\u015famazs\u0131n\u0131z. Ayr\u0131ca, titre\u015fim bildirimleri ile gelen \u00e7a\u011fr\u0131lar, mesajlar ve uygulama uyar\u0131lar\u0131&#8230;<\/p>\n","protected":false},"featured_media":110308,"comment_status":"open","ping_status":"closed","template":"","meta":{"_kad_post_transparent":"","_kad_post_title":"","_kad_post_layout":"","_kad_post_sidebar_id":"","_kad_post_content_style":"","_kad_post_vertical_padding":"","_kad_post_feature":"","_kad_post_feature_position":"","_kad_post_header":false,"_kad_post_footer":false,"_kad_post_classname":""},"product_brand":[],"product_cat":[14935],"product_tag":[],"class_list":{"0":"post-110309","1":"product","2":"type-product","3":"status-publish","4":"has-post-thumbnail","6":"product_cat-akilli-saatler-akilli-saatler","8":"first","9":"instock","10":"purchasable","11":"product-type-simple","12":"entry","13":"content-bg","14":"loop-entry"},"_links":{"self":[{"href":"https:\/\/www.hediyepazar.com\/index.php?rest_route=\/wp\/v2\/product\/110309","targetHints":{"allow":["GET"]}}],"collection":[{"href":"https:\/\/www.hediyepazar.com\/index.php?rest_route=\/wp\/v2\/product"}],"about":[{"href":"https:\/\/www.hediyepazar.com\/index.php?rest_route=\/wp\/v2\/types\/product"}],"replies":[{"embeddable":true,"href":"https:\/\/www.hediyepazar.com\/index.php?rest_route=%2Fwp%2Fv2%2Fcomments&post=110309"}],"wp:featuredmedia":[{"embeddable":true,"href":"https:\/\/www.hediyepazar.com\/index.php?rest_route=\/wp\/v2\/media\/110308"}],"wp:attachment":[{"href":"https:\/\/www.hediyepazar.com\/index.php?rest_route=%2Fwp%2Fv2%2Fmedia&parent=110309"}],"wp:term":[{"taxonomy":"product_brand","embeddable":true,"href":"https:\/\/www.hediyepazar.com\/index.php?rest_route=%2Fwp%2Fv2%2Fproduct_brand&post=110309"},{"taxonomy":"product_cat","embeddable":true,"href":"https:\/\/www.hediyepazar.com\/index.php?rest_route=%2Fwp%2Fv2%2Fproduct_cat&post=110309"},{"taxonomy":"product_tag","embeddable":true,"href":"https:\/\/www.hediyepazar.com\/index.php?rest_route=%2Fwp%2Fv2%2Fproduct_tag&post=110309"}],"curies":[{"name":"wp","href":"https:\/\/api.w.org\/{rel}","templated":true}]}}