{"id":110353,"date":"2026-05-05T04:30:09","date_gmt":"2026-05-05T07:30:09","guid":{"rendered":"https:\/\/www.hediyepazar.com\/?product=akilli-saat-amoled-ekran-gps-ve-uyku-takibi-bluetooth-baglantili"},"modified":"2026-05-05T04:30:09","modified_gmt":"2026-05-05T07:30:09","slug":"akilli-saat-amoled-ekran-gps-ve-uyku-takibi-bluetooth-baglantili","status":"publish","type":"product","link":"https:\/\/www.hediyepazar.com\/?product=akilli-saat-amoled-ekran-gps-ve-uyku-takibi-bluetooth-baglantili","title":{"rendered":"Ak\u0131ll\u0131 Saat Amoled Ekran GPS ve Uyku Takibi Bluetooth Ba\u011flant\u0131l\u0131"},"content":{"rendered":"<p>Bu ak\u0131ll\u0131 saat, kullan\u0131c\u0131lar\u0131n hem g\u00fcnl\u00fck aktivitelerini hem de sa\u011fl\u0131k verilerini anl\u0131k olarak takip edebilmesini sa\u011flayan g\u00fc\u00e7l\u00fc \u00f6zelliklere sahip. Ad\u0131msayar fonksiyonu, her ad\u0131m\u0131n\u0131z\u0131 kaydederek g\u00fcnl\u00fck y\u00fcr\u00fcy\u00fc\u015flerinizi ve egzersizlerinizi takip etmenize olanak tan\u0131r. Bu sayede, ne kadar aktif oldu\u011funuzu g\u00f6rebilir ve sa\u011fl\u0131kl\u0131 bir ya\u015fam tarz\u0131 s\u00fcrd\u00fcrmek i\u00e7in gerekli ad\u0131mlar\u0131 atabilirsiniz. Ak\u0131ll\u0131 saat, ayn\u0131 zamanda kalp at\u0131\u015f h\u0131z\u0131n\u0131z\u0131 \u00f6l\u00e7en nab\u0131z sens\u00f6r\u00fc ile kalp sa\u011fl\u0131\u011f\u0131n\u0131z\u0131 kontrol alt\u0131nda tutar. Oksijen seviyenizi \u00f6l\u00e7me imkan\u0131 sa\u011flayarak, egzersizler s\u0131ras\u0131nda v\u00fccudunuzun ne kadar oksijen t\u00fcketti\u011fini \u00f6\u011frenebilirsiniz. Bu \u00f6zellik, spor yapan bireyler i\u00e7in son derece \u00f6nemli olup, performans\u0131n\u0131z\u0131 art\u0131rman\u0131za yard\u0131mc\u0131 olur. Ayr\u0131ca, uyku takibi fonksiyonu sayesinde uyku d\u00fczeninizi analiz edebilir, uyku kalitenizi iyile\u015ftirmek i\u00e7in do\u011fru ad\u0131mlar atabilirsiniz. T\u00fcm bu \u00f6zellikler, sa\u011fl\u0131k ve ya\u015fam kalitenizi art\u0131rmaya yard\u0131mc\u0131 olurken, saat \u00fczerinden anl\u0131k olarak verilerinize ula\u015fman\u0131z\u0131 sa\u011flar.<\/p>\n","protected":false},"excerpt":{"rendered":"<p>Bu ak\u0131ll\u0131 saat, kullan\u0131c\u0131lar\u0131n hem g\u00fcnl\u00fck aktivitelerini hem de sa\u011fl\u0131k verilerini anl\u0131k olarak takip edebilmesini sa\u011flayan g\u00fc\u00e7l\u00fc \u00f6zelliklere sahip. Ad\u0131msayar fonksiyonu, her ad\u0131m\u0131n\u0131z\u0131 kaydederek g\u00fcnl\u00fck y\u00fcr\u00fcy\u00fc\u015flerinizi ve egzersizlerinizi takip etmenize olanak tan\u0131r. Bu sayede, ne kadar aktif oldu\u011funuzu g\u00f6rebilir ve sa\u011fl\u0131kl\u0131 bir ya\u015fam tarz\u0131 s\u00fcrd\u00fcrmek i\u00e7in gerekli ad\u0131mlar\u0131 atabilirsiniz. Ak\u0131ll\u0131 saat, ayn\u0131 zamanda kalp at\u0131\u015f&#8230;<\/p>\n","protected":false},"featured_media":110352,"comment_status":"open","ping_status":"closed","template":"","meta":{"_kad_post_transparent":"","_kad_post_title":"","_kad_post_layout":"","_kad_post_sidebar_id":"","_kad_post_content_style":"","_kad_post_vertical_padding":"","_kad_post_feature":"","_kad_post_feature_position":"","_kad_post_header":false,"_kad_post_footer":false,"_kad_post_classname":""},"product_brand":[],"product_cat":[14935],"product_tag":[],"class_list":{"0":"post-110353","1":"product","2":"type-product","3":"status-publish","4":"has-post-thumbnail","6":"product_cat-akilli-saatler-akilli-saatler","8":"first","9":"instock","10":"purchasable","11":"product-type-simple","12":"entry","13":"content-bg","14":"loop-entry"},"_links":{"self":[{"href":"https:\/\/www.hediyepazar.com\/index.php?rest_route=\/wp\/v2\/product\/110353","targetHints":{"allow":["GET"]}}],"collection":[{"href":"https:\/\/www.hediyepazar.com\/index.php?rest_route=\/wp\/v2\/product"}],"about":[{"href":"https:\/\/www.hediyepazar.com\/index.php?rest_route=\/wp\/v2\/types\/product"}],"replies":[{"embeddable":true,"href":"https:\/\/www.hediyepazar.com\/index.php?rest_route=%2Fwp%2Fv2%2Fcomments&post=110353"}],"wp:featuredmedia":[{"embeddable":true,"href":"https:\/\/www.hediyepazar.com\/index.php?rest_route=\/wp\/v2\/media\/110352"}],"wp:attachment":[{"href":"https:\/\/www.hediyepazar.com\/index.php?rest_route=%2Fwp%2Fv2%2Fmedia&parent=110353"}],"wp:term":[{"taxonomy":"product_brand","embeddable":true,"href":"https:\/\/www.hediyepazar.com\/index.php?rest_route=%2Fwp%2Fv2%2Fproduct_brand&post=110353"},{"taxonomy":"product_cat","embeddable":true,"href":"https:\/\/www.hediyepazar.com\/index.php?rest_route=%2Fwp%2Fv2%2Fproduct_cat&post=110353"},{"taxonomy":"product_tag","embeddable":true,"href":"https:\/\/www.hediyepazar.com\/index.php?rest_route=%2Fwp%2Fv2%2Fproduct_tag&post=110353"}],"curies":[{"name":"wp","href":"https:\/\/api.w.org\/{rel}","templated":true}]}}