{"id":110455,"date":"2026-05-05T04:40:57","date_gmt":"2026-05-05T07:40:57","guid":{"rendered":"https:\/\/www.hediyepazar.com\/?product=akilli-saat-bileklik-hediyeli-uzun-pil-omru-gps-takibi"},"modified":"2026-05-05T04:40:57","modified_gmt":"2026-05-05T07:40:57","slug":"akilli-saat-bileklik-hediyeli-uzun-pil-omru-gps-takibi","status":"publish","type":"product","link":"https:\/\/www.hediyepazar.com\/?product=akilli-saat-bileklik-hediyeli-uzun-pil-omru-gps-takibi","title":{"rendered":"Ak\u0131ll\u0131 Saat Bileklik Hediyeli Uzun Pil \u00d6mr\u00fc GPS Takibi"},"content":{"rendered":"<p>Uzun Pil \u00d6mr\u00fc (2000-3000 mAh): Y\u00fcksek kapasiteli bataryas\u0131 sayesinde g\u00fcn boyunca \u015farj endi\u015fesi olmadan t\u00fcm \u00f6zellikleri kullanabilirsiniz. Rose Gold Kasa \u015e\u0131kl\u0131\u011f\u0131: Modern ve zarif rose gold tasar\u0131m\u0131yla g\u00fcnl\u00fck ve \u00f6zel kombinlerinizi tamamlar. Ad\u0131msayar ve Kalori Takibi: G\u00fcnl\u00fck aktivitelerinizi izleyin, yak\u0131lan kaloriyi hesaplayarak fitness hedeflerinize ula\u015f\u0131n. Uyku \u0130zleme Fonksiyonu: Uyku d\u00fczeninizi analiz ederek daha kaliteli bir uyku deneyimi i\u00e7in \u00f6nerilerde bulunur. Nab\u0131z ve Sa\u011fl\u0131k Sens\u00f6rleri: Kalp at\u0131\u015f h\u0131z\u0131n\u0131z\u0131 anl\u0131k olarak takip ederek sa\u011fl\u0131\u011f\u0131n\u0131z\u0131 izler ve kay\u0131t alt\u0131na al\u0131r. Hassas GPS Teknolojisi: Konumunuzu do\u011fru bir \u015fekilde belirler ve a\u00e7\u0131k hava sporlar\u0131nda y\u00f6n bulman\u0131z\u0131 kolayla\u015ft\u0131r\u0131r. Bluetooth Arama \u00d6zelli\u011fi: Ak\u0131ll\u0131 saatiniz \u00fczerinden gelen aramalar\u0131 cevaplayabilir, eller serbest bir ileti\u015fim deneyimi ya\u015fayabilirsiniz. Titre\u015fim Bildirimleri: Gelen \u00e7a\u011fr\u0131, mesaj ve uygulama uyar\u0131lar\u0131n\u0131 sessiz ve etkili bir \u015fekilde al\u0131n.Sa\u011fl\u0131k takibi, spor izleme ve g\u00fcnl\u00fck kullan\u0131m i\u00e7in ideal olan bu ak\u0131ll\u0131 saat, zarif tasar\u0131m\u0131yla teknoloji ve esteti\u011fi bir araya getiriyor.<\/p>\n","protected":false},"excerpt":{"rendered":"<p>Uzun Pil \u00d6mr\u00fc (2000-3000 mAh): Y\u00fcksek kapasiteli bataryas\u0131 sayesinde g\u00fcn boyunca \u015farj endi\u015fesi olmadan t\u00fcm \u00f6zellikleri kullanabilirsiniz. Rose Gold Kasa \u015e\u0131kl\u0131\u011f\u0131: Modern ve zarif rose gold tasar\u0131m\u0131yla g\u00fcnl\u00fck ve \u00f6zel kombinlerinizi tamamlar. Ad\u0131msayar ve Kalori Takibi: G\u00fcnl\u00fck aktivitelerinizi izleyin, yak\u0131lan kaloriyi hesaplayarak fitness hedeflerinize ula\u015f\u0131n. Uyku \u0130zleme Fonksiyonu: Uyku d\u00fczeninizi analiz ederek daha kaliteli bir&#8230;<\/p>\n","protected":false},"featured_media":110454,"comment_status":"open","ping_status":"closed","template":"","meta":{"_kad_post_transparent":"","_kad_post_title":"","_kad_post_layout":"","_kad_post_sidebar_id":"","_kad_post_content_style":"","_kad_post_vertical_padding":"","_kad_post_feature":"","_kad_post_feature_position":"","_kad_post_header":false,"_kad_post_footer":false,"_kad_post_classname":""},"product_brand":[],"product_cat":[14935],"product_tag":[],"class_list":{"0":"post-110455","1":"product","2":"type-product","3":"status-publish","4":"has-post-thumbnail","6":"product_cat-akilli-saatler-akilli-saatler","8":"first","9":"instock","10":"purchasable","11":"product-type-simple","12":"entry","13":"content-bg","14":"loop-entry"},"_links":{"self":[{"href":"https:\/\/www.hediyepazar.com\/index.php?rest_route=\/wp\/v2\/product\/110455","targetHints":{"allow":["GET"]}}],"collection":[{"href":"https:\/\/www.hediyepazar.com\/index.php?rest_route=\/wp\/v2\/product"}],"about":[{"href":"https:\/\/www.hediyepazar.com\/index.php?rest_route=\/wp\/v2\/types\/product"}],"replies":[{"embeddable":true,"href":"https:\/\/www.hediyepazar.com\/index.php?rest_route=%2Fwp%2Fv2%2Fcomments&post=110455"}],"wp:featuredmedia":[{"embeddable":true,"href":"https:\/\/www.hediyepazar.com\/index.php?rest_route=\/wp\/v2\/media\/110454"}],"wp:attachment":[{"href":"https:\/\/www.hediyepazar.com\/index.php?rest_route=%2Fwp%2Fv2%2Fmedia&parent=110455"}],"wp:term":[{"taxonomy":"product_brand","embeddable":true,"href":"https:\/\/www.hediyepazar.com\/index.php?rest_route=%2Fwp%2Fv2%2Fproduct_brand&post=110455"},{"taxonomy":"product_cat","embeddable":true,"href":"https:\/\/www.hediyepazar.com\/index.php?rest_route=%2Fwp%2Fv2%2Fproduct_cat&post=110455"},{"taxonomy":"product_tag","embeddable":true,"href":"https:\/\/www.hediyepazar.com\/index.php?rest_route=%2Fwp%2Fv2%2Fproduct_tag&post=110455"}],"curies":[{"name":"wp","href":"https:\/\/api.w.org\/{rel}","templated":true}]}}