{"id":110519,"date":"2026-05-05T04:47:05","date_gmt":"2026-05-05T07:47:05","guid":{"rendered":"https:\/\/www.hediyepazar.com\/?product=aynali-bluetooth-kulaklik-telefon-standli-dijital-gostergeli"},"modified":"2026-05-05T04:47:05","modified_gmt":"2026-05-05T07:47:05","slug":"aynali-bluetooth-kulaklik-telefon-standli-dijital-gostergeli","status":"publish","type":"product","link":"https:\/\/www.hediyepazar.com\/?product=aynali-bluetooth-kulaklik-telefon-standli-dijital-gostergeli","title":{"rendered":"Aynal\u0131 Bluetooth Kulakl\u0131k Telefon Standl\u0131 Dijital G\u00f6stergeli"},"content":{"rendered":"<p>\u00c7ift Dijital G\u00f6sterge ve Uzun Pil \u00d6mr\u00fc ile Bluetooth Kulakl\u0131kBu Bluetooth kulakl\u0131k, \u00fcst\u00fcn \u00f6zellikleriyle m\u00fczik dinlerken ve telefon g\u00f6r\u00fc\u015fmelerinde kesintisiz bir deneyim sunar. \u00c7ift dijital g\u00f6sterge, her iki kulakl\u0131\u011f\u0131n da pil seviyesini kolayca takip etmenizi sa\u011flar, b\u00f6ylece kulakl\u0131klar\u0131n\u0131z\u0131 her zaman tam dolu tutabilirsiniz. 5-6 g\u00fcn s\u00fcren uzun \u015farj \u00f6mr\u00fc, yo\u011fun kullan\u0131mda bile sizi yar\u0131 yolda b\u0131rakmaz.Geli\u015fmi\u015f G\u00fcr\u00fclt\u00fc \u00d6nleyici TeknolojiG\u00fcr\u00fclt\u00fc \u00f6nleyici \u00f6zelli\u011fi sayesinde d\u0131\u015f ortam\u0131n sesleri engellenir ve sesli g\u00f6r\u00fc\u015fmelerde netlik artar. Bu \u00f6zellik, konu\u015fmalar\u0131n\u0131z\u0131n her detay\u0131n\u0131n net bir \u015fekilde kar\u015f\u0131 tarafa gitmesini sa\u011flar. Kulakl\u0131klar, \u00f6zellikle g\u00fcr\u00fclt\u00fcl\u00fc ortamlarda etkili bir \u015fekilde \u00e7al\u0131\u015f\u0131r ve sizi daha rahat ileti\u015fim kurmaya te\u015fvik eder.G\u00fc\u00e7l\u00fc Bass ve IPX5 Suya Dayan\u0131kl\u0131G\u00fc\u00e7lendirilmi\u015f bass \u00f6zelli\u011fi, m\u00fczik dinlerken zengin ve derin sesler sunar. Ayr\u0131ca, IPX5 suya dayan\u0131kl\u0131l\u0131k derecesi ile kulakl\u0131klar, terlemeye veya ya\u011fmura kar\u015f\u0131 korumal\u0131d\u0131r. Spor yaparken veya ya\u011f\u0131\u015fl\u0131 havalarda bile rahat\u00e7a kullan\u0131labilir.Kolay Kullan\u0131m ve H\u0131zl\u0131 \u015earjBluetooth 5.0 teknolojisi, h\u0131zl\u0131 ve kesintisiz ba\u011flant\u0131 sa\u011flar, 10 metreye kadar iletim mesafesi sunar. \u015earj kutusuyla birlikte gelen bu kulakl\u0131klar, yaln\u0131zca 4.5 saatlik bir \u015farj s\u00fcresiyle h\u0131zl\u0131 bir \u015fekilde kullan\u0131labilir. Ayr\u0131ca, \u015farj kutusu 2000mAh kapasitesiyle, kulakl\u0131klar\u0131 birka\u00e7 kez \u015farj etme imkan\u0131 sunar. Paket i\u00e7eri\u011fi; 2 Bluetooth kulakl\u0131k, 1 \u015farj kutusu, 1 \u015farj kablosu ve 1 kullan\u0131m k\u0131lavuzu ile birlikte gelir.<\/p>\n","protected":false},"excerpt":{"rendered":"<p>\u00c7ift Dijital G\u00f6sterge ve Uzun Pil \u00d6mr\u00fc ile Bluetooth Kulakl\u0131kBu Bluetooth kulakl\u0131k, \u00fcst\u00fcn \u00f6zellikleriyle m\u00fczik dinlerken ve telefon g\u00f6r\u00fc\u015fmelerinde kesintisiz bir deneyim sunar. \u00c7ift dijital g\u00f6sterge, her iki kulakl\u0131\u011f\u0131n da pil seviyesini kolayca takip etmenizi sa\u011flar, b\u00f6ylece kulakl\u0131klar\u0131n\u0131z\u0131 her zaman tam dolu tutabilirsiniz. 5-6 g\u00fcn s\u00fcren uzun \u015farj \u00f6mr\u00fc, yo\u011fun kullan\u0131mda bile sizi yar\u0131 yolda&#8230;<\/p>\n","protected":false},"featured_media":110518,"comment_status":"open","ping_status":"closed","template":"","meta":{"_kad_post_transparent":"","_kad_post_title":"","_kad_post_layout":"","_kad_post_sidebar_id":"","_kad_post_content_style":"","_kad_post_vertical_padding":"","_kad_post_feature":"","_kad_post_feature_position":"","_kad_post_header":false,"_kad_post_footer":false,"_kad_post_classname":""},"product_brand":[],"product_cat":[14957],"product_tag":[],"class_list":{"0":"post-110519","1":"product","2":"type-product","3":"status-publish","4":"has-post-thumbnail","6":"product_cat-kablosuz-kulaklik-kablosuz-kulaklik","8":"first","9":"instock","10":"purchasable","11":"product-type-simple","12":"entry","13":"content-bg","14":"loop-entry"},"_links":{"self":[{"href":"https:\/\/www.hediyepazar.com\/index.php?rest_route=\/wp\/v2\/product\/110519","targetHints":{"allow":["GET"]}}],"collection":[{"href":"https:\/\/www.hediyepazar.com\/index.php?rest_route=\/wp\/v2\/product"}],"about":[{"href":"https:\/\/www.hediyepazar.com\/index.php?rest_route=\/wp\/v2\/types\/product"}],"replies":[{"embeddable":true,"href":"https:\/\/www.hediyepazar.com\/index.php?rest_route=%2Fwp%2Fv2%2Fcomments&post=110519"}],"wp:featuredmedia":[{"embeddable":true,"href":"https:\/\/www.hediyepazar.com\/index.php?rest_route=\/wp\/v2\/media\/110518"}],"wp:attachment":[{"href":"https:\/\/www.hediyepazar.com\/index.php?rest_route=%2Fwp%2Fv2%2Fmedia&parent=110519"}],"wp:term":[{"taxonomy":"product_brand","embeddable":true,"href":"https:\/\/www.hediyepazar.com\/index.php?rest_route=%2Fwp%2Fv2%2Fproduct_brand&post=110519"},{"taxonomy":"product_cat","embeddable":true,"href":"https:\/\/www.hediyepazar.com\/index.php?rest_route=%2Fwp%2Fv2%2Fproduct_cat&post=110519"},{"taxonomy":"product_tag","embeddable":true,"href":"https:\/\/www.hediyepazar.com\/index.php?rest_route=%2Fwp%2Fv2%2Fproduct_tag&post=110519"}],"curies":[{"name":"wp","href":"https:\/\/api.w.org\/{rel}","templated":true}]}}