{"id":110589,"date":"2026-05-05T04:53:22","date_gmt":"2026-05-05T07:53:22","guid":{"rendered":"https:\/\/www.hediyepazar.com\/?product=kulak-ustu-tf-kart-ve-aux-destekli-ergonomik-bluetooth-kulaklik"},"modified":"2026-05-05T04:53:22","modified_gmt":"2026-05-05T07:53:22","slug":"kulak-ustu-tf-kart-ve-aux-destekli-ergonomik-bluetooth-kulaklik","status":"publish","type":"product","link":"https:\/\/www.hediyepazar.com\/?product=kulak-ustu-tf-kart-ve-aux-destekli-ergonomik-bluetooth-kulaklik","title":{"rendered":"Kulak \u00dcst\u00fc TF Kart ve AUX Destekli Ergonomik Bluetooth Kulakl\u0131k"},"content":{"rendered":"<p>P47 Wireless Bluetooth Kulakl\u0131k, modern kullan\u0131c\u0131lar\u0131n ihtiya\u00e7lar\u0131n\u0131 kar\u015f\u0131lamak \u00fczere tasarlanm\u0131\u015ft\u0131r. Bluetooth 5.0 teknolojisi, h\u0131zl\u0131 e\u015fle\u015fme ve kararl\u0131 ba\u011flant\u0131 sa\u011flar. G\u00fc\u00e7l\u00fc ekstra bass \u00f6zelli\u011fi, m\u00fcziklerdeki her detay\u0131 hissetmenizi m\u00fcmk\u00fcn k\u0131lar. TF kart ve SD kart deste\u011fi sayesinde m\u00fcziklerinizi do\u011frudan kulakl\u0131\u011f\u0131n\u0131za y\u00fckleyebilir ve telefon ba\u011f\u0131ml\u0131l\u0131\u011f\u0131n\u0131 ortadan kald\u0131rabilirsiniz.3.5 mm stereo jack giri\u015fine sahip AUX ba\u011flant\u0131 se\u00e7ene\u011fi, t\u00fcm cihazlarla uyumluluk sa\u011flar ve esneklik sunar. Ayarlanabilir kafa band\u0131 ve kulak \u00fcst\u00fc tasar\u0131m\u0131, her ya\u015ftan kullan\u0131c\u0131 i\u00e7in m\u00fckemmel uyum sa\u011flar. Telefonla g\u00f6r\u00fc\u015fme \u00f6zelli\u011fi sayesinde hareket halindeyken bile ileti\u015fimde kalabilirsiniz. \u015earj edilebilir pil, uzun s\u00fcreli kullan\u0131m avantaj\u0131 sunar ve yakla\u015f\u0131k 10 metre ba\u011flant\u0131 mesafesi ile \u00f6zg\u00fcrl\u00fc\u011f\u00fcn\u00fcz\u00fc k\u0131s\u0131tlamaz.Kutu i\u00e7eri\u011finde bir adet \u015farj kablosu bulunur. Suya ve tere dayan\u0131kl\u0131 yap\u0131s\u0131, spor yaparken ya da g\u00fcnl\u00fck aktivitelerinizde g\u00fcvenle kullanabilece\u011finiz bir \u00e7\u00f6z\u00fcm sunar. P47 Bluetooth Kulakl\u0131k, g\u00fc\u00e7l\u00fc performans, dayan\u0131kl\u0131l\u0131k ve modern tasar\u0131m\u0131 bir araya getirerek her an\u0131n\u0131za e\u015flik eder.<\/p>\n","protected":false},"excerpt":{"rendered":"<p>P47 Wireless Bluetooth Kulakl\u0131k, modern kullan\u0131c\u0131lar\u0131n ihtiya\u00e7lar\u0131n\u0131 kar\u015f\u0131lamak \u00fczere tasarlanm\u0131\u015ft\u0131r. Bluetooth 5.0 teknolojisi, h\u0131zl\u0131 e\u015fle\u015fme ve kararl\u0131 ba\u011flant\u0131 sa\u011flar. G\u00fc\u00e7l\u00fc ekstra bass \u00f6zelli\u011fi, m\u00fcziklerdeki her detay\u0131 hissetmenizi m\u00fcmk\u00fcn k\u0131lar. TF kart ve SD kart deste\u011fi sayesinde m\u00fcziklerinizi do\u011frudan kulakl\u0131\u011f\u0131n\u0131za y\u00fckleyebilir ve telefon ba\u011f\u0131ml\u0131l\u0131\u011f\u0131n\u0131 ortadan kald\u0131rabilirsiniz.3.5 mm stereo jack giri\u015fine sahip AUX ba\u011flant\u0131 se\u00e7ene\u011fi, t\u00fcm cihazlarla&#8230;<\/p>\n","protected":false},"featured_media":110588,"comment_status":"open","ping_status":"closed","template":"","meta":{"_kad_post_transparent":"","_kad_post_title":"","_kad_post_layout":"","_kad_post_sidebar_id":"","_kad_post_content_style":"","_kad_post_vertical_padding":"","_kad_post_feature":"","_kad_post_feature_position":"","_kad_post_header":false,"_kad_post_footer":false,"_kad_post_classname":""},"product_brand":[],"product_cat":[14957],"product_tag":[],"class_list":{"0":"post-110589","1":"product","2":"type-product","3":"status-publish","4":"has-post-thumbnail","6":"product_cat-kablosuz-kulaklik-kablosuz-kulaklik","8":"first","9":"instock","10":"purchasable","11":"product-type-simple","12":"entry","13":"content-bg","14":"loop-entry"},"_links":{"self":[{"href":"https:\/\/www.hediyepazar.com\/index.php?rest_route=\/wp\/v2\/product\/110589","targetHints":{"allow":["GET"]}}],"collection":[{"href":"https:\/\/www.hediyepazar.com\/index.php?rest_route=\/wp\/v2\/product"}],"about":[{"href":"https:\/\/www.hediyepazar.com\/index.php?rest_route=\/wp\/v2\/types\/product"}],"replies":[{"embeddable":true,"href":"https:\/\/www.hediyepazar.com\/index.php?rest_route=%2Fwp%2Fv2%2Fcomments&post=110589"}],"wp:featuredmedia":[{"embeddable":true,"href":"https:\/\/www.hediyepazar.com\/index.php?rest_route=\/wp\/v2\/media\/110588"}],"wp:attachment":[{"href":"https:\/\/www.hediyepazar.com\/index.php?rest_route=%2Fwp%2Fv2%2Fmedia&parent=110589"}],"wp:term":[{"taxonomy":"product_brand","embeddable":true,"href":"https:\/\/www.hediyepazar.com\/index.php?rest_route=%2Fwp%2Fv2%2Fproduct_brand&post=110589"},{"taxonomy":"product_cat","embeddable":true,"href":"https:\/\/www.hediyepazar.com\/index.php?rest_route=%2Fwp%2Fv2%2Fproduct_cat&post=110589"},{"taxonomy":"product_tag","embeddable":true,"href":"https:\/\/www.hediyepazar.com\/index.php?rest_route=%2Fwp%2Fv2%2Fproduct_tag&post=110589"}],"curies":[{"name":"wp","href":"https:\/\/api.w.org\/{rel}","templated":true}]}}