{"id":110661,"date":"2026-05-05T05:07:25","date_gmt":"2026-05-05T08:07:25","guid":{"rendered":"https:\/\/www.hediyepazar.com\/?product=usb-ve-kablosuz-baglanti-ozellikli-5000-saat-ampul-omurlu-projeksiyon"},"modified":"2026-05-05T05:07:25","modified_gmt":"2026-05-05T08:07:25","slug":"usb-ve-kablosuz-baglanti-ozellikli-5000-saat-ampul-omurlu-projeksiyon","status":"publish","type":"product","link":"https:\/\/www.hediyepazar.com\/?product=usb-ve-kablosuz-baglanti-ozellikli-5000-saat-ampul-omurlu-projeksiyon","title":{"rendered":"USB ve Kablosuz Ba\u011flant\u0131 \u00d6zellikli 5000 Saat Ampul \u00d6m\u00fcrl\u00fc Projeksiyon"},"content":{"rendered":"<p>Sinema salonunu evinize getiren bu projeksiyon cihaz\u0131, Full HD g\u00f6r\u00fcnt\u00fc kalitesi ve 130 in\u00e7 geni\u015f ekran deste\u011fiyle izleme keyfinizi yeniden tan\u0131ml\u0131yor. 4K uyumlulu\u011fu sayesinde en yeni teknolojileri desteklerken, 160 ANSI l\u00fcmen parlakl\u0131k, karanl\u0131k ve ayd\u0131nl\u0131k ortamlarda net bir g\u00f6r\u00fcnt\u00fc sa\u011flar. Kablosuz g\u00f6r\u00fcnt\u00fc aktar\u0131m \u00f6zelli\u011fi ile telefon, tablet veya bilgisayardan kolayca i\u00e7erik aktarabilirsiniz.\u2022 Sinema Keyfi Evde: 130 in\u00e7 ekran boyutu ile her filmi sinema salonunda izliyormu\u015f gibi hissedin.\u2022 Full HD \u00c7\u00f6z\u00fcn\u00fcrl\u00fck ve 4K Uyumluluk: G\u00f6z al\u0131c\u0131 g\u00f6r\u00fcnt\u00fc kalitesi i\u00e7in \u00fcst\u00fcn \u00e7\u00f6z\u00fcn\u00fcrl\u00fck.\u2022 Kablosuz G\u00f6r\u00fcnt\u00fc Aktar\u0131m\u0131: Mobil cihazlardan i\u00e7eriklerinizi kolayca aktar\u0131n.\u2022 Dayan\u0131kl\u0131 ve Uzun \u00d6m\u00fcrl\u00fc: 5000 saat ampul \u00f6mr\u00fc ile y\u0131llar boyunca kullan\u0131m imkan\u0131.\u2022 Ba\u011flant\u0131 Kolayl\u0131\u011f\u0131: HDMI ve USB ba\u011flant\u0131 se\u00e7enekleri ile esnek kullan\u0131m.Bu cihaz, hem ev sinemas\u0131 keyfi ya\u015famak isteyenler hem de sunum ve toplant\u0131larda profesyonel bir \u00e7\u00f6z\u00fcm arayanlar i\u00e7in tasarland\u0131.<\/p>\n","protected":false},"excerpt":{"rendered":"<p>Sinema salonunu evinize getiren bu projeksiyon cihaz\u0131, Full HD g\u00f6r\u00fcnt\u00fc kalitesi ve 130 in\u00e7 geni\u015f ekran deste\u011fiyle izleme keyfinizi yeniden tan\u0131ml\u0131yor. 4K uyumlulu\u011fu sayesinde en yeni teknolojileri desteklerken, 160 ANSI l\u00fcmen parlakl\u0131k, karanl\u0131k ve ayd\u0131nl\u0131k ortamlarda net bir g\u00f6r\u00fcnt\u00fc sa\u011flar. Kablosuz g\u00f6r\u00fcnt\u00fc aktar\u0131m \u00f6zelli\u011fi ile telefon, tablet veya bilgisayardan kolayca i\u00e7erik aktarabilirsiniz.\u2022 Sinema Keyfi Evde:&#8230;<\/p>\n","protected":false},"featured_media":110660,"comment_status":"open","ping_status":"closed","template":"","meta":{"_kad_post_transparent":"","_kad_post_title":"","_kad_post_layout":"","_kad_post_sidebar_id":"","_kad_post_content_style":"","_kad_post_vertical_padding":"","_kad_post_feature":"","_kad_post_feature_position":"","_kad_post_header":false,"_kad_post_footer":false,"_kad_post_classname":""},"product_brand":[],"product_cat":[14905],"product_tag":[],"class_list":{"0":"post-110661","1":"product","2":"type-product","3":"status-publish","4":"has-post-thumbnail","6":"product_cat-projeksiyon-projeksiyon","8":"first","9":"instock","10":"purchasable","11":"product-type-simple","12":"entry","13":"content-bg","14":"loop-entry"},"_links":{"self":[{"href":"https:\/\/www.hediyepazar.com\/index.php?rest_route=\/wp\/v2\/product\/110661","targetHints":{"allow":["GET"]}}],"collection":[{"href":"https:\/\/www.hediyepazar.com\/index.php?rest_route=\/wp\/v2\/product"}],"about":[{"href":"https:\/\/www.hediyepazar.com\/index.php?rest_route=\/wp\/v2\/types\/product"}],"replies":[{"embeddable":true,"href":"https:\/\/www.hediyepazar.com\/index.php?rest_route=%2Fwp%2Fv2%2Fcomments&post=110661"}],"wp:featuredmedia":[{"embeddable":true,"href":"https:\/\/www.hediyepazar.com\/index.php?rest_route=\/wp\/v2\/media\/110660"}],"wp:attachment":[{"href":"https:\/\/www.hediyepazar.com\/index.php?rest_route=%2Fwp%2Fv2%2Fmedia&parent=110661"}],"wp:term":[{"taxonomy":"product_brand","embeddable":true,"href":"https:\/\/www.hediyepazar.com\/index.php?rest_route=%2Fwp%2Fv2%2Fproduct_brand&post=110661"},{"taxonomy":"product_cat","embeddable":true,"href":"https:\/\/www.hediyepazar.com\/index.php?rest_route=%2Fwp%2Fv2%2Fproduct_cat&post=110661"},{"taxonomy":"product_tag","embeddable":true,"href":"https:\/\/www.hediyepazar.com\/index.php?rest_route=%2Fwp%2Fv2%2Fproduct_tag&post=110661"}],"curies":[{"name":"wp","href":"https:\/\/api.w.org\/{rel}","templated":true}]}}