{"id":110681,"date":"2026-05-05T05:09:06","date_gmt":"2026-05-05T08:09:06","guid":{"rendered":"https:\/\/www.hediyepazar.com\/?product=bluetooth-baglantili-nabiz-kan-basinci-oksijen-olcer-akilli-saat"},"modified":"2026-05-05T05:09:06","modified_gmt":"2026-05-05T08:09:06","slug":"bluetooth-baglantili-nabiz-kan-basinci-oksijen-olcer-akilli-saat","status":"publish","type":"product","link":"https:\/\/www.hediyepazar.com\/?product=bluetooth-baglantili-nabiz-kan-basinci-oksijen-olcer-akilli-saat","title":{"rendered":"Bluetooth Ba\u011flant\u0131l\u0131 Nab\u0131z Kan Bas\u0131nc\u0131 Oksijen \u00d6l\u00e7er Ak\u0131ll\u0131 Saat"},"content":{"rendered":"<p>Bu \u00e7ok i\u015flevli ak\u0131ll\u0131 saat, sa\u011fl\u0131\u011f\u0131n\u0131z\u0131 ve g\u00fcnl\u00fck aktivitelerinizi kolayca takip etmeniz i\u00e7in tasarland\u0131. Bluetooth ba\u011flant\u0131s\u0131 sayesinde cep telefonunuzla senkronize \u00e7al\u0131\u015f\u0131r ve size benzersiz bir kullan\u0131m deneyimi sunar. Kalp at\u0131\u015f\u0131 h\u0131z\u0131, kan bas\u0131nc\u0131, kandaki oksijen seviyesi \u00f6l\u00e7\u00fcm\u00fc gibi sa\u011fl\u0131k izleme \u00f6zellikleri ile her an sa\u011fl\u0131\u011f\u0131n\u0131z\u0131 kontrol alt\u0131nda tutabilirsiniz. Ad\u0131msayar, spor kalori takibi, egzersiz mesafesi kayd\u0131 ve uyku izleme gibi detayl\u0131 spor ve aktivite fonksiyonlar\u0131yla g\u00fcn boyu performans\u0131n\u0131z\u0131 analiz edebilirsiniz.Ekstra \u00f6zellikler aras\u0131nda cep telefonu bulma, iki y\u00f6nl\u00fc arama, m\u00fczik dinleme, \u00e7a\u011fr\u0131 hat\u0131rlatma ve titre\u015fimli \u00e7alar saat bulunmaktad\u0131r. Ayr\u0131ca kronometre, hava durumu takibi, arama kayd\u0131, rehber, tema de\u011fi\u015ftirme ve sesli asistan \u00f6zellikleri ile g\u00fcnl\u00fck hayat\u0131n\u0131z\u0131 kolayla\u015ft\u0131r\u0131r. Dokunmatik ekran ve kablosuz \u015farj deste\u011fi sayesinde hem \u015f\u0131k hem de pratik bir kullan\u0131m sunar.Sa\u011fl\u0131kl\u0131 bir ya\u015fam tarz\u0131n\u0131 benimseyenler i\u00e7in ideal olan bu ak\u0131ll\u0131 saat, stil ve fonksiyonelli\u011fi bir araya getirerek teknolojiye olan bak\u0131\u015f\u0131n\u0131z\u0131 de\u011fi\u015ftirecek!<\/p>\n","protected":false},"excerpt":{"rendered":"<p>Bu \u00e7ok i\u015flevli ak\u0131ll\u0131 saat, sa\u011fl\u0131\u011f\u0131n\u0131z\u0131 ve g\u00fcnl\u00fck aktivitelerinizi kolayca takip etmeniz i\u00e7in tasarland\u0131. Bluetooth ba\u011flant\u0131s\u0131 sayesinde cep telefonunuzla senkronize \u00e7al\u0131\u015f\u0131r ve size benzersiz bir kullan\u0131m deneyimi sunar. Kalp at\u0131\u015f\u0131 h\u0131z\u0131, kan bas\u0131nc\u0131, kandaki oksijen seviyesi \u00f6l\u00e7\u00fcm\u00fc gibi sa\u011fl\u0131k izleme \u00f6zellikleri ile her an sa\u011fl\u0131\u011f\u0131n\u0131z\u0131 kontrol alt\u0131nda tutabilirsiniz. Ad\u0131msayar, spor kalori takibi, egzersiz mesafesi kayd\u0131&#8230;<\/p>\n","protected":false},"featured_media":110680,"comment_status":"open","ping_status":"closed","template":"","meta":{"_kad_post_transparent":"","_kad_post_title":"","_kad_post_layout":"","_kad_post_sidebar_id":"","_kad_post_content_style":"","_kad_post_vertical_padding":"","_kad_post_feature":"","_kad_post_feature_position":"","_kad_post_header":false,"_kad_post_footer":false,"_kad_post_classname":""},"product_brand":[],"product_cat":[14935],"product_tag":[],"class_list":{"0":"post-110681","1":"product","2":"type-product","3":"status-publish","4":"has-post-thumbnail","6":"product_cat-akilli-saatler-akilli-saatler","8":"first","9":"instock","10":"purchasable","11":"product-type-simple","12":"entry","13":"content-bg","14":"loop-entry"},"_links":{"self":[{"href":"https:\/\/www.hediyepazar.com\/index.php?rest_route=\/wp\/v2\/product\/110681","targetHints":{"allow":["GET"]}}],"collection":[{"href":"https:\/\/www.hediyepazar.com\/index.php?rest_route=\/wp\/v2\/product"}],"about":[{"href":"https:\/\/www.hediyepazar.com\/index.php?rest_route=\/wp\/v2\/types\/product"}],"replies":[{"embeddable":true,"href":"https:\/\/www.hediyepazar.com\/index.php?rest_route=%2Fwp%2Fv2%2Fcomments&post=110681"}],"wp:featuredmedia":[{"embeddable":true,"href":"https:\/\/www.hediyepazar.com\/index.php?rest_route=\/wp\/v2\/media\/110680"}],"wp:attachment":[{"href":"https:\/\/www.hediyepazar.com\/index.php?rest_route=%2Fwp%2Fv2%2Fmedia&parent=110681"}],"wp:term":[{"taxonomy":"product_brand","embeddable":true,"href":"https:\/\/www.hediyepazar.com\/index.php?rest_route=%2Fwp%2Fv2%2Fproduct_brand&post=110681"},{"taxonomy":"product_cat","embeddable":true,"href":"https:\/\/www.hediyepazar.com\/index.php?rest_route=%2Fwp%2Fv2%2Fproduct_cat&post=110681"},{"taxonomy":"product_tag","embeddable":true,"href":"https:\/\/www.hediyepazar.com\/index.php?rest_route=%2Fwp%2Fv2%2Fproduct_tag&post=110681"}],"curies":[{"name":"wp","href":"https:\/\/api.w.org\/{rel}","templated":true}]}}