{"id":110705,"date":"2026-05-05T05:12:15","date_gmt":"2026-05-05T08:12:15","guid":{"rendered":"https:\/\/www.hediyepazar.com\/?product=kompakt-ve-hafif-elektriklenme-karsiti-mini-sac-duzlestirici"},"modified":"2026-05-05T05:12:15","modified_gmt":"2026-05-05T08:12:15","slug":"kompakt-ve-hafif-elektriklenme-karsiti-mini-sac-duzlestirici","status":"publish","type":"product","link":"https:\/\/www.hediyepazar.com\/?product=kompakt-ve-hafif-elektriklenme-karsiti-mini-sac-duzlestirici","title":{"rendered":"Kompakt ve Hafif: Elektriklenme Kar\u015f\u0131t\u0131 Mini Sa\u00e7 D\u00fczle\u015ftirici"},"content":{"rendered":"<p>Mini ve G\u00fc\u00e7l\u00fc: Seyahatlerinizde de \u015e\u0131kl\u0131\u011f\u0131n\u0131zdan \u00d6d\u00fcn VermeyinKompakt boyutlar\u0131 (16 cm) ve hafif tasar\u0131m\u0131 ile dikkat \u00e7eken bu seramik kaplama sa\u00e7 d\u00fczle\u015ftirici, \u00e7antan\u0131zda ta\u015f\u0131maya uygun ve kullan\u0131m\u0131 olduk\u00e7a kolayd\u0131r. Elektriklenme ve y\u0131pranmaya kar\u015f\u0131 \u00f6zel kaplamas\u0131, sa\u00e7lar\u0131n\u0131z\u0131n daha sa\u011fl\u0131kl\u0131 g\u00f6r\u00fcnmesini sa\u011flar. 180\u00b0C\u2019ye kadar h\u0131zl\u0131ca \u0131s\u0131nabilen cihaz, k\u0131sa s\u00fcrede etkili sonu\u00e7lar elde etmenizi sa\u011flar. G\u00fcnl\u00fck hayatta ya da seyahatte, her an kusursuz d\u00fcz sa\u00e7lara kavu\u015fman\u0131z i\u00e7in tasarlanm\u0131\u015ft\u0131r.<\/p>\n","protected":false},"excerpt":{"rendered":"<p>Mini ve G\u00fc\u00e7l\u00fc: Seyahatlerinizde de \u015e\u0131kl\u0131\u011f\u0131n\u0131zdan \u00d6d\u00fcn VermeyinKompakt boyutlar\u0131 (16 cm) ve hafif tasar\u0131m\u0131 ile dikkat \u00e7eken bu seramik kaplama sa\u00e7 d\u00fczle\u015ftirici, \u00e7antan\u0131zda ta\u015f\u0131maya uygun ve kullan\u0131m\u0131 olduk\u00e7a kolayd\u0131r. Elektriklenme ve y\u0131pranmaya kar\u015f\u0131 \u00f6zel kaplamas\u0131, sa\u00e7lar\u0131n\u0131z\u0131n daha sa\u011fl\u0131kl\u0131 g\u00f6r\u00fcnmesini sa\u011flar. 180\u00b0C\u2019ye kadar h\u0131zl\u0131ca \u0131s\u0131nabilen cihaz, k\u0131sa s\u00fcrede etkili sonu\u00e7lar elde etmenizi sa\u011flar. G\u00fcnl\u00fck hayatta ya&#8230;<\/p>\n","protected":false},"featured_media":110704,"comment_status":"open","ping_status":"closed","template":"","meta":{"_kad_post_transparent":"","_kad_post_title":"","_kad_post_layout":"","_kad_post_sidebar_id":"","_kad_post_content_style":"","_kad_post_vertical_padding":"","_kad_post_feature":"","_kad_post_feature_position":"","_kad_post_header":false,"_kad_post_footer":false,"_kad_post_classname":""},"product_brand":[],"product_cat":[14907],"product_tag":[],"class_list":{"0":"post-110705","1":"product","2":"type-product","3":"status-publish","4":"has-post-thumbnail","6":"product_cat-sac-masasi-sac-masasi","8":"first","9":"instock","10":"purchasable","11":"product-type-simple","12":"entry","13":"content-bg","14":"loop-entry"},"_links":{"self":[{"href":"https:\/\/www.hediyepazar.com\/index.php?rest_route=\/wp\/v2\/product\/110705","targetHints":{"allow":["GET"]}}],"collection":[{"href":"https:\/\/www.hediyepazar.com\/index.php?rest_route=\/wp\/v2\/product"}],"about":[{"href":"https:\/\/www.hediyepazar.com\/index.php?rest_route=\/wp\/v2\/types\/product"}],"replies":[{"embeddable":true,"href":"https:\/\/www.hediyepazar.com\/index.php?rest_route=%2Fwp%2Fv2%2Fcomments&post=110705"}],"wp:featuredmedia":[{"embeddable":true,"href":"https:\/\/www.hediyepazar.com\/index.php?rest_route=\/wp\/v2\/media\/110704"}],"wp:attachment":[{"href":"https:\/\/www.hediyepazar.com\/index.php?rest_route=%2Fwp%2Fv2%2Fmedia&parent=110705"}],"wp:term":[{"taxonomy":"product_brand","embeddable":true,"href":"https:\/\/www.hediyepazar.com\/index.php?rest_route=%2Fwp%2Fv2%2Fproduct_brand&post=110705"},{"taxonomy":"product_cat","embeddable":true,"href":"https:\/\/www.hediyepazar.com\/index.php?rest_route=%2Fwp%2Fv2%2Fproduct_cat&post=110705"},{"taxonomy":"product_tag","embeddable":true,"href":"https:\/\/www.hediyepazar.com\/index.php?rest_route=%2Fwp%2Fv2%2Fproduct_tag&post=110705"}],"curies":[{"name":"wp","href":"https:\/\/api.w.org\/{rel}","templated":true}]}}