{"id":110745,"date":"2026-05-05T05:22:03","date_gmt":"2026-05-05T08:22:03","guid":{"rendered":"https:\/\/www.hediyepazar.com\/?product=m88-bluetooth-kulaklik"},"modified":"2026-05-05T05:22:03","modified_gmt":"2026-05-05T08:22:03","slug":"m88-bluetooth-kulaklik","status":"publish","type":"product","link":"https:\/\/www.hediyepazar.com\/?product=m88-bluetooth-kulaklik","title":{"rendered":"M88 BLUETOOTH KULAKLIK"},"content":{"rendered":"<p>Bu kulakl\u0131\u011f\u0131n y\u00fcksek kalitesi ve \u00e7arp\u0131c\u0131 \u00f6zellikleriyle, en iyi ses deneyimini elde edin. Bluetooth Kulakl\u0131k ideal bir aksesuard\u0131r. Bu cihaz\u0131n Powerbank \u00f6zelli\u011fi sayesinde m\u00fczik dinlerken ayn\u0131 anda cihazlar\u0131n\u0131z sarj edebilirsiniz. Bu Kablosuz Kulakl\u0131k ile kablolarla u\u011fra\u015fman\u0131za gerek kalmaz, bu da hareket \u00f6zg\u00fcrl\u00fc\u011f\u00fcn\u00fcz\u00fc art\u0131r\u0131r. En \u00fcst d\u00fczeyde konfor i\u00e7in tasarlanm\u0131\u015f olan bu Kulak \u0130\u00e7i Kablosuz Kulakl\u0131k, uzun s\u00fcreli kullan\u0131mlar i\u00e7in bile rahatt\u0131r. G\u00fcr\u00fclt\u00fc \u00f6nleme teknolojisi, d\u0131\u015f seslerin ses kalitesini etkilemesini \u00f6nler, b\u00f6ylece m\u00fczi\u011fin keyfini tam anlam\u0131yla \u00e7\u0131karabilirsiniz. Y\u00fcksek performansl\u0131 pil \u00f6mr\u00fc, kesintisiz m\u00fczik veya \u00e7a\u011fr\u0131 deneyimi sa\u011flar. Y\u00fcksek kaliteye sahip i\u015f\u00e7ilik ve malzemeler, \u00fcr\u00fcn\u00fcn dayan\u0131kl\u0131l\u0131\u011f\u0131n\u0131 artt\u0131r\u0131r. Herkese uyum sa\u011flayacak \u00e7e\u015fitli kulak t\u0131ka\u00e7lar\u0131 se\u00e7ene\u011fi. Kolay ve h\u0131zl\u0131 bir \u015fekilde e\u015fle\u015ftirme i\u015flemi sa\u011flayan geli\u015fmi\u015f Bluetooth teknolojisi. \u00dcst\u00fcn ses kalitesini, zarif tasar\u0131m\u0131 ve rahat kullan\u0131m\u0131 ile bu Fiyat Performans Bluetooth Kulakl\u0131\u011f\u0131, ta\u015f\u0131nabilir ses cihazlar\u0131n\u0131z i\u00e7in m\u00fckemmel bir e\u015flik\u00e7i olacakt\u0131r.<\/p>\n","protected":false},"excerpt":{"rendered":"<p>Bu kulakl\u0131\u011f\u0131n y\u00fcksek kalitesi ve \u00e7arp\u0131c\u0131 \u00f6zellikleriyle, en iyi ses deneyimini elde edin. Bluetooth Kulakl\u0131k ideal bir aksesuard\u0131r. Bu cihaz\u0131n Powerbank \u00f6zelli\u011fi sayesinde m\u00fczik dinlerken ayn\u0131 anda cihazlar\u0131n\u0131z sarj edebilirsiniz. Bu Kablosuz Kulakl\u0131k ile kablolarla u\u011fra\u015fman\u0131za gerek kalmaz, bu da hareket \u00f6zg\u00fcrl\u00fc\u011f\u00fcn\u00fcz\u00fc art\u0131r\u0131r. En \u00fcst d\u00fczeyde konfor i\u00e7in tasarlanm\u0131\u015f olan bu Kulak \u0130\u00e7i Kablosuz Kulakl\u0131k,&#8230;<\/p>\n","protected":false},"featured_media":110744,"comment_status":"open","ping_status":"closed","template":"","meta":{"_kad_post_transparent":"","_kad_post_title":"","_kad_post_layout":"","_kad_post_sidebar_id":"","_kad_post_content_style":"","_kad_post_vertical_padding":"","_kad_post_feature":"","_kad_post_feature_position":"","_kad_post_header":false,"_kad_post_footer":false,"_kad_post_classname":""},"product_brand":[],"product_cat":[14957],"product_tag":[],"class_list":{"0":"post-110745","1":"product","2":"type-product","3":"status-publish","4":"has-post-thumbnail","6":"product_cat-kablosuz-kulaklik-kablosuz-kulaklik","8":"first","9":"instock","10":"purchasable","11":"product-type-simple","12":"entry","13":"content-bg","14":"loop-entry"},"_links":{"self":[{"href":"https:\/\/www.hediyepazar.com\/index.php?rest_route=\/wp\/v2\/product\/110745","targetHints":{"allow":["GET"]}}],"collection":[{"href":"https:\/\/www.hediyepazar.com\/index.php?rest_route=\/wp\/v2\/product"}],"about":[{"href":"https:\/\/www.hediyepazar.com\/index.php?rest_route=\/wp\/v2\/types\/product"}],"replies":[{"embeddable":true,"href":"https:\/\/www.hediyepazar.com\/index.php?rest_route=%2Fwp%2Fv2%2Fcomments&post=110745"}],"wp:featuredmedia":[{"embeddable":true,"href":"https:\/\/www.hediyepazar.com\/index.php?rest_route=\/wp\/v2\/media\/110744"}],"wp:attachment":[{"href":"https:\/\/www.hediyepazar.com\/index.php?rest_route=%2Fwp%2Fv2%2Fmedia&parent=110745"}],"wp:term":[{"taxonomy":"product_brand","embeddable":true,"href":"https:\/\/www.hediyepazar.com\/index.php?rest_route=%2Fwp%2Fv2%2Fproduct_brand&post=110745"},{"taxonomy":"product_cat","embeddable":true,"href":"https:\/\/www.hediyepazar.com\/index.php?rest_route=%2Fwp%2Fv2%2Fproduct_cat&post=110745"},{"taxonomy":"product_tag","embeddable":true,"href":"https:\/\/www.hediyepazar.com\/index.php?rest_route=%2Fwp%2Fv2%2Fproduct_tag&post=110745"}],"curies":[{"name":"wp","href":"https:\/\/api.w.org\/{rel}","templated":true}]}}