{"id":110747,"date":"2026-05-05T05:22:07","date_gmt":"2026-05-05T08:22:07","guid":{"rendered":"https:\/\/www.hediyepazar.com\/?product=mk-47-bluetooth-kulaklik"},"modified":"2026-05-05T05:22:07","modified_gmt":"2026-05-05T08:22:07","slug":"mk-47-bluetooth-kulaklik","status":"publish","type":"product","link":"https:\/\/www.hediyepazar.com\/?product=mk-47-bluetooth-kulaklik","title":{"rendered":"MK 47 BLUETOOTH KULAKLIK"},"content":{"rendered":"<p>Dokunmatik kontrol Kolay kontrol, cep telefonu oyun oyuncu i\u00e7in tasarlanm\u0131\u015f 2 S\u00fcper 3D ses kalitesi Ta\u015f\u0131nabilir medya oynat\u0131c\u0131, cep telefonu, oyun, spor, gecikmeden ses keyfini \u00e7\u0131kar\u0131n 3 Uzun pil \u00f6mr\u00fc tek bir \u015farjda 4 5 saat e varan kullan\u0131m s\u00fcresi ve daha sonra birlikte verilen \u015farj powerbank\u0131 ile defalarca kulakl\u0131lar\u0131 \u015farj etme imkan\u0131 4 Aktif g\u00fcr\u00fclt\u00fc iptal D\u0131\u015f ortam g\u00fcr\u00fclt\u00fcs\u00fcn\u00fc engellemek i\u00e7in birden fazla boyutta kulak t\u0131kac\u0131, kulakl\u0131\u011f\u0131n\u0131z\u0131n rahat\u00e7a yerinde kalmas\u0131n\u0131 ve spor ve egzersiz deneyimini geli\u015ftirmesini garanti eder 5 Otomatik ba\u011flanma, h\u0131zl\u0131 ba\u011flant\u0131 Powerbank adapt\u00f6r\u00fcnden kulakl\u0131klar\u0131 yuvas\u0131ndan \u00e7\u0131kart\u0131n ve telefonunuz ile h\u0131zl\u0131cana otomatik ba\u011flant\u0131n\u0131n keyfini \u00e7\u0131kar\u0131n 6 Kararl\u0131 sinyal, d\u00fc\u015f\u00fck gecikme daha p\u00fcr\u00fczs\u00fcz Oyun oynamak i\u00e7in mikrofonda 33 gecikme ve SBC \/ AAC \u00e7ift kodu ve 65 ms oyunda \u00e7ok daha d\u00fc\u015f\u00fck ses gecikmesi 7 IPX5 su ge\u00e7irmez \u015earj portu: tip c, \u015farj etmek kolay \u00d6zellikler: Model: K55 Renk: siyah Kullan\u0131m s\u00fcresi: 4 4 saat Kulakl\u0131k pil kapasitesi: 40mh \u015earj kutusu pil kapasitesi: 400mh S\u00fcr\u00fcm: 5 0 Hoparl\u00f6r boyutu: 6mm hareketli bobin \u00fcnitesi Frekans yan\u0131t\u0131: 20Hz ~ 20kHz Hassasiyet: 105dB Lmpedance: 16ohm MIC duyarl\u0131l\u0131\u011f\u0131: 38dB Bluetooth mesafesi: 10 metre Binoral \u00e7a\u011fr\u0131: destekler Kulakl\u0131k \u015farj s\u00fcresi: 45 dakika \u015earj kutusunun \u015farj s\u00fcresi: 1-2 saat<\/p>\n","protected":false},"excerpt":{"rendered":"<p>Dokunmatik kontrol Kolay kontrol, cep telefonu oyun oyuncu i\u00e7in tasarlanm\u0131\u015f 2 S\u00fcper 3D ses kalitesi Ta\u015f\u0131nabilir medya oynat\u0131c\u0131, cep telefonu, oyun, spor, gecikmeden ses keyfini \u00e7\u0131kar\u0131n 3 Uzun pil \u00f6mr\u00fc tek bir \u015farjda 4 5 saat e varan kullan\u0131m s\u00fcresi ve daha sonra birlikte verilen \u015farj powerbank\u0131 ile defalarca kulakl\u0131lar\u0131 \u015farj etme imkan\u0131 4 Aktif&#8230;<\/p>\n","protected":false},"featured_media":110746,"comment_status":"open","ping_status":"closed","template":"","meta":{"_kad_post_transparent":"","_kad_post_title":"","_kad_post_layout":"","_kad_post_sidebar_id":"","_kad_post_content_style":"","_kad_post_vertical_padding":"","_kad_post_feature":"","_kad_post_feature_position":"","_kad_post_header":false,"_kad_post_footer":false,"_kad_post_classname":""},"product_brand":[],"product_cat":[14957],"product_tag":[],"class_list":{"0":"post-110747","1":"product","2":"type-product","3":"status-publish","4":"has-post-thumbnail","6":"product_cat-kablosuz-kulaklik-kablosuz-kulaklik","8":"first","9":"instock","10":"purchasable","11":"product-type-simple","12":"entry","13":"content-bg","14":"loop-entry"},"_links":{"self":[{"href":"https:\/\/www.hediyepazar.com\/index.php?rest_route=\/wp\/v2\/product\/110747","targetHints":{"allow":["GET"]}}],"collection":[{"href":"https:\/\/www.hediyepazar.com\/index.php?rest_route=\/wp\/v2\/product"}],"about":[{"href":"https:\/\/www.hediyepazar.com\/index.php?rest_route=\/wp\/v2\/types\/product"}],"replies":[{"embeddable":true,"href":"https:\/\/www.hediyepazar.com\/index.php?rest_route=%2Fwp%2Fv2%2Fcomments&post=110747"}],"wp:featuredmedia":[{"embeddable":true,"href":"https:\/\/www.hediyepazar.com\/index.php?rest_route=\/wp\/v2\/media\/110746"}],"wp:attachment":[{"href":"https:\/\/www.hediyepazar.com\/index.php?rest_route=%2Fwp%2Fv2%2Fmedia&parent=110747"}],"wp:term":[{"taxonomy":"product_brand","embeddable":true,"href":"https:\/\/www.hediyepazar.com\/index.php?rest_route=%2Fwp%2Fv2%2Fproduct_brand&post=110747"},{"taxonomy":"product_cat","embeddable":true,"href":"https:\/\/www.hediyepazar.com\/index.php?rest_route=%2Fwp%2Fv2%2Fproduct_cat&post=110747"},{"taxonomy":"product_tag","embeddable":true,"href":"https:\/\/www.hediyepazar.com\/index.php?rest_route=%2Fwp%2Fv2%2Fproduct_tag&post=110747"}],"curies":[{"name":"wp","href":"https:\/\/api.w.org\/{rel}","templated":true}]}}