{"id":110755,"date":"2026-05-05T05:23:06","date_gmt":"2026-05-05T08:23:06","guid":{"rendered":"https:\/\/www.hediyepazar.com\/?product=oyuncu-kulakligi-pg6960"},"modified":"2026-05-05T05:23:06","modified_gmt":"2026-05-05T08:23:06","slug":"oyuncu-kulakligi-pg6960","status":"publish","type":"product","link":"https:\/\/www.hediyepazar.com\/?product=oyuncu-kulakligi-pg6960","title":{"rendered":"OYUNCU KULAKLI\u011eI PG6960"},"content":{"rendered":"<p>Mikrofonlu Stereo Kulakl\u0131k Ayarlanabilir Kafa Tac\u0131 \u0130pli Kablo ( Kopmaya Dayan\u0131kl\u0131 ) Yumu\u015fak Dekoratif Kulak Yast\u0131\u011f\u0131 \u00dcr\u00fcn Bilgileri Pg6960 Oyun Kulakl\u0131\u011f\u0131 Gaming Headphone Mikrofonlu Pc Kulakl\u0131k MaviPolygoldPG 6960 Mikrofonlu Bilgisayar Kulakl\u0131\u011f\u0131 \u00dcr\u00fcn \u00f6zellikleri: Mikrofonlu Stereo Kulakl\u0131k Ayarlanabilir Kafa Tac\u0131 \u0130pli Kablo ( Kopmaya Dayan\u0131kl\u0131 ) Yumu\u015fak Dekoratif Kulak Yast\u0131\u011f\u0131\u00dcr\u00fcn Bilgileri Pg6960 Oyun Kulakl\u0131\u011f\u0131 Gaming Headphone Mikrofonlu Pc Kulakl\u0131k Mavi<\/p>\n","protected":false},"excerpt":{"rendered":"<p>Mikrofonlu Stereo Kulakl\u0131k Ayarlanabilir Kafa Tac\u0131 \u0130pli Kablo ( Kopmaya Dayan\u0131kl\u0131 ) Yumu\u015fak Dekoratif Kulak Yast\u0131\u011f\u0131 \u00dcr\u00fcn Bilgileri Pg6960 Oyun Kulakl\u0131\u011f\u0131 Gaming Headphone Mikrofonlu Pc Kulakl\u0131k MaviPolygoldPG 6960 Mikrofonlu Bilgisayar Kulakl\u0131\u011f\u0131 \u00dcr\u00fcn \u00f6zellikleri: Mikrofonlu Stereo Kulakl\u0131k Ayarlanabilir Kafa Tac\u0131 \u0130pli Kablo ( Kopmaya Dayan\u0131kl\u0131 ) Yumu\u015fak Dekoratif Kulak Yast\u0131\u011f\u0131\u00dcr\u00fcn Bilgileri Pg6960 Oyun Kulakl\u0131\u011f\u0131 Gaming Headphone&#8230;<\/p>\n","protected":false},"featured_media":110754,"comment_status":"open","ping_status":"closed","template":"","meta":{"_kad_post_transparent":"","_kad_post_title":"","_kad_post_layout":"","_kad_post_sidebar_id":"","_kad_post_content_style":"","_kad_post_vertical_padding":"","_kad_post_feature":"","_kad_post_feature_position":"","_kad_post_header":false,"_kad_post_footer":false,"_kad_post_classname":""},"product_brand":[],"product_cat":[14957],"product_tag":[],"class_list":{"0":"post-110755","1":"product","2":"type-product","3":"status-publish","4":"has-post-thumbnail","6":"product_cat-kablosuz-kulaklik-kablosuz-kulaklik","8":"first","9":"instock","10":"purchasable","11":"product-type-simple","12":"entry","13":"content-bg","14":"loop-entry"},"_links":{"self":[{"href":"https:\/\/www.hediyepazar.com\/index.php?rest_route=\/wp\/v2\/product\/110755","targetHints":{"allow":["GET"]}}],"collection":[{"href":"https:\/\/www.hediyepazar.com\/index.php?rest_route=\/wp\/v2\/product"}],"about":[{"href":"https:\/\/www.hediyepazar.com\/index.php?rest_route=\/wp\/v2\/types\/product"}],"replies":[{"embeddable":true,"href":"https:\/\/www.hediyepazar.com\/index.php?rest_route=%2Fwp%2Fv2%2Fcomments&post=110755"}],"wp:featuredmedia":[{"embeddable":true,"href":"https:\/\/www.hediyepazar.com\/index.php?rest_route=\/wp\/v2\/media\/110754"}],"wp:attachment":[{"href":"https:\/\/www.hediyepazar.com\/index.php?rest_route=%2Fwp%2Fv2%2Fmedia&parent=110755"}],"wp:term":[{"taxonomy":"product_brand","embeddable":true,"href":"https:\/\/www.hediyepazar.com\/index.php?rest_route=%2Fwp%2Fv2%2Fproduct_brand&post=110755"},{"taxonomy":"product_cat","embeddable":true,"href":"https:\/\/www.hediyepazar.com\/index.php?rest_route=%2Fwp%2Fv2%2Fproduct_cat&post=110755"},{"taxonomy":"product_tag","embeddable":true,"href":"https:\/\/www.hediyepazar.com\/index.php?rest_route=%2Fwp%2Fv2%2Fproduct_tag&post=110755"}],"curies":[{"name":"wp","href":"https:\/\/api.w.org\/{rel}","templated":true}]}}