{"id":110765,"date":"2026-05-05T05:24:03","date_gmt":"2026-05-05T08:24:03","guid":{"rendered":"https:\/\/www.hediyepazar.com\/?product=g39-akilli-saat"},"modified":"2026-05-05T05:24:03","modified_gmt":"2026-05-05T08:24:03","slug":"g39-akilli-saat","status":"publish","type":"product","link":"https:\/\/www.hediyepazar.com\/?product=g39-akilli-saat","title":{"rendered":"G39 AKILLI SAAT"},"content":{"rendered":"<p>Bluetooth \u00f6zelli\u011fi olan ak\u0131ll\u0131 cihazlar ile uyumludur. Saat \u00fczerinden gelen sosyal medya bildirimleri ve mesajlar\u0131n\u0131z\u0131 okuyabilirsiniz. Ayr\u0131ca saat \u00fczerinden sesli g\u00f6r\u00fc\u015fme yapabilirsiniz. Sa\u011fl\u0131k ve spor modlar\u0131 mevcuttur. 3 Kordon ve flamingo kolye hediyelidir. Hediye kordonlar 1 adet \u00e7elik metal kordon 1 adet ocean kordon ve 1 adet silikon kordondur. 2 adet ba\u011flant\u0131 yapman\u0131z gerekir. Uygulama \u0130smi Haino Fit 1 Uygulama \u00fczerinden ba\u011flant\u0131 kurman\u0131z.<\/p>\n","protected":false},"excerpt":{"rendered":"<p>Bluetooth \u00f6zelli\u011fi olan ak\u0131ll\u0131 cihazlar ile uyumludur. Saat \u00fczerinden gelen sosyal medya bildirimleri ve mesajlar\u0131n\u0131z\u0131 okuyabilirsiniz. Ayr\u0131ca saat \u00fczerinden sesli g\u00f6r\u00fc\u015fme yapabilirsiniz. Sa\u011fl\u0131k ve spor modlar\u0131 mevcuttur. 3 Kordon ve flamingo kolye hediyelidir. Hediye kordonlar 1 adet \u00e7elik metal kordon 1 adet ocean kordon ve 1 adet silikon kordondur. 2 adet ba\u011flant\u0131 yapman\u0131z gerekir. Uygulama&#8230;<\/p>\n","protected":false},"featured_media":110764,"comment_status":"open","ping_status":"closed","template":"","meta":{"_kad_post_transparent":"","_kad_post_title":"","_kad_post_layout":"","_kad_post_sidebar_id":"","_kad_post_content_style":"","_kad_post_vertical_padding":"","_kad_post_feature":"","_kad_post_feature_position":"","_kad_post_header":false,"_kad_post_footer":false,"_kad_post_classname":""},"product_brand":[],"product_cat":[14935],"product_tag":[],"class_list":{"0":"post-110765","1":"product","2":"type-product","3":"status-publish","4":"has-post-thumbnail","6":"product_cat-akilli-saatler-akilli-saatler","8":"first","9":"instock","10":"purchasable","11":"product-type-simple","12":"entry","13":"content-bg","14":"loop-entry"},"_links":{"self":[{"href":"https:\/\/www.hediyepazar.com\/index.php?rest_route=\/wp\/v2\/product\/110765","targetHints":{"allow":["GET"]}}],"collection":[{"href":"https:\/\/www.hediyepazar.com\/index.php?rest_route=\/wp\/v2\/product"}],"about":[{"href":"https:\/\/www.hediyepazar.com\/index.php?rest_route=\/wp\/v2\/types\/product"}],"replies":[{"embeddable":true,"href":"https:\/\/www.hediyepazar.com\/index.php?rest_route=%2Fwp%2Fv2%2Fcomments&post=110765"}],"wp:featuredmedia":[{"embeddable":true,"href":"https:\/\/www.hediyepazar.com\/index.php?rest_route=\/wp\/v2\/media\/110764"}],"wp:attachment":[{"href":"https:\/\/www.hediyepazar.com\/index.php?rest_route=%2Fwp%2Fv2%2Fmedia&parent=110765"}],"wp:term":[{"taxonomy":"product_brand","embeddable":true,"href":"https:\/\/www.hediyepazar.com\/index.php?rest_route=%2Fwp%2Fv2%2Fproduct_brand&post=110765"},{"taxonomy":"product_cat","embeddable":true,"href":"https:\/\/www.hediyepazar.com\/index.php?rest_route=%2Fwp%2Fv2%2Fproduct_cat&post=110765"},{"taxonomy":"product_tag","embeddable":true,"href":"https:\/\/www.hediyepazar.com\/index.php?rest_route=%2Fwp%2Fv2%2Fproduct_tag&post=110765"}],"curies":[{"name":"wp","href":"https:\/\/api.w.org\/{rel}","templated":true}]}}