{"id":110777,"date":"2026-05-05T05:26:15","date_gmt":"2026-05-05T08:26:15","guid":{"rendered":"https:\/\/www.hediyepazar.com\/?product=hs-43-kafa-lambasi"},"modified":"2026-05-05T05:26:15","modified_gmt":"2026-05-05T08:26:15","slug":"hs-43-kafa-lambasi","status":"publish","type":"product","link":"https:\/\/www.hediyepazar.com\/?product=hs-43-kafa-lambasi","title":{"rendered":"HS-43 KAFA LAMBASI"},"content":{"rendered":"<p>Tan\u0131m Far (4 mod, hareket sens\u00f6rl\u00fc) Gece bal\u0131k\u00e7\u0131l\u0131\u011f\u0131 i\u00e7in USB \u015farj cihaz\u0131na sahip parlak, g\u00fc\u00e7l\u00fc, \u015farj edilebilir bir LED far \u015fartt\u0131r. \u0130stenilen parlakl\u0131k seviyesini se\u00e7mek m\u00fcmk\u00fcnd\u00fcr: parlak, orta, lo\u015f, yan\u0131p s\u00f6nen. Kafa band\u0131 hafif elastiktir ve son derece g\u00fcvenlidir, gev\u015femez veya sallanmaz. El fenerinin su ge\u00e7irmez g\u00f6vdesi (IPX5 seviyesi), modlar\u0131 d\u00f6n\u00fc\u015ft\u00fcrmek i\u00e7in \u00e7ift anahtarl\u0131 \u00f6zel bir tasar\u0131ma sahiptir. Kapasiteli \u015farj edilebilir pil, uzun s\u00fcreli g\u00fc\u00e7 sa\u011flar. K\u0131z\u0131l\u00f6tesi ak\u0131ll\u0131 hareket sens\u00f6r\u00fc bulunmaktad\u0131r. \u015earj edilebilir LED far, dayan\u0131kl\u0131 far muhafazas\u0131n\u0131n ayarlanabilir olmas\u0131 ve 60 dereceye kadar e\u011filebilmesi sayesinde \u0131\u015f\u0131\u011f\u0131 ihtiyac\u0131n\u0131z olan yere odaklaman\u0131za olanak tan\u0131r.<\/p>\n","protected":false},"excerpt":{"rendered":"<p>Tan\u0131m Far (4 mod, hareket sens\u00f6rl\u00fc) Gece bal\u0131k\u00e7\u0131l\u0131\u011f\u0131 i\u00e7in USB \u015farj cihaz\u0131na sahip parlak, g\u00fc\u00e7l\u00fc, \u015farj edilebilir bir LED far \u015fartt\u0131r. \u0130stenilen parlakl\u0131k seviyesini se\u00e7mek m\u00fcmk\u00fcnd\u00fcr: parlak, orta, lo\u015f, yan\u0131p s\u00f6nen. Kafa band\u0131 hafif elastiktir ve son derece g\u00fcvenlidir, gev\u015femez veya sallanmaz. El fenerinin su ge\u00e7irmez g\u00f6vdesi (IPX5 seviyesi), modlar\u0131 d\u00f6n\u00fc\u015ft\u00fcrmek i\u00e7in \u00e7ift anahtarl\u0131 \u00f6zel&#8230;<\/p>\n","protected":false},"featured_media":110776,"comment_status":"open","ping_status":"closed","template":"","meta":{"_kad_post_transparent":"","_kad_post_title":"","_kad_post_layout":"","_kad_post_sidebar_id":"","_kad_post_content_style":"","_kad_post_vertical_padding":"","_kad_post_feature":"","_kad_post_feature_position":"","_kad_post_header":false,"_kad_post_footer":false,"_kad_post_classname":""},"product_brand":[],"product_cat":[14979],"product_tag":[],"class_list":{"0":"post-110777","1":"product","2":"type-product","3":"status-publish","4":"has-post-thumbnail","6":"product_cat-kafa-lambasi-kafa-lambasi","8":"first","9":"instock","10":"purchasable","11":"product-type-simple","12":"entry","13":"content-bg","14":"loop-entry"},"_links":{"self":[{"href":"https:\/\/www.hediyepazar.com\/index.php?rest_route=\/wp\/v2\/product\/110777","targetHints":{"allow":["GET"]}}],"collection":[{"href":"https:\/\/www.hediyepazar.com\/index.php?rest_route=\/wp\/v2\/product"}],"about":[{"href":"https:\/\/www.hediyepazar.com\/index.php?rest_route=\/wp\/v2\/types\/product"}],"replies":[{"embeddable":true,"href":"https:\/\/www.hediyepazar.com\/index.php?rest_route=%2Fwp%2Fv2%2Fcomments&post=110777"}],"wp:featuredmedia":[{"embeddable":true,"href":"https:\/\/www.hediyepazar.com\/index.php?rest_route=\/wp\/v2\/media\/110776"}],"wp:attachment":[{"href":"https:\/\/www.hediyepazar.com\/index.php?rest_route=%2Fwp%2Fv2%2Fmedia&parent=110777"}],"wp:term":[{"taxonomy":"product_brand","embeddable":true,"href":"https:\/\/www.hediyepazar.com\/index.php?rest_route=%2Fwp%2Fv2%2Fproduct_brand&post=110777"},{"taxonomy":"product_cat","embeddable":true,"href":"https:\/\/www.hediyepazar.com\/index.php?rest_route=%2Fwp%2Fv2%2Fproduct_cat&post=110777"},{"taxonomy":"product_tag","embeddable":true,"href":"https:\/\/www.hediyepazar.com\/index.php?rest_route=%2Fwp%2Fv2%2Fproduct_tag&post=110777"}],"curies":[{"name":"wp","href":"https:\/\/api.w.org\/{rel}","templated":true}]}}