{"id":110791,"date":"2026-05-05T05:28:26","date_gmt":"2026-05-05T08:28:26","guid":{"rendered":"https:\/\/www.hediyepazar.com\/?product=watch9-7-kordonlu-akilli-saat"},"modified":"2026-05-05T05:28:26","modified_gmt":"2026-05-05T08:28:26","slug":"watch9-7-kordonlu-akilli-saat","status":"publish","type":"product","link":"https:\/\/www.hediyepazar.com\/?product=watch9-7-kordonlu-akilli-saat","title":{"rendered":"WATCH9 7 KORDONLU AKILLI SAAT"},"content":{"rendered":"<p>Sesli ca\u011fr\u0131 yan\u0131tlama-konusma (Bluetooth ile telefona ba\u011fl\u0131 olarak), bildirimleri anl\u0131k takip etme, kilit ekran\u0131 ve EN GER\u00c7EK\u00c7\u0130 TASARIM. \u00d6zellikler: \u2022 2,03 inch IPS Ekran Y\u00fcksek \u00c7\u00f6z\u00fcn\u00fcrl\u00fckl\u00fc Duvar Ka\u011f\u0131tlar\u0131 4 farkl\u0131 UI Men\u00fcs\u00fc \u2022 WhtsApp, SMS, Wchat, Messnger, Telgram mesaj bildirimleri ve okunmayan mesaj hat\u0131rlatmas\u0131 Hoparl\u00f6r ve Y\u00fcksek Kalite Mikrofon Sesli \u00e7a\u011fr\u0131 \u00f6zelli\u011fi Spor Modlar\u0131 ve Kolay Eri\u015fim Tu\u015fu Ayarlanabilir ekran parlakl\u0131\u011f\u0131n\u0131 Kronometre Ses ve titre\u015fim y\u00fcksekli\u011fini ayarlayabilme S\u00fcrekli g\u00fcncel hava durumu Rahats\u0131z etmeyin modu Sa\u011fl\u0131k Hat\u0131rlat\u0131c\u0131lar\u0131 (Su i\u00e7me hat\u0131rlat\u0131c\u0131s\u0131, Hareketsizlik hat\u0131rlat\u0131c\u0131s\u0131, Ad\u0131msayar, Egzersiz hat\u0131rlat\u0131c\u0131s\u0131, Kitap okuma hat\u0131rlat\u0131c\u0131s\u0131, Gezi hat\u0131rlat\u0131c\u0131s\u0131) Enerji tasarruf modu Art\u0131r\u0131lm\u0131\u015f G\u00fcvenlik (Parola belirleyebilme) App in app (K\u0131sa video uzaktan kumanda, V\u00fccut \u0131s\u0131s\u0131 \u00f6l\u00e7me, Nefes h\u0131z\u0131 \u00f6l\u00e7me) Barometre Ad\u0131msayar (Yak\u0131lan kcal, S\u00fcre, Mesafe) Hesap Makinesi Kalp ritmi \u00f6l\u00e7me Oksijen Sat\u00fcrasyonu \u00f6l\u00e7me Fit Pro uygulamas\u0131 ile e\u015fle\u015ferek \u00e7al\u0131\u015f\u0131r \u0130os 10 Android 6 \u00fczeri s\u00fcr\u00fcm gerektirir Kutu i\u00e7eri\u011fine kablosuz \u015farj \u00f6zellikli kablosu dahildir adapt\u00f6r dahil de\u011fildir kendi telefonunuzun adapt\u00f6r\u00fcn\u00fc kullanabilir yada varsa laptop bilgisayar powerbank gibi cihazlara takarak \u015farj edebilirsiniz \u015farj cihaz\u0131n\u0131z\u0131nYada takt\u0131\u011f\u0131n\u0131z di\u011fer cihazlar\u0131n en az 1 amper en fazla 2 amper olmas\u0131na dikkat ediniz \u015earj kullan\u0131m s\u00fcresi kullan\u0131m yo\u011funlu\u011funuza ba\u011fl\u0131 olarak 2-4 g\u00fcn aras\u0131nda de\u011fi\u015fkenlik g\u00f6sterebilir \u015farj dolma s\u00fcresi adapt\u00f6r\u00fcn\u00fcz\u00fcn yada takt\u0131\u011f\u0131n\u0131z di\u011fer cihazlar\u0131n kalitesine ba\u011fl\u0131 olarak farkl\u0131l\u0131k g\u00f6sterebilir Havuz deniz ve du\u015f i\u00e7in uygun de\u011fildir bundan dolay\u0131 su hasarlar\u0131 garanti kapsam\u0131na girmemektedir bu ve bunun gibi t\u00fcm ak\u0131ll\u0131 saatlerinizi suya kar\u015f\u0131 koruman\u0131z\u0131 tavsiye ederiz. Yeti\u015fkin saat modelidir telefona ba\u011fl\u0131 olarak arama konu\u015fma fonksiyonu kullan\u0131labilir S\u0130M KART TAKILMAZ.<\/p>\n","protected":false},"excerpt":{"rendered":"<p>Sesli ca\u011fr\u0131 yan\u0131tlama-konusma (Bluetooth ile telefona ba\u011fl\u0131 olarak), bildirimleri anl\u0131k takip etme, kilit ekran\u0131 ve EN GER\u00c7EK\u00c7\u0130 TASARIM. \u00d6zellikler: \u2022 2,03 inch IPS Ekran Y\u00fcksek \u00c7\u00f6z\u00fcn\u00fcrl\u00fckl\u00fc Duvar Ka\u011f\u0131tlar\u0131 4 farkl\u0131 UI Men\u00fcs\u00fc \u2022 WhtsApp, SMS, Wchat, Messnger, Telgram mesaj bildirimleri ve okunmayan mesaj hat\u0131rlatmas\u0131 Hoparl\u00f6r ve Y\u00fcksek Kalite Mikrofon Sesli \u00e7a\u011fr\u0131 \u00f6zelli\u011fi Spor Modlar\u0131 ve&#8230;<\/p>\n","protected":false},"featured_media":110790,"comment_status":"open","ping_status":"closed","template":"","meta":{"_kad_post_transparent":"","_kad_post_title":"","_kad_post_layout":"","_kad_post_sidebar_id":"","_kad_post_content_style":"","_kad_post_vertical_padding":"","_kad_post_feature":"","_kad_post_feature_position":"","_kad_post_header":false,"_kad_post_footer":false,"_kad_post_classname":""},"product_brand":[],"product_cat":[14935],"product_tag":[],"class_list":{"0":"post-110791","1":"product","2":"type-product","3":"status-publish","4":"has-post-thumbnail","6":"product_cat-akilli-saatler-akilli-saatler","8":"first","9":"instock","10":"purchasable","11":"product-type-simple","12":"entry","13":"content-bg","14":"loop-entry"},"_links":{"self":[{"href":"https:\/\/www.hediyepazar.com\/index.php?rest_route=\/wp\/v2\/product\/110791","targetHints":{"allow":["GET"]}}],"collection":[{"href":"https:\/\/www.hediyepazar.com\/index.php?rest_route=\/wp\/v2\/product"}],"about":[{"href":"https:\/\/www.hediyepazar.com\/index.php?rest_route=\/wp\/v2\/types\/product"}],"replies":[{"embeddable":true,"href":"https:\/\/www.hediyepazar.com\/index.php?rest_route=%2Fwp%2Fv2%2Fcomments&post=110791"}],"wp:featuredmedia":[{"embeddable":true,"href":"https:\/\/www.hediyepazar.com\/index.php?rest_route=\/wp\/v2\/media\/110790"}],"wp:attachment":[{"href":"https:\/\/www.hediyepazar.com\/index.php?rest_route=%2Fwp%2Fv2%2Fmedia&parent=110791"}],"wp:term":[{"taxonomy":"product_brand","embeddable":true,"href":"https:\/\/www.hediyepazar.com\/index.php?rest_route=%2Fwp%2Fv2%2Fproduct_brand&post=110791"},{"taxonomy":"product_cat","embeddable":true,"href":"https:\/\/www.hediyepazar.com\/index.php?rest_route=%2Fwp%2Fv2%2Fproduct_cat&post=110791"},{"taxonomy":"product_tag","embeddable":true,"href":"https:\/\/www.hediyepazar.com\/index.php?rest_route=%2Fwp%2Fv2%2Fproduct_tag&post=110791"}],"curies":[{"name":"wp","href":"https:\/\/api.w.org\/{rel}","templated":true}]}}