{"id":110809,"date":"2026-05-05T05:32:11","date_gmt":"2026-05-05T08:32:11","guid":{"rendered":"https:\/\/www.hediyepazar.com\/?product=dt-no1-i8-ultra-akilli-saat"},"modified":"2026-05-05T05:32:11","modified_gmt":"2026-05-05T08:32:11","slug":"dt-no1-i8-ultra-akilli-saat","status":"publish","type":"product","link":"https:\/\/www.hediyepazar.com\/?product=dt-no1-i8-ultra-akilli-saat","title":{"rendered":"DT NO1 \u01308 ULTRA AKILLI SAAT"},"content":{"rendered":"<p>Arama yapan ak\u0131ll\u0131 saat pratik bir \u015fekilde telefon g\u00f6r\u00fc\u015fmeleri yapman\u0131z\u0131 sa\u011flar. G\u00fcn\u00fcn her an\u0131nda yan\u0131n\u0131zda olabilecek ad\u0131msayar saat ile g\u00fcnl\u00fck ad\u0131m takibini yapabilirsiniz. Android ak\u0131ll\u0131 saat kolay aray\u00fcz\u00fc ve i\u015fletim sistemiyle rahat bir kullan\u0131m sa\u011flar. \u015e\u0131k tasar\u0131m\u0131yla siyah ak\u0131ll\u0131 saat pek \u00e7ok farkl\u0131 kombinle uyum i\u00e7erisinde olur. Yaln\u0131zca dik konumdayken de\u011fil yatay \u015fekilde tutuldu\u011funda da renkleri d\u00fczg\u00fcn g\u00f6steren IPS ekran kaliteli bir g\u00f6r\u00fcnt\u00fc sunar. GPS\u2019li ak\u0131ll\u0131 saat haritalar ve navigasyon uygulamalar\u0131 i\u00e7in kullan\u0131m kolayl\u0131\u011f\u0131 sa\u011flar. A\u00e7\u0131k hava aktivitelerinde yol takibi ve rota olu\u015fturmaya yard\u0131m eder. Suya dayan\u0131kl\u0131 ak\u0131ll\u0131 saat ya\u011fmurlu havalarda, havuz veya denizdeki aktiviteler i\u00e7in uygundur. Ekran takibinin kolay yap\u0131labildi\u011fi dikd\u00f6rtgen ak\u0131ll\u0131 saat \u015f\u0131k bir g\u00f6r\u00fcn\u00fcm sunar. Bluetooth ak\u0131ll\u0131 saat farkl\u0131 cihazlarla kolayca e\u015fle\u015fir ve telefonunuzun kameras\u0131n\u0131 kontrol edebilme gibi imkanlar tan\u0131r. Spor aktivitelerinde ya da g\u00fcnl\u00fck ya\u015fam\u0131n\u0131zda nab\u0131z \u00f6l\u00e7er ak\u0131ll\u0131 saat kullanarak kalp at\u0131\u015f\u0131 h\u0131z\u0131n\u0131z\u0131 takip edebilirsiniz. Titre\u015fimli saat bildirim ve uyar\u0131 g\u00f6nderebilir. 38 mm ak\u0131ll\u0131 saat k\u00fc\u00e7\u00fck ve dar bileklere de uygundur. G\u00fcnl\u00fck ka\u00e7 saat uyudu\u011funuzu g\u00f6rmek i\u00e7in ak\u0131ll\u0131 saat uyku takibi \u00f6zelli\u011finden faydalanabilirsiniz. G\u00fcnl\u00fck ihtiyac\u0131n\u0131z olan uyku saatine g\u00f6re uyku kalitenizi ayarlayabilirsiniz. \u00d6zel sens\u00f6rleri sayesinde oksijen \u00f6l\u00e7er ak\u0131ll\u0131 saat spor aktiviteleri s\u0131ras\u0131nda size b\u00fcy\u00fck kolayl\u0131k sa\u011flar. Telefonunuz yan\u0131n\u0131zda olmad\u0131\u011f\u0131nda alarml\u0131 ak\u0131ll\u0131 saat yard\u0131m\u0131yla sabah alarm\u0131n\u0131z\u0131 kurabilir ya da g\u00fcn i\u00e7indeki hat\u0131rlatmalar\u0131n\u0131z\u0131 olu\u015fturabilirsiniz.<\/p>\n","protected":false},"excerpt":{"rendered":"<p>Arama yapan ak\u0131ll\u0131 saat pratik bir \u015fekilde telefon g\u00f6r\u00fc\u015fmeleri yapman\u0131z\u0131 sa\u011flar. G\u00fcn\u00fcn her an\u0131nda yan\u0131n\u0131zda olabilecek ad\u0131msayar saat ile g\u00fcnl\u00fck ad\u0131m takibini yapabilirsiniz. Android ak\u0131ll\u0131 saat kolay aray\u00fcz\u00fc ve i\u015fletim sistemiyle rahat bir kullan\u0131m sa\u011flar. \u015e\u0131k tasar\u0131m\u0131yla siyah ak\u0131ll\u0131 saat pek \u00e7ok farkl\u0131 kombinle uyum i\u00e7erisinde olur. Yaln\u0131zca dik konumdayken de\u011fil yatay \u015fekilde tutuldu\u011funda da&#8230;<\/p>\n","protected":false},"featured_media":110808,"comment_status":"open","ping_status":"closed","template":"","meta":{"_kad_post_transparent":"","_kad_post_title":"","_kad_post_layout":"","_kad_post_sidebar_id":"","_kad_post_content_style":"","_kad_post_vertical_padding":"","_kad_post_feature":"","_kad_post_feature_position":"","_kad_post_header":false,"_kad_post_footer":false,"_kad_post_classname":""},"product_brand":[],"product_cat":[14935],"product_tag":[],"class_list":{"0":"post-110809","1":"product","2":"type-product","3":"status-publish","4":"has-post-thumbnail","6":"product_cat-akilli-saatler-akilli-saatler","8":"first","9":"instock","10":"purchasable","11":"product-type-simple","12":"entry","13":"content-bg","14":"loop-entry"},"_links":{"self":[{"href":"https:\/\/www.hediyepazar.com\/index.php?rest_route=\/wp\/v2\/product\/110809","targetHints":{"allow":["GET"]}}],"collection":[{"href":"https:\/\/www.hediyepazar.com\/index.php?rest_route=\/wp\/v2\/product"}],"about":[{"href":"https:\/\/www.hediyepazar.com\/index.php?rest_route=\/wp\/v2\/types\/product"}],"replies":[{"embeddable":true,"href":"https:\/\/www.hediyepazar.com\/index.php?rest_route=%2Fwp%2Fv2%2Fcomments&post=110809"}],"wp:featuredmedia":[{"embeddable":true,"href":"https:\/\/www.hediyepazar.com\/index.php?rest_route=\/wp\/v2\/media\/110808"}],"wp:attachment":[{"href":"https:\/\/www.hediyepazar.com\/index.php?rest_route=%2Fwp%2Fv2%2Fmedia&parent=110809"}],"wp:term":[{"taxonomy":"product_brand","embeddable":true,"href":"https:\/\/www.hediyepazar.com\/index.php?rest_route=%2Fwp%2Fv2%2Fproduct_brand&post=110809"},{"taxonomy":"product_cat","embeddable":true,"href":"https:\/\/www.hediyepazar.com\/index.php?rest_route=%2Fwp%2Fv2%2Fproduct_cat&post=110809"},{"taxonomy":"product_tag","embeddable":true,"href":"https:\/\/www.hediyepazar.com\/index.php?rest_route=%2Fwp%2Fv2%2Fproduct_tag&post=110809"}],"curies":[{"name":"wp","href":"https:\/\/api.w.org\/{rel}","templated":true}]}}