{"id":110833,"date":"2026-05-05T05:35:20","date_gmt":"2026-05-05T08:35:20","guid":{"rendered":"https:\/\/www.hediyepazar.com\/?product=g-66-plus"},"modified":"2026-05-05T05:35:20","modified_gmt":"2026-05-05T08:35:20","slug":"g-66-plus","status":"publish","type":"product","link":"https:\/\/www.hediyepazar.com\/?product=g-66-plus","title":{"rendered":"G 66 PLUS"},"content":{"rendered":"<p>800-1000 mAh batarya kapasitesi, uzun s\u00fcreli kullan\u0131m i\u00e7in idealdir Sesli g\u00f6r\u00fc\u015fme \u00f6zelli\u011fi sayesinde eller serbest aramalar yapabilirsiniz \u015e\u0131k siyah kordon ve kasa renkleriyle modern bir tasar\u0131ma sahiptir Uyku takibi ile uyku d\u00fczeninizi izleyerek daha sa\u011fl\u0131kl\u0131 bir ya\u015fam s\u00fcrmenize yard\u0131mc\u0131 olur Titre\u015fim bildirimleri ile \u00f6nemli uyar\u0131lar\u0131 ka\u00e7\u0131rmazs\u0131n\u0131z Nab\u0131z sens\u00f6r\u00fc ile kalp at\u0131\u015f h\u0131z\u0131n\u0131z\u0131 s\u00fcrekli olarak takip edebilirsiniz Ad\u0131msayar \u00f6zelli\u011fi sayesinde g\u00fcnl\u00fck aktivitelerinizi kolayca kaydedebilirsiniz Sim Kart: Yok Haf\u0131za Kart\u0131: Yok Uyumlu Sistem: Ios \/ Android Sistemi Android Sistemi: Android 4.4 Ve \u00dcst\u00fc Deste\u011fi Ios Sistemi: Ios 10.0 Veya \u00dczeri Fonksiyonlar: Kablosuz \u015earj, Bluetooth Sesli G\u00f6r\u00fc\u015fme, Yak\u0131nlar\u0131n Sa\u011fl\u0131k Verilerini G\u00f6r\u00fcnt\u00fcleme, C\u00fczdan, Ad\u0131msayar, Kalori \u00d6l\u00e7\u00fcm\u00fc, Mesafe \u00d6l\u00e7\u00fcm\u00fc, Spor Modlar\u0131, Kol Hareketi \u0130le Ekran Uyand\u0131rma, Uyku Analizi, Arama Hat\u0131rlat\u0131c\u0131s\u0131, Mesaj Bildirimleri, Oturma\/Kalkma Uyar\u0131s\u0131, Ba\u011f\u0131ms\u0131z Alarm, Kronometre, Saat Bul, Hava Durumu, Ekran Kilidi, Numara \u00c7evirme Ekran\u0131, K\u0131sayol Men\u00fcleri, 3d Dinamik Kadran Deste\u011fi, Bas\u0131n\u00e7 \u00d6l\u00e7\u00fcm\u00fc, M\u00fczik Kontrol, Nefes Egzersizleri, Nab\u0131z \u00d6l\u00e7\u00fcm\u00fc, Kan Bas\u0131n\u00e7 \u00d6l\u00e7\u00fcm\u00fc, Hesap Makinesi, Sosyal Medya Bildirimleri, Parlakl\u0131k Ayar\u0131, Nfc, G\u00fc\u00e7 Tasarrufu Modu. Desteklenen Diller: T\u00fcrk\u00e7e, \u0130ngilizce, \u00c7ince, Geleneksel \u00c7ince, Danca, Yunanca, Latin, Romence, \u0130branice, \u00c7ek\u00e7e, Leh\u00e7e, \u0130spanyolca, Almanca, Rus\u00e7a, Portekizce, Frans\u0131zca, Japonca, \u0130talyan, Vietnamca, Korece, Arap\u00e7a, Farsi \u00a0Su Ge\u00e7irmez Eller Ve Ya\u011fmurlu G\u00fcnlerde Y\u0131karken Saatin Normal Olarak Kullan\u0131lmas\u0131na \u0130zin Verir, Ancak Y\u00fczme Ve Banyo Yapmas\u0131na \u0130zin Vermez. (El Dezenfektan\u0131 Gibi A\u015f\u0131nd\u0131r\u0131c\u0131 S\u0131v\u0131lar\u0131 \u00d6nlemek \u0130\u00e7in L\u00fctfen Dikkatli Olun, Sabun Saatine Girin Ve Bile\u015fen Hasar\u0131na Neden Olun.)<\/p>\n","protected":false},"excerpt":{"rendered":"<p>800-1000 mAh batarya kapasitesi, uzun s\u00fcreli kullan\u0131m i\u00e7in idealdir Sesli g\u00f6r\u00fc\u015fme \u00f6zelli\u011fi sayesinde eller serbest aramalar yapabilirsiniz \u015e\u0131k siyah kordon ve kasa renkleriyle modern bir tasar\u0131ma sahiptir Uyku takibi ile uyku d\u00fczeninizi izleyerek daha sa\u011fl\u0131kl\u0131 bir ya\u015fam s\u00fcrmenize yard\u0131mc\u0131 olur Titre\u015fim bildirimleri ile \u00f6nemli uyar\u0131lar\u0131 ka\u00e7\u0131rmazs\u0131n\u0131z Nab\u0131z sens\u00f6r\u00fc ile kalp at\u0131\u015f h\u0131z\u0131n\u0131z\u0131 s\u00fcrekli olarak takip&#8230;<\/p>\n","protected":false},"featured_media":110832,"comment_status":"open","ping_status":"closed","template":"","meta":{"_kad_post_transparent":"","_kad_post_title":"","_kad_post_layout":"","_kad_post_sidebar_id":"","_kad_post_content_style":"","_kad_post_vertical_padding":"","_kad_post_feature":"","_kad_post_feature_position":"","_kad_post_header":false,"_kad_post_footer":false,"_kad_post_classname":""},"product_brand":[],"product_cat":[14935],"product_tag":[],"class_list":{"0":"post-110833","1":"product","2":"type-product","3":"status-publish","4":"has-post-thumbnail","6":"product_cat-akilli-saatler-akilli-saatler","8":"first","9":"instock","10":"purchasable","11":"product-type-simple","12":"entry","13":"content-bg","14":"loop-entry"},"_links":{"self":[{"href":"https:\/\/www.hediyepazar.com\/index.php?rest_route=\/wp\/v2\/product\/110833","targetHints":{"allow":["GET"]}}],"collection":[{"href":"https:\/\/www.hediyepazar.com\/index.php?rest_route=\/wp\/v2\/product"}],"about":[{"href":"https:\/\/www.hediyepazar.com\/index.php?rest_route=\/wp\/v2\/types\/product"}],"replies":[{"embeddable":true,"href":"https:\/\/www.hediyepazar.com\/index.php?rest_route=%2Fwp%2Fv2%2Fcomments&post=110833"}],"wp:featuredmedia":[{"embeddable":true,"href":"https:\/\/www.hediyepazar.com\/index.php?rest_route=\/wp\/v2\/media\/110832"}],"wp:attachment":[{"href":"https:\/\/www.hediyepazar.com\/index.php?rest_route=%2Fwp%2Fv2%2Fmedia&parent=110833"}],"wp:term":[{"taxonomy":"product_brand","embeddable":true,"href":"https:\/\/www.hediyepazar.com\/index.php?rest_route=%2Fwp%2Fv2%2Fproduct_brand&post=110833"},{"taxonomy":"product_cat","embeddable":true,"href":"https:\/\/www.hediyepazar.com\/index.php?rest_route=%2Fwp%2Fv2%2Fproduct_cat&post=110833"},{"taxonomy":"product_tag","embeddable":true,"href":"https:\/\/www.hediyepazar.com\/index.php?rest_route=%2Fwp%2Fv2%2Fproduct_tag&post=110833"}],"curies":[{"name":"wp","href":"https:\/\/api.w.org\/{rel}","templated":true}]}}