{"id":110909,"date":"2026-05-05T05:49:14","date_gmt":"2026-05-05T08:49:14","guid":{"rendered":"https:\/\/www.hediyepazar.com\/?product=aux-kit"},"modified":"2026-05-05T05:49:14","modified_gmt":"2026-05-05T08:49:14","slug":"aux-kit","status":"publish","type":"product","link":"https:\/\/www.hediyepazar.com\/?product=aux-kit","title":{"rendered":"AUX K\u0130T"},"content":{"rendered":"<p>Bluetooth \u00c7evirici Aux KitiBluetooth Ara\u00e7 Kiti Aux Transmitter Kablosuz Mikrofonlu Oto Mp3 \u00c7alard\u0131r.Teyp \u00c7evirici 3.5 mm Giri\u015flidir.T\u00fcm cihazlara ve markalara uyumludur.Araban\u0131zda, Evinizde her t\u00fcrl\u00fc ses \u00e7\u0131k\u0131\u015f\u0131 olan \u00fcr\u00fcnden bluetooth yoluyla ses alabilirsiniz.Eski kaset \u00e7alarlar\u0131n\u0131z\u0131, bilgisayar hoparl\u00f6r\u00fcn\u00fcz\u00fcn\u00fc bluetooth\u2019a \u00e7evirin ve oturdu\u011funuz yerden cep telefonunuz ile kontrol edin. Hatta Kulakl\u0131\u011f\u0131n\u0131za tak\u0131n ve onu bir bluetooth kulakl\u0131\u011fa d\u00f6n\u00fc\u015ft\u00fcr\u00fcn.Mevcut ev veya ara\u00e7 ses sistemine ak\u0131ll\u0131 telefonu ya da MP3 \u00e7alar m\u00fczik dinleyin.Araba i\u00e7inde eller serbest telefonla konu\u015fabilirsiniz ve telefondaki b\u00fct\u00fcn sesleri ara\u00e7 m\u00fczik sistemine g\u00f6nderebilirsiniz. Ayr\u0131ca kendi kulakl\u0131\u011f\u0131n\u0131z\u0131 ba\u011flayarak bluetooth \u00f6zelli\u011fi kazand\u0131rabilirsiniz.Sadece bir d\u00fc\u011fmeye kullanarak, kolayca m\u00fczik ve telefon aras\u0131nda ge\u00e7i\u015f yapabilirsiniz.Otomobil i\u00e7inde bulunan m\u00fczik sistemini aux giri\u015fi olan b\u00fct\u00fcn cihazlarda kullan\u0131labilir.Araba i\u00e7inde eller serbest telefonla konu\u015fabilirsiniz ve telefondaki b\u00fct\u00fcn sesleri ara\u00e7 m\u00fczik sistemine g\u00f6nderebilirsiniz. Ayr\u0131ca blutooth kulakl\u0131k olarak kullanabilirsiniz.Sadece bir d\u00fc\u011fmeye kullanarak, kolayca m\u00fczik ve telefon aras\u0131nda ge\u00e7i\u015f yapabilirsiniz.Bu m\u00fczik al\u0131c\u0131s\u0131 (eller-serbest) cep telefonu veya vericiler m\u00fczik almak i\u00e7in tasarlanm\u0131\u015ft\u0131r. Bu \u00f6zellik bluetooth kablosuz teknolojisi. Bu m\u00fczik al\u0131c\u0131s\u0131 otomobil i\u00e7inde bulunan m\u00fczik sistemini aux giri\u015fi olan b\u00fct\u00fcn cihazlarda bir ses giri\u015f jak\u0131 ile kullan\u0131labilir.\u00a0\u00a0Bluetooth standard\u0131 : Bluetooth v3.0 + edr, s\u0131n\u0131f 02:33\u0130letim mesafesi : 10mStereo ses profili : a2dpFrekans : 2.4ghzSertifikal\u0131 bqb, ce ve fcc3.5mm stereo ses \u00e7\u0131k\u0131\u015f\u0131Uyku moduG\u00fc\u00e7 kayna\u011f\u0131 : \u015earj mini-usb kablosu ile\u00c7al\u0131\u015fma s\u00fcresi : 8 saate kadar Ara\u00e7 \u015farj usb giri\u015fi ile \u015farj edebilirsiniz.<\/p>\n","protected":false},"excerpt":{"rendered":"<p>Bluetooth \u00c7evirici Aux KitiBluetooth Ara\u00e7 Kiti Aux Transmitter Kablosuz Mikrofonlu Oto Mp3 \u00c7alard\u0131r.Teyp \u00c7evirici 3.5 mm Giri\u015flidir.T\u00fcm cihazlara ve markalara uyumludur.Araban\u0131zda, Evinizde her t\u00fcrl\u00fc ses \u00e7\u0131k\u0131\u015f\u0131 olan \u00fcr\u00fcnden bluetooth yoluyla ses alabilirsiniz.Eski kaset \u00e7alarlar\u0131n\u0131z\u0131, bilgisayar hoparl\u00f6r\u00fcn\u00fcz\u00fcn\u00fc bluetooth\u2019a \u00e7evirin ve oturdu\u011funuz yerden cep telefonunuz ile kontrol edin. Hatta Kulakl\u0131\u011f\u0131n\u0131za tak\u0131n ve onu bir bluetooth kulakl\u0131\u011fa d\u00f6n\u00fc\u015ft\u00fcr\u00fcn.Mevcut&#8230;<\/p>\n","protected":false},"featured_media":110908,"comment_status":"open","ping_status":"closed","template":"","meta":{"_kad_post_transparent":"","_kad_post_title":"","_kad_post_layout":"","_kad_post_sidebar_id":"","_kad_post_content_style":"","_kad_post_vertical_padding":"","_kad_post_feature":"","_kad_post_feature_position":"","_kad_post_header":false,"_kad_post_footer":false,"_kad_post_classname":""},"product_brand":[],"product_cat":[15027],"product_tag":[],"class_list":{"0":"post-110909","1":"product","2":"type-product","3":"status-publish","4":"has-post-thumbnail","6":"product_cat-multimedya-ve-goruntu-sistemleri-multimedya-ve-goruntu-sistemleri","8":"first","9":"instock","10":"purchasable","11":"product-type-simple","12":"entry","13":"content-bg","14":"loop-entry"},"_links":{"self":[{"href":"https:\/\/www.hediyepazar.com\/index.php?rest_route=\/wp\/v2\/product\/110909","targetHints":{"allow":["GET"]}}],"collection":[{"href":"https:\/\/www.hediyepazar.com\/index.php?rest_route=\/wp\/v2\/product"}],"about":[{"href":"https:\/\/www.hediyepazar.com\/index.php?rest_route=\/wp\/v2\/types\/product"}],"replies":[{"embeddable":true,"href":"https:\/\/www.hediyepazar.com\/index.php?rest_route=%2Fwp%2Fv2%2Fcomments&post=110909"}],"wp:featuredmedia":[{"embeddable":true,"href":"https:\/\/www.hediyepazar.com\/index.php?rest_route=\/wp\/v2\/media\/110908"}],"wp:attachment":[{"href":"https:\/\/www.hediyepazar.com\/index.php?rest_route=%2Fwp%2Fv2%2Fmedia&parent=110909"}],"wp:term":[{"taxonomy":"product_brand","embeddable":true,"href":"https:\/\/www.hediyepazar.com\/index.php?rest_route=%2Fwp%2Fv2%2Fproduct_brand&post=110909"},{"taxonomy":"product_cat","embeddable":true,"href":"https:\/\/www.hediyepazar.com\/index.php?rest_route=%2Fwp%2Fv2%2Fproduct_cat&post=110909"},{"taxonomy":"product_tag","embeddable":true,"href":"https:\/\/www.hediyepazar.com\/index.php?rest_route=%2Fwp%2Fv2%2Fproduct_tag&post=110909"}],"curies":[{"name":"wp","href":"https:\/\/api.w.org\/{rel}","templated":true}]}}