{"id":110919,"date":"2026-05-05T05:50:13","date_gmt":"2026-05-05T08:50:13","guid":{"rendered":"https:\/\/www.hediyepazar.com\/?product=disko-topu"},"modified":"2026-05-05T05:50:13","modified_gmt":"2026-05-05T08:50:13","slug":"disko-topu","status":"publish","type":"product","link":"https:\/\/www.hediyepazar.com\/?product=disko-topu","title":{"rendered":"D\u0130SKO TOPU"},"content":{"rendered":"<p>Sese Duyarl\u0131 Disko TopuSD Kart ve USB Giri\u015fli LED Disko I\u015f\u0131kl\u0131 Speaker Hoparl\u00f6r (Kumandal\u0131)M\u00fczik dinlemek hi\u00e7 bu kadar e\u011flenceli olmam\u0131\u015ft\u0131.Odan\u0131zda m\u00fczik dinlerken ortama harika bir g\u00f6rsel \u015f\u00f6len ya\u015fatmaya ne dersiniz ?Partilerinizde ve kutlamalar\u0131n\u0131zda SD Kart ve USB Giri\u015fli LED I\u015f\u0131kl\u0131 Kristal Yar\u0131m K\u00fcre var ise ba\u015fka bir \u015feye ihtiyac\u0131\u0131nz yoktur.SD Kart ve USB Giri\u015fli LED I\u015f\u0131kl\u0131 Kristal Yar\u0131m K\u00fcre ile k\u0131rm\u0131z\u0131, mavi ve ye\u015fil olmak \u00fczere 3 farkl\u0131 renk kombinasyonu m\u00fczik ritmine ayak uyduruyor.SD kart veya USB Bellek deste\u011fiyle istedi\u011finiz \u015fark\u0131y\u0131 SD Kart yada USB Belle\u011finize y\u00fckleyin ve kumanda sayesinde yada \u00fczerinde yer alan tu\u015flar\u0131 sayesinde m\u00fczi\u011fi ba\u015flat\u0131n.M\u00fczi\u011fin ritmine g\u00f6re i\u00e7erisinde yer alan led lambalar hareketli olarak yan\u0131p s\u00f6nmeye ba\u015flayacakt\u0131r.\u00dcr\u00fcn\u00fc prize ilk takt\u0131\u011f\u0131n\u0131zda sadece d\u00f6nerek led \u0131\u015f\u0131k sa\u00e7acakt\u0131r.Dahili hoparl\u00f6r, iyi bir ses kalitesi Bulundu\u011fu ortam\u0131 ayd\u0131nlatan g\u00fc\u00e7l\u00fc LED \u0131\u015f\u0131k Tak \u00e7al\u0131\u015ft\u0131r sistemiyle prize takt\u0131\u011f\u0131n\u0131z andan itibaren \u00fcr\u00fcn\u00fc kolayl\u0131kla \u00e7al\u0131\u015ft\u0131rabilirsiniz.Uzaktan kumanda ile ses kontrol\u00fc ve m\u00fczikler aras\u0131 ge\u00e7i\u015f rahatl\u0131kla sa\u011flanabilir.1,5 Kg a\u011f\u0131rl\u0131\u011f\u0131ndad\u0131r.Paket i\u00e7erisinden \u00e7\u0131kan Hediye USB Bellek 128 MB haf\u0131zaya sahiptir.USB Bellek i\u00e7erisinde toplam 17 adet deneme ama\u00e7l\u0131 m\u00fczik y\u00fckl\u00fcd\u00fcr.\u0130sterseniz USB Belle\u011fi bilgisayar\u0131n\u0131za tak\u0131p i\u00e7indeki m\u00fczikleri silip,y\u00fckleyebilirsiniz.<\/p>\n","protected":false},"excerpt":{"rendered":"<p>Sese Duyarl\u0131 Disko TopuSD Kart ve USB Giri\u015fli LED Disko I\u015f\u0131kl\u0131 Speaker Hoparl\u00f6r (Kumandal\u0131)M\u00fczik dinlemek hi\u00e7 bu kadar e\u011flenceli olmam\u0131\u015ft\u0131.Odan\u0131zda m\u00fczik dinlerken ortama harika bir g\u00f6rsel \u015f\u00f6len ya\u015fatmaya ne dersiniz ?Partilerinizde ve kutlamalar\u0131n\u0131zda SD Kart ve USB Giri\u015fli LED I\u015f\u0131kl\u0131 Kristal Yar\u0131m K\u00fcre var ise ba\u015fka bir \u015feye ihtiyac\u0131\u0131nz yoktur.SD Kart ve USB Giri\u015fli LED&#8230;<\/p>\n","protected":false},"featured_media":110918,"comment_status":"open","ping_status":"closed","template":"","meta":{"_kad_post_transparent":"","_kad_post_title":"","_kad_post_layout":"","_kad_post_sidebar_id":"","_kad_post_content_style":"","_kad_post_vertical_padding":"","_kad_post_feature":"","_kad_post_feature_position":"","_kad_post_header":false,"_kad_post_footer":false,"_kad_post_classname":""},"product_brand":[],"product_cat":[14987],"product_tag":[],"class_list":{"0":"post-110919","1":"product","2":"type-product","3":"status-publish","4":"has-post-thumbnail","6":"product_cat-cocuk-kamera-cocuk-kamera","8":"first","9":"instock","10":"purchasable","11":"product-type-simple","12":"entry","13":"content-bg","14":"loop-entry"},"_links":{"self":[{"href":"https:\/\/www.hediyepazar.com\/index.php?rest_route=\/wp\/v2\/product\/110919","targetHints":{"allow":["GET"]}}],"collection":[{"href":"https:\/\/www.hediyepazar.com\/index.php?rest_route=\/wp\/v2\/product"}],"about":[{"href":"https:\/\/www.hediyepazar.com\/index.php?rest_route=\/wp\/v2\/types\/product"}],"replies":[{"embeddable":true,"href":"https:\/\/www.hediyepazar.com\/index.php?rest_route=%2Fwp%2Fv2%2Fcomments&post=110919"}],"wp:featuredmedia":[{"embeddable":true,"href":"https:\/\/www.hediyepazar.com\/index.php?rest_route=\/wp\/v2\/media\/110918"}],"wp:attachment":[{"href":"https:\/\/www.hediyepazar.com\/index.php?rest_route=%2Fwp%2Fv2%2Fmedia&parent=110919"}],"wp:term":[{"taxonomy":"product_brand","embeddable":true,"href":"https:\/\/www.hediyepazar.com\/index.php?rest_route=%2Fwp%2Fv2%2Fproduct_brand&post=110919"},{"taxonomy":"product_cat","embeddable":true,"href":"https:\/\/www.hediyepazar.com\/index.php?rest_route=%2Fwp%2Fv2%2Fproduct_cat&post=110919"},{"taxonomy":"product_tag","embeddable":true,"href":"https:\/\/www.hediyepazar.com\/index.php?rest_route=%2Fwp%2Fv2%2Fproduct_tag&post=110919"}],"curies":[{"name":"wp","href":"https:\/\/api.w.org\/{rel}","templated":true}]}}