{"id":110979,"date":"2026-05-05T06:01:12","date_gmt":"2026-05-05T09:01:12","guid":{"rendered":"https:\/\/www.hediyepazar.com\/?product=vucut-masaj-aleti-ergonomik-tasarim-guclu-ovmali-masaj-teknolojisi"},"modified":"2026-05-05T06:01:12","modified_gmt":"2026-05-05T09:01:12","slug":"vucut-masaj-aleti-ergonomik-tasarim-guclu-ovmali-masaj-teknolojisi","status":"publish","type":"product","link":"https:\/\/www.hediyepazar.com\/?product=vucut-masaj-aleti-ergonomik-tasarim-guclu-ovmali-masaj-teknolojisi","title":{"rendered":"V\u00fccut Masaj Aleti \u2013 Ergonomik Tasar\u0131m G\u00fc\u00e7l\u00fc Ovmal\u0131 Masaj Teknolojisi"},"content":{"rendered":"<p>D\u00fczenli masaj uygulamalar\u0131 yaln\u0131zca kas rahatlamas\u0131n\u0131 sa\u011flamakla kalmaz, ayn\u0131 zamanda bir\u00e7ok fiziksel ve ruhsal fayda da sunar. Uyku kalitesini art\u0131r\u0131r, stres seviyelerini azalt\u0131r, enerji d\u00fczeyini y\u00fckseltir. Masaj, mide ve ba\u011f\u0131rsak fonksiyonlar\u0131n\u0131 destekleyerek sindirimi kolayla\u015ft\u0131r\u0131r, kab\u0131zl\u0131k ve \u015fi\u015fkinlik gibi sorunlar\u0131n \u00f6n\u00fcne ge\u00e7er. Ayn\u0131 zamanda kan ve lenf dola\u015f\u0131m\u0131n\u0131 d\u00fczenleyerek ba\u011f\u0131\u015f\u0131kl\u0131k sistemini destekler ve v\u00fccudun i\u00e7 dengesini korur.<\/p>\n","protected":false},"excerpt":{"rendered":"<p>D\u00fczenli masaj uygulamalar\u0131 yaln\u0131zca kas rahatlamas\u0131n\u0131 sa\u011flamakla kalmaz, ayn\u0131 zamanda bir\u00e7ok fiziksel ve ruhsal fayda da sunar. Uyku kalitesini art\u0131r\u0131r, stres seviyelerini azalt\u0131r, enerji d\u00fczeyini y\u00fckseltir. Masaj, mide ve ba\u011f\u0131rsak fonksiyonlar\u0131n\u0131 destekleyerek sindirimi kolayla\u015ft\u0131r\u0131r, kab\u0131zl\u0131k ve \u015fi\u015fkinlik gibi sorunlar\u0131n \u00f6n\u00fcne ge\u00e7er. Ayn\u0131 zamanda kan ve lenf dola\u015f\u0131m\u0131n\u0131 d\u00fczenleyerek ba\u011f\u0131\u015f\u0131kl\u0131k sistemini destekler ve v\u00fccudun i\u00e7 dengesini&#8230;<\/p>\n","protected":false},"featured_media":110978,"comment_status":"open","ping_status":"closed","template":"","meta":{"_kad_post_transparent":"","_kad_post_title":"","_kad_post_layout":"","_kad_post_sidebar_id":"","_kad_post_content_style":"","_kad_post_vertical_padding":"","_kad_post_feature":"","_kad_post_feature_position":"","_kad_post_header":false,"_kad_post_footer":false,"_kad_post_classname":""},"product_brand":[],"product_cat":[14939],"product_tag":[],"class_list":{"0":"post-110979","1":"product","2":"type-product","3":"status-publish","4":"has-post-thumbnail","6":"product_cat-masaj-cihazi-masaj-cihazi","8":"first","9":"instock","10":"purchasable","11":"product-type-simple","12":"entry","13":"content-bg","14":"loop-entry"},"_links":{"self":[{"href":"https:\/\/www.hediyepazar.com\/index.php?rest_route=\/wp\/v2\/product\/110979","targetHints":{"allow":["GET"]}}],"collection":[{"href":"https:\/\/www.hediyepazar.com\/index.php?rest_route=\/wp\/v2\/product"}],"about":[{"href":"https:\/\/www.hediyepazar.com\/index.php?rest_route=\/wp\/v2\/types\/product"}],"replies":[{"embeddable":true,"href":"https:\/\/www.hediyepazar.com\/index.php?rest_route=%2Fwp%2Fv2%2Fcomments&post=110979"}],"wp:featuredmedia":[{"embeddable":true,"href":"https:\/\/www.hediyepazar.com\/index.php?rest_route=\/wp\/v2\/media\/110978"}],"wp:attachment":[{"href":"https:\/\/www.hediyepazar.com\/index.php?rest_route=%2Fwp%2Fv2%2Fmedia&parent=110979"}],"wp:term":[{"taxonomy":"product_brand","embeddable":true,"href":"https:\/\/www.hediyepazar.com\/index.php?rest_route=%2Fwp%2Fv2%2Fproduct_brand&post=110979"},{"taxonomy":"product_cat","embeddable":true,"href":"https:\/\/www.hediyepazar.com\/index.php?rest_route=%2Fwp%2Fv2%2Fproduct_cat&post=110979"},{"taxonomy":"product_tag","embeddable":true,"href":"https:\/\/www.hediyepazar.com\/index.php?rest_route=%2Fwp%2Fv2%2Fproduct_tag&post=110979"}],"curies":[{"name":"wp","href":"https:\/\/api.w.org\/{rel}","templated":true}]}}