{"id":111066,"date":"2026-05-05T06:15:20","date_gmt":"2026-05-05T09:15:20","guid":{"rendered":"https:\/\/www.hediyepazar.com\/?product=10-kg-kapasiteli-lcd-ekranli-dijital-mutfak-tartis"},"modified":"2026-05-05T06:15:20","modified_gmt":"2026-05-05T09:15:20","slug":"10-kg-kapasiteli-lcd-ekranli-dijital-mutfak-tartis","status":"publish","type":"product","link":"https:\/\/www.hediyepazar.com\/?product=10-kg-kapasiteli-lcd-ekranli-dijital-mutfak-tartis","title":{"rendered":"10 Kg Kapasiteli LCD Ekranl\u0131 Dijital Mutfak Tart\u0131s"},"content":{"rendered":"<p>Terazinin kompakt boyutlar\u0131 (24 x 16.8 x 1.5 cm) sayesinde mutfakta fazla yer kaplamaz. Net a\u011f\u0131rl\u0131\u011f\u0131 yaln\u0131zca 220 gram olan cihaz, ta\u015f\u0131nabilirli\u011fi ile de \u00f6ne \u00e7\u0131kar. Y\u00fcksek kaliteli beyaz plastik g\u00f6vdesi hem sa\u011flaml\u0131k hem de estetik a\u00e7\u0131dan mutfak dekoruna \u015f\u0131kl\u0131k katar.<\/p>\n","protected":false},"excerpt":{"rendered":"<p>Terazinin kompakt boyutlar\u0131 (24 x 16.8 x 1.5 cm) sayesinde mutfakta fazla yer kaplamaz. Net a\u011f\u0131rl\u0131\u011f\u0131 yaln\u0131zca 220 gram olan cihaz, ta\u015f\u0131nabilirli\u011fi ile de \u00f6ne \u00e7\u0131kar. Y\u00fcksek kaliteli beyaz plastik g\u00f6vdesi hem sa\u011flaml\u0131k hem de estetik a\u00e7\u0131dan mutfak dekoruna \u015f\u0131kl\u0131k katar.<\/p>\n","protected":false},"featured_media":111065,"comment_status":"open","ping_status":"closed","template":"","meta":{"_kad_post_transparent":"","_kad_post_title":"","_kad_post_layout":"","_kad_post_sidebar_id":"","_kad_post_content_style":"","_kad_post_vertical_padding":"","_kad_post_feature":"","_kad_post_feature_position":"","_kad_post_header":false,"_kad_post_footer":false,"_kad_post_classname":""},"product_brand":[],"product_cat":[15031],"product_tag":[],"class_list":{"0":"post-111066","1":"product","2":"type-product","3":"status-publish","4":"has-post-thumbnail","6":"product_cat-mutfak-tartisi-mutfak-tartisi","8":"first","9":"instock","10":"purchasable","11":"product-type-simple","12":"entry","13":"content-bg","14":"loop-entry"},"_links":{"self":[{"href":"https:\/\/www.hediyepazar.com\/index.php?rest_route=\/wp\/v2\/product\/111066","targetHints":{"allow":["GET"]}}],"collection":[{"href":"https:\/\/www.hediyepazar.com\/index.php?rest_route=\/wp\/v2\/product"}],"about":[{"href":"https:\/\/www.hediyepazar.com\/index.php?rest_route=\/wp\/v2\/types\/product"}],"replies":[{"embeddable":true,"href":"https:\/\/www.hediyepazar.com\/index.php?rest_route=%2Fwp%2Fv2%2Fcomments&post=111066"}],"wp:featuredmedia":[{"embeddable":true,"href":"https:\/\/www.hediyepazar.com\/index.php?rest_route=\/wp\/v2\/media\/111065"}],"wp:attachment":[{"href":"https:\/\/www.hediyepazar.com\/index.php?rest_route=%2Fwp%2Fv2%2Fmedia&parent=111066"}],"wp:term":[{"taxonomy":"product_brand","embeddable":true,"href":"https:\/\/www.hediyepazar.com\/index.php?rest_route=%2Fwp%2Fv2%2Fproduct_brand&post=111066"},{"taxonomy":"product_cat","embeddable":true,"href":"https:\/\/www.hediyepazar.com\/index.php?rest_route=%2Fwp%2Fv2%2Fproduct_cat&post=111066"},{"taxonomy":"product_tag","embeddable":true,"href":"https:\/\/www.hediyepazar.com\/index.php?rest_route=%2Fwp%2Fv2%2Fproduct_tag&post=111066"}],"curies":[{"name":"wp","href":"https:\/\/api.w.org\/{rel}","templated":true}]}}