{"id":111072,"date":"2026-05-05T06:17:11","date_gmt":"2026-05-05T09:17:11","guid":{"rendered":"https:\/\/www.hediyepazar.com\/?product=hassas-olcum-icin-dijital-mutfak-tartisi-10-kg-kapasiteli"},"modified":"2026-05-05T06:17:11","modified_gmt":"2026-05-05T09:17:11","slug":"hassas-olcum-icin-dijital-mutfak-tartisi-10-kg-kapasiteli","status":"publish","type":"product","link":"https:\/\/www.hediyepazar.com\/?product=hassas-olcum-icin-dijital-mutfak-tartisi-10-kg-kapasiteli","title":{"rendered":"Hassas \u00d6l\u00e7\u00fcm \u0130\u00e7in Dijital Mutfak Tart\u0131s\u0131 \u2013 10 Kg Kapasiteli"},"content":{"rendered":"<p>Bu dijital mutfak tart\u0131s\u0131, 1 gram hassasiyetle \u00f6l\u00e7\u00fcm yapabilme \u00f6zelli\u011fi sayesinde mutfakta profesyonel tariflerin tam \u00f6l\u00e7\u00fcs\u00fcnde haz\u0131rlanmas\u0131na yard\u0131mc\u0131 olur. Maksimum 10 kg kapasitesiyle yaln\u0131zca k\u00fc\u00e7\u00fck porsiyonlar de\u011fil, b\u00fcy\u00fck hacimli malzemeler de kolayca tart\u0131labilir. Hem ev kullan\u0131c\u0131lar\u0131 hem de profesyonel mutfaklar i\u00e7in ideal bir \u00fcr\u00fcnd\u00fcr.<\/p>\n","protected":false},"excerpt":{"rendered":"<p>Bu dijital mutfak tart\u0131s\u0131, 1 gram hassasiyetle \u00f6l\u00e7\u00fcm yapabilme \u00f6zelli\u011fi sayesinde mutfakta profesyonel tariflerin tam \u00f6l\u00e7\u00fcs\u00fcnde haz\u0131rlanmas\u0131na yard\u0131mc\u0131 olur. Maksimum 10 kg kapasitesiyle yaln\u0131zca k\u00fc\u00e7\u00fck porsiyonlar de\u011fil, b\u00fcy\u00fck hacimli malzemeler de kolayca tart\u0131labilir. Hem ev kullan\u0131c\u0131lar\u0131 hem de profesyonel mutfaklar i\u00e7in ideal bir \u00fcr\u00fcnd\u00fcr.<\/p>\n","protected":false},"featured_media":111071,"comment_status":"open","ping_status":"closed","template":"","meta":{"_kad_post_transparent":"","_kad_post_title":"","_kad_post_layout":"","_kad_post_sidebar_id":"","_kad_post_content_style":"","_kad_post_vertical_padding":"","_kad_post_feature":"","_kad_post_feature_position":"","_kad_post_header":false,"_kad_post_footer":false,"_kad_post_classname":""},"product_brand":[],"product_cat":[15031],"product_tag":[],"class_list":{"0":"post-111072","1":"product","2":"type-product","3":"status-publish","4":"has-post-thumbnail","6":"product_cat-mutfak-tartisi-mutfak-tartisi","8":"first","9":"instock","10":"purchasable","11":"product-type-simple","12":"entry","13":"content-bg","14":"loop-entry"},"_links":{"self":[{"href":"https:\/\/www.hediyepazar.com\/index.php?rest_route=\/wp\/v2\/product\/111072","targetHints":{"allow":["GET"]}}],"collection":[{"href":"https:\/\/www.hediyepazar.com\/index.php?rest_route=\/wp\/v2\/product"}],"about":[{"href":"https:\/\/www.hediyepazar.com\/index.php?rest_route=\/wp\/v2\/types\/product"}],"replies":[{"embeddable":true,"href":"https:\/\/www.hediyepazar.com\/index.php?rest_route=%2Fwp%2Fv2%2Fcomments&post=111072"}],"wp:featuredmedia":[{"embeddable":true,"href":"https:\/\/www.hediyepazar.com\/index.php?rest_route=\/wp\/v2\/media\/111071"}],"wp:attachment":[{"href":"https:\/\/www.hediyepazar.com\/index.php?rest_route=%2Fwp%2Fv2%2Fmedia&parent=111072"}],"wp:term":[{"taxonomy":"product_brand","embeddable":true,"href":"https:\/\/www.hediyepazar.com\/index.php?rest_route=%2Fwp%2Fv2%2Fproduct_brand&post=111072"},{"taxonomy":"product_cat","embeddable":true,"href":"https:\/\/www.hediyepazar.com\/index.php?rest_route=%2Fwp%2Fv2%2Fproduct_cat&post=111072"},{"taxonomy":"product_tag","embeddable":true,"href":"https:\/\/www.hediyepazar.com\/index.php?rest_route=%2Fwp%2Fv2%2Fproduct_tag&post=111072"}],"curies":[{"name":"wp","href":"https:\/\/api.w.org\/{rel}","templated":true}]}}