{"id":111094,"date":"2026-05-05T06:24:11","date_gmt":"2026-05-05T09:24:11","guid":{"rendered":"https:\/\/www.hediyepazar.com\/?product=sarjli-epilasyon-cihazi-cok-baslikli-ayak-bakimina-uygun-epilator-aleti"},"modified":"2026-05-05T06:24:11","modified_gmt":"2026-05-05T09:24:11","slug":"sarjli-epilasyon-cihazi-cok-baslikli-ayak-bakimina-uygun-epilator-aleti","status":"publish","type":"product","link":"https:\/\/www.hediyepazar.com\/?product=sarjli-epilasyon-cihazi-cok-baslikli-ayak-bakimina-uygun-epilator-aleti","title":{"rendered":"\u015earjl\u0131 Epilasyon Cihaz\u0131 \u00c7ok Ba\u015fl\u0131kl\u0131 Ayak Bak\u0131m\u0131na Uygun Epilat\u00f6r Aleti"},"content":{"rendered":"<p>Bu \u00e7ok ama\u00e7l\u0131 \u015farjl\u0131 epilasyon cihaz\u0131, ki\u015fisel bak\u0131m\u0131n\u0131z\u0131 zahmetsizce yapabilmeniz i\u00e7in \u00f6zel olarak tasarlanm\u0131\u015ft\u0131r. D\u00f6rt farkl\u0131 ba\u015fl\u0131kla gelen bu set, v\u00fccudun farkl\u0131 b\u00f6lgelerine \u00f6zel ihtiya\u00e7lara uygun \u00e7\u00f6z\u00fcmler sunar. T\u00fcyleri k\u00f6k\u00fcnden alan epilasyon ba\u015fl\u0131\u011f\u0131, uzun s\u00fcre kal\u0131c\u0131 p\u00fcr\u00fczs\u00fczl\u00fck sa\u011flarken; t\u0131ra\u015f ba\u015fl\u0131\u011f\u0131 h\u0131zl\u0131 ve hassas bir tra\u015f deneyimi sunar. Ayak t\u00f6rp\u00fcs\u00fc olarak kullan\u0131labilen kal\u0131n ba\u015fl\u0131k, topuk ve sert b\u00f6lgelerdeki \u00f6l\u00fc deriyi kolayca temizlerken; ince t\u00f6rp\u00fc ba\u015fl\u0131\u011f\u0131 t\u0131rnak bak\u0131m\u0131nda pratiklik sa\u011flar.Cihaz\u0131n \u015farjl\u0131 yap\u0131s\u0131 sayesinde kabloya ihtiya\u00e7 duymadan serbest\u00e7e kullan\u0131labilir. Tam \u015farjla yakla\u015f\u0131k 45 dakika kesintisiz \u00e7al\u0131\u015fabilen \u00fcr\u00fcn, g\u00fcnl\u00fck bak\u0131m rutininiz i\u00e7in yeterli s\u00fcrede performans sunar. 8 saatlik \u015farj s\u00fcresiyle tam doluma ula\u015farak g\u00fcn boyu kullan\u0131m i\u00e7in haz\u0131r hale gelir. Ergonomik tasar\u0131m\u0131 sayesinde ele rahat oturur ve uzun s\u00fcreli kullan\u0131mlarda dahi konfor sa\u011flar.Paket i\u00e7eri\u011finde 1 adet epilasyon cihaz\u0131, 4 farkl\u0131 i\u015flevsel ba\u015fl\u0131k, 1 \u015farj adapt\u00f6r\u00fc ve bir temizlik f\u0131r\u00e7as\u0131 bulunur. Bu sayede hem kullan\u0131m\u0131 hem de temizli\u011fi kolay ve hijyenik bir deneyim sunar. Evde kendi bak\u0131m\u0131n\u0131 yapmak isteyen kullan\u0131c\u0131lar i\u00e7in etkili, fonksiyonel ve kullan\u0131\u015fl\u0131 bir \u00e7\u00f6z\u00fcm sunan bu cihaz, pratikli\u011fiyle g\u00fcnl\u00fck hayat\u0131n\u0131zda vazge\u00e7ilmez bir yer edinecek.&nbsp;&nbsp;&nbsp;<\/p>\n","protected":false},"excerpt":{"rendered":"<p>Bu \u00e7ok ama\u00e7l\u0131 \u015farjl\u0131 epilasyon cihaz\u0131, ki\u015fisel bak\u0131m\u0131n\u0131z\u0131 zahmetsizce yapabilmeniz i\u00e7in \u00f6zel olarak tasarlanm\u0131\u015ft\u0131r. D\u00f6rt farkl\u0131 ba\u015fl\u0131kla gelen bu set, v\u00fccudun farkl\u0131 b\u00f6lgelerine \u00f6zel ihtiya\u00e7lara uygun \u00e7\u00f6z\u00fcmler sunar. T\u00fcyleri k\u00f6k\u00fcnden alan epilasyon ba\u015fl\u0131\u011f\u0131, uzun s\u00fcre kal\u0131c\u0131 p\u00fcr\u00fczs\u00fczl\u00fck sa\u011flarken; t\u0131ra\u015f ba\u015fl\u0131\u011f\u0131 h\u0131zl\u0131 ve hassas bir tra\u015f deneyimi sunar. Ayak t\u00f6rp\u00fcs\u00fc olarak kullan\u0131labilen kal\u0131n ba\u015fl\u0131k, topuk ve&#8230;<\/p>\n","protected":false},"featured_media":111093,"comment_status":"open","ping_status":"closed","template":"","meta":{"_kad_post_transparent":"","_kad_post_title":"","_kad_post_layout":"","_kad_post_sidebar_id":"","_kad_post_content_style":"","_kad_post_vertical_padding":"","_kad_post_feature":"","_kad_post_feature_position":"","_kad_post_header":false,"_kad_post_footer":false,"_kad_post_classname":""},"product_brand":[],"product_cat":[14919],"product_tag":[],"class_list":{"0":"post-111094","1":"product","2":"type-product","3":"status-publish","4":"has-post-thumbnail","6":"product_cat-epilator-epilator","8":"first","9":"instock","10":"purchasable","11":"product-type-simple","12":"entry","13":"content-bg","14":"loop-entry"},"_links":{"self":[{"href":"https:\/\/www.hediyepazar.com\/index.php?rest_route=\/wp\/v2\/product\/111094","targetHints":{"allow":["GET"]}}],"collection":[{"href":"https:\/\/www.hediyepazar.com\/index.php?rest_route=\/wp\/v2\/product"}],"about":[{"href":"https:\/\/www.hediyepazar.com\/index.php?rest_route=\/wp\/v2\/types\/product"}],"replies":[{"embeddable":true,"href":"https:\/\/www.hediyepazar.com\/index.php?rest_route=%2Fwp%2Fv2%2Fcomments&post=111094"}],"wp:featuredmedia":[{"embeddable":true,"href":"https:\/\/www.hediyepazar.com\/index.php?rest_route=\/wp\/v2\/media\/111093"}],"wp:attachment":[{"href":"https:\/\/www.hediyepazar.com\/index.php?rest_route=%2Fwp%2Fv2%2Fmedia&parent=111094"}],"wp:term":[{"taxonomy":"product_brand","embeddable":true,"href":"https:\/\/www.hediyepazar.com\/index.php?rest_route=%2Fwp%2Fv2%2Fproduct_brand&post=111094"},{"taxonomy":"product_cat","embeddable":true,"href":"https:\/\/www.hediyepazar.com\/index.php?rest_route=%2Fwp%2Fv2%2Fproduct_cat&post=111094"},{"taxonomy":"product_tag","embeddable":true,"href":"https:\/\/www.hediyepazar.com\/index.php?rest_route=%2Fwp%2Fv2%2Fproduct_tag&post=111094"}],"curies":[{"name":"wp","href":"https:\/\/api.w.org\/{rel}","templated":true}]}}