{"id":111112,"date":"2026-05-05T06:27:15","date_gmt":"2026-05-05T09:27:15","guid":{"rendered":"https:\/\/www.hediyepazar.com\/?product=180-derece-donebilen-astronot-masa-ve-gece-lambasi-projektor"},"modified":"2026-05-05T06:27:15","modified_gmt":"2026-05-05T09:27:15","slug":"180-derece-donebilen-astronot-masa-ve-gece-lambasi-projektor","status":"publish","type":"product","link":"https:\/\/www.hediyepazar.com\/?product=180-derece-donebilen-astronot-masa-ve-gece-lambasi-projektor","title":{"rendered":"180 Derece D\u00f6nebilen Astronot Masa ve Gece Lambas\u0131 Projekt\u00f6r"},"content":{"rendered":"<p>Bu g\u00fcn bat\u0131m\u0131 efektli dekoratif lamba, sevimli astronot tasar\u0131m\u0131yla yaln\u0131zca bir ayd\u0131nlatma arac\u0131 de\u011fil, ayn\u0131 zamanda bulundu\u011fu ortama karakter katan \u015f\u0131k bir obje olarak \u00f6ne \u00e7\u0131kar. G\u00fcn bat\u0131m\u0131 \u0131\u015f\u0131k tonlar\u0131yla mekanlara s\u0131cakl\u0131k ve romantizm katan bu lamba, \u00f6zellikle estetik detaylara \u00f6nem veren kullan\u0131c\u0131lar i\u00e7in tasarlanm\u0131\u015ft\u0131r. Minimalist boyutlar\u0131 sayesinde ister evde ister d\u0131\u015f mek\u00e2nda kolayl\u0131kla kullan\u0131labilir.I\u015f\u0131k kayna\u011f\u0131 olarak kullan\u0131lan 5 Watt\u2019l\u0131k LED, enerji tasarrufuyla birlikte uzun \u00f6m\u00fcrl\u00fc ve g\u00f6z yormayan yumu\u015fak bir ayd\u0131nlatma sunar. Lamba kafas\u0131n\u0131n 360 derece yatay ve 60 derece dikey hareket edebilmesi, \u0131\u015f\u0131\u011f\u0131n y\u00f6n\u00fcn\u00fc ihtiyac\u0131n\u0131za g\u00f6re \u00f6zg\u00fcrce ayarlayabilmenizi sa\u011flar. B\u00f6ylece ister tavan\u0131 ister bir duvar\u0131 yumu\u015fak bir g\u00fcn bat\u0131m\u0131 tonuna b\u00fcr\u00fcyebilir, ister kitap okurken odakl\u0131 bir \u0131\u015f\u0131k elde edebilirsiniz.Dokunmatik kontrol paneli, kullan\u0131m kolayl\u0131\u011f\u0131 sa\u011flayarak lambay\u0131 a\u00e7ma, kapama ve parlakl\u0131k ayar\u0131 yapma imk\u00e2n\u0131 tan\u0131r. Ayn\u0131 zamanda \u015farjl\u0131 kullan\u0131m \u00f6zelli\u011fi sayesinde priz ba\u011f\u0131ml\u0131l\u0131\u011f\u0131n\u0131 ortadan kald\u0131r\u0131r; tam dolu batarya ile 3-4 saate kadar kesintisiz \u0131\u015f\u0131k sunar. USB kablosu ile kolayca \u015farj edilir ve kullan\u0131ma haz\u0131r hale gelir.Sadece ev i\u00e7inde de\u011fil, seyahatlerde, kamp etkinliklerinde ya da foto\u011fraf ve video \u00e7ekimlerinde de kullan\u0131labilecek \u015fekilde tasarlanm\u0131\u015f olan bu \u00fcr\u00fcn, yarat\u0131c\u0131 \u0131\u015f\u0131k efektleriyle foto\u011fraflar\u0131n\u0131za benzersiz bir hava katabilir. \u00d6zellikle yatak odas\u0131, oturma odas\u0131 ya da \u00e7al\u0131\u015fma alanlar\u0131nda hem \u015f\u0131kl\u0131k hem de i\u015flevsellik isteyen kullan\u0131c\u0131lar i\u00e7in ideal bir se\u00e7enektir.Gece lambas\u0131 olarak da kullan\u0131labilen bu astronot temal\u0131 \u0131\u015f\u0131k, huzur veren tonlar\u0131yla uykuya ge\u00e7i\u015fi kolayla\u015ft\u0131r\u0131r. Romantik ambiyanslar yaratmak isteyenler i\u00e7in m\u00fckemmel bir atmosfer sa\u011flayan bu \u00fcr\u00fcn, hediye alternatifi olarak da olduk\u00e7a dikkat \u00e7ekici ve anlaml\u0131d\u0131r.&nbsp;&nbsp;&nbsp;<\/p>\n","protected":false},"excerpt":{"rendered":"<p>Bu g\u00fcn bat\u0131m\u0131 efektli dekoratif lamba, sevimli astronot tasar\u0131m\u0131yla yaln\u0131zca bir ayd\u0131nlatma arac\u0131 de\u011fil, ayn\u0131 zamanda bulundu\u011fu ortama karakter katan \u015f\u0131k bir obje olarak \u00f6ne \u00e7\u0131kar. G\u00fcn bat\u0131m\u0131 \u0131\u015f\u0131k tonlar\u0131yla mekanlara s\u0131cakl\u0131k ve romantizm katan bu lamba, \u00f6zellikle estetik detaylara \u00f6nem veren kullan\u0131c\u0131lar i\u00e7in tasarlanm\u0131\u015ft\u0131r. Minimalist boyutlar\u0131 sayesinde ister evde ister d\u0131\u015f mek\u00e2nda kolayl\u0131kla kullan\u0131labilir.I\u015f\u0131k&#8230;<\/p>\n","protected":false},"featured_media":111111,"comment_status":"open","ping_status":"closed","template":"","meta":{"_kad_post_transparent":"","_kad_post_title":"","_kad_post_layout":"","_kad_post_sidebar_id":"","_kad_post_content_style":"","_kad_post_vertical_padding":"","_kad_post_feature":"","_kad_post_feature_position":"","_kad_post_header":false,"_kad_post_footer":false,"_kad_post_classname":""},"product_brand":[],"product_cat":[14967],"product_tag":[],"class_list":{"0":"post-111112","1":"product","2":"type-product","3":"status-publish","4":"has-post-thumbnail","6":"product_cat-gece-lambasi-gece-lambasi","8":"first","9":"instock","10":"purchasable","11":"product-type-simple","12":"entry","13":"content-bg","14":"loop-entry"},"_links":{"self":[{"href":"https:\/\/www.hediyepazar.com\/index.php?rest_route=\/wp\/v2\/product\/111112","targetHints":{"allow":["GET"]}}],"collection":[{"href":"https:\/\/www.hediyepazar.com\/index.php?rest_route=\/wp\/v2\/product"}],"about":[{"href":"https:\/\/www.hediyepazar.com\/index.php?rest_route=\/wp\/v2\/types\/product"}],"replies":[{"embeddable":true,"href":"https:\/\/www.hediyepazar.com\/index.php?rest_route=%2Fwp%2Fv2%2Fcomments&post=111112"}],"wp:featuredmedia":[{"embeddable":true,"href":"https:\/\/www.hediyepazar.com\/index.php?rest_route=\/wp\/v2\/media\/111111"}],"wp:attachment":[{"href":"https:\/\/www.hediyepazar.com\/index.php?rest_route=%2Fwp%2Fv2%2Fmedia&parent=111112"}],"wp:term":[{"taxonomy":"product_brand","embeddable":true,"href":"https:\/\/www.hediyepazar.com\/index.php?rest_route=%2Fwp%2Fv2%2Fproduct_brand&post=111112"},{"taxonomy":"product_cat","embeddable":true,"href":"https:\/\/www.hediyepazar.com\/index.php?rest_route=%2Fwp%2Fv2%2Fproduct_cat&post=111112"},{"taxonomy":"product_tag","embeddable":true,"href":"https:\/\/www.hediyepazar.com\/index.php?rest_route=%2Fwp%2Fv2%2Fproduct_tag&post=111112"}],"curies":[{"name":"wp","href":"https:\/\/api.w.org\/{rel}","templated":true}]}}