{"id":111168,"date":"2026-05-05T06:38:13","date_gmt":"2026-05-05T09:38:13","guid":{"rendered":"https:\/\/www.hediyepazar.com\/?product=isikli-dereceli-masa-ofis-saati-alarmli-termometre-takvim-calar-saat"},"modified":"2026-05-05T06:38:13","modified_gmt":"2026-05-05T09:38:13","slug":"isikli-dereceli-masa-ofis-saati-alarmli-termometre-takvim-calar-saat","status":"publish","type":"product","link":"https:\/\/www.hediyepazar.com\/?product=isikli-dereceli-masa-ofis-saati-alarmli-termometre-takvim-calar-saat","title":{"rendered":"I\u015f\u0131kl\u0131 Dereceli Masa Ofis Saati Alarml\u0131 Termometre Takvim \u00c7alar Saat"},"content":{"rendered":"<p>\u015e\u0131kl\u0131\u011f\u0131 ve fonksiyonelli\u011fi bir arada sunan bu dijital masa saati, her ortamda rahatl\u0131kla kullan\u0131labilecek pratik bir \u00e7\u00f6z\u00fcmd\u00fcr. B\u00fcy\u00fck LCD ekran\u0131 sayesinde saati, tarihi ve ortam s\u0131cakl\u0131\u011f\u0131n\u0131 kolayca g\u00f6r\u00fcnt\u00fcleyebilirsiniz. Kararm\u0131\u015f ortamlarda bile ekran\u0131n kendili\u011finden ayd\u0131nlanmas\u0131, g\u00f6z yormadan saatin g\u00f6r\u00fcnmesini sa\u011flar. Ayr\u0131ca, \u0131\u015f\u0131k 6 saniye sonra otomatik olarak kapanarak enerji tasarrufu sa\u011flarken, sizi rahats\u0131z etmez.Alarm fonksiyonu, sabahlar\u0131 zaman\u0131nda uyanman\u0131za yard\u0131mc\u0131 olur, b\u00f6ylece g\u00fcne enerjik bir ba\u015flang\u0131\u00e7 yapabilirsiniz. Kullan\u0131c\u0131 dostu yap\u0131s\u0131 ve \u015f\u0131k tasar\u0131m\u0131 sayesinde, bu masa saati hem evde hem ofiste rahatl\u0131kla kullan\u0131labilir. Ekran\u0131n \u0131\u015f\u0131\u011f\u0131n\u0131 manuel olarak a\u00e7\u0131p kapatma se\u00e7ene\u011fi, ki\u015fisel tercihlere g\u00f6re \u00f6zelle\u015ftirilebilmesi sayesinde pratiklik sunar.\u00dcr\u00fcn \u00f6l\u00e7\u00fcleri 4,3 x 15,1 x 7,7 cm olup, 3 adet AA pil ile \u00e7al\u0131\u015f\u0131r (piller dahil de\u011fildir). Paket i\u00e7eri\u011finde 1 adet dijital masa saati bulunmaktad\u0131r. Hem i\u015flevsel hem de \u015f\u0131k bir masa saati arayanlar i\u00e7in m\u00fckemmel bir tercihtir.<\/p>\n","protected":false},"excerpt":{"rendered":"<p>\u015e\u0131kl\u0131\u011f\u0131 ve fonksiyonelli\u011fi bir arada sunan bu dijital masa saati, her ortamda rahatl\u0131kla kullan\u0131labilecek pratik bir \u00e7\u00f6z\u00fcmd\u00fcr. B\u00fcy\u00fck LCD ekran\u0131 sayesinde saati, tarihi ve ortam s\u0131cakl\u0131\u011f\u0131n\u0131 kolayca g\u00f6r\u00fcnt\u00fcleyebilirsiniz. Kararm\u0131\u015f ortamlarda bile ekran\u0131n kendili\u011finden ayd\u0131nlanmas\u0131, g\u00f6z yormadan saatin g\u00f6r\u00fcnmesini sa\u011flar. Ayr\u0131ca, \u0131\u015f\u0131k 6 saniye sonra otomatik olarak kapanarak enerji tasarrufu sa\u011flarken, sizi rahats\u0131z etmez.Alarm fonksiyonu, sabahlar\u0131&#8230;<\/p>\n","protected":false},"featured_media":111167,"comment_status":"open","ping_status":"closed","template":"","meta":{"_kad_post_transparent":"","_kad_post_title":"","_kad_post_layout":"","_kad_post_sidebar_id":"","_kad_post_content_style":"","_kad_post_vertical_padding":"","_kad_post_feature":"","_kad_post_feature_position":"","_kad_post_header":false,"_kad_post_footer":false,"_kad_post_classname":""},"product_brand":[],"product_cat":[15038],"product_tag":[],"class_list":{"0":"post-111168","1":"product","2":"type-product","3":"status-publish","4":"has-post-thumbnail","6":"product_cat-masa-saati-masa-saati","8":"first","9":"instock","10":"purchasable","11":"product-type-simple","12":"entry","13":"content-bg","14":"loop-entry"},"_links":{"self":[{"href":"https:\/\/www.hediyepazar.com\/index.php?rest_route=\/wp\/v2\/product\/111168","targetHints":{"allow":["GET"]}}],"collection":[{"href":"https:\/\/www.hediyepazar.com\/index.php?rest_route=\/wp\/v2\/product"}],"about":[{"href":"https:\/\/www.hediyepazar.com\/index.php?rest_route=\/wp\/v2\/types\/product"}],"replies":[{"embeddable":true,"href":"https:\/\/www.hediyepazar.com\/index.php?rest_route=%2Fwp%2Fv2%2Fcomments&post=111168"}],"wp:featuredmedia":[{"embeddable":true,"href":"https:\/\/www.hediyepazar.com\/index.php?rest_route=\/wp\/v2\/media\/111167"}],"wp:attachment":[{"href":"https:\/\/www.hediyepazar.com\/index.php?rest_route=%2Fwp%2Fv2%2Fmedia&parent=111168"}],"wp:term":[{"taxonomy":"product_brand","embeddable":true,"href":"https:\/\/www.hediyepazar.com\/index.php?rest_route=%2Fwp%2Fv2%2Fproduct_brand&post=111168"},{"taxonomy":"product_cat","embeddable":true,"href":"https:\/\/www.hediyepazar.com\/index.php?rest_route=%2Fwp%2Fv2%2Fproduct_cat&post=111168"},{"taxonomy":"product_tag","embeddable":true,"href":"https:\/\/www.hediyepazar.com\/index.php?rest_route=%2Fwp%2Fv2%2Fproduct_tag&post=111168"}],"curies":[{"name":"wp","href":"https:\/\/api.w.org\/{rel}","templated":true}]}}