{"id":111318,"date":"2026-05-05T07:03:13","date_gmt":"2026-05-05T10:03:13","guid":{"rendered":"https:\/\/www.hediyepazar.com\/?product=hava-fritozu-4l-airfryer-pratik-uzun-omurlu-yagsiz-pisirme-tasinabilir"},"modified":"2026-05-05T07:03:13","modified_gmt":"2026-05-05T10:03:13","slug":"hava-fritozu-4l-airfryer-pratik-uzun-omurlu-yagsiz-pisirme-tasinabilir","status":"publish","type":"product","link":"https:\/\/www.hediyepazar.com\/?product=hava-fritozu-4l-airfryer-pratik-uzun-omurlu-yagsiz-pisirme-tasinabilir","title":{"rendered":"Hava Frit\u00f6z\u00fc 4L Airfryer Pratik Uzun \u00d6m\u00fcrl\u00fc Ya\u011fs\u0131z Pi\u015firme Ta\u015f\u0131nabilir"},"content":{"rendered":"<p>Sa\u011fl\u0131kl\u0131 ve pratik yemekler haz\u0131rlamak art\u0131k \u00e7ok daha kolay. Hassas s\u0131cakl\u0131k kontrol\u00fc sayesinde, bu modern pi\u015firme cihaz\u0131 ile yiyeceklerinizi tam istedi\u011finiz s\u0131cakl\u0131kta, ideal k\u0131vamda haz\u0131rlayabilirsiniz. \u0130ster d\u00fc\u015f\u00fck \u0131s\u0131da yava\u015f pi\u015firme, ister y\u00fcksek \u0131s\u0131da h\u0131zl\u0131 sonu\u00e7lar ar\u0131yor olun; bu cihaz her ihtiyac\u0131n\u0131za cevap verir.Zamanlay\u0131c\u0131 \u00f6zelli\u011fi, mutfakta ge\u00e7en zaman\u0131 daha verimli hale getirir. Pi\u015firme s\u00fcresini \u00f6nceden ayarlayarak yeme\u011finiz haz\u0131r olana kadar di\u011fer i\u015flerinize odaklanabilir, zamandan tasarruf edebilirsiniz. Ya\u011fs\u0131z pi\u015firme sa\u011flayan hava teknolojisi sayesinde ise k\u0131zartmalar\u0131n\u0131z\u0131 ve di\u011fer lezzetli yemeklerinizi ekstra ya\u011f kullanmadan, d\u00fc\u015f\u00fck kalorili ve hafif bir \u015fekilde haz\u0131rlayabilirsiniz. Bu sayede sa\u011fl\u0131kl\u0131 beslenme al\u0131\u015fkanl\u0131klar\u0131n\u0131z\u0131 desteklerken lezzetten \u00f6d\u00fcn vermezsiniz.\u015e\u0131k ve modern tasar\u0131m\u0131, cihaz\u0131 sadece i\u015flevsel de\u011fil, ayn\u0131 zamanda estetik bir mutfak aksesuar\u0131 haline getirir. Minimalist \u00e7izgileri ve zarif detaylar\u0131 ile mutfa\u011f\u0131n\u0131za \u00e7a\u011fda\u015f bir hava katar. Hem g\u00f6r\u00fcn\u00fcm hem de performans a\u00e7\u0131s\u0131ndan beklentilerinizi kar\u015f\u0131layan bu cihaz, her \u00f6\u011f\u00fcnde g\u00fcvenilir yard\u0131mc\u0131n\u0131z olacak.&nbsp;&nbsp;<\/p>\n","protected":false},"excerpt":{"rendered":"<p>Sa\u011fl\u0131kl\u0131 ve pratik yemekler haz\u0131rlamak art\u0131k \u00e7ok daha kolay. Hassas s\u0131cakl\u0131k kontrol\u00fc sayesinde, bu modern pi\u015firme cihaz\u0131 ile yiyeceklerinizi tam istedi\u011finiz s\u0131cakl\u0131kta, ideal k\u0131vamda haz\u0131rlayabilirsiniz. \u0130ster d\u00fc\u015f\u00fck \u0131s\u0131da yava\u015f pi\u015firme, ister y\u00fcksek \u0131s\u0131da h\u0131zl\u0131 sonu\u00e7lar ar\u0131yor olun; bu cihaz her ihtiyac\u0131n\u0131za cevap verir.Zamanlay\u0131c\u0131 \u00f6zelli\u011fi, mutfakta ge\u00e7en zaman\u0131 daha verimli hale getirir. Pi\u015firme s\u00fcresini \u00f6nceden ayarlayarak&#8230;<\/p>\n","protected":false},"featured_media":111317,"comment_status":"open","ping_status":"closed","template":"","meta":{"_kad_post_transparent":"","_kad_post_title":"","_kad_post_layout":"","_kad_post_sidebar_id":"","_kad_post_content_style":"","_kad_post_vertical_padding":"","_kad_post_feature":"","_kad_post_feature_position":"","_kad_post_header":false,"_kad_post_footer":false,"_kad_post_classname":""},"product_brand":[],"product_cat":[15051],"product_tag":[],"class_list":{"0":"post-111318","1":"product","2":"type-product","3":"status-publish","4":"has-post-thumbnail","6":"product_cat-fritoz-fritoz","8":"first","9":"instock","10":"purchasable","11":"product-type-simple","12":"entry","13":"content-bg","14":"loop-entry"},"_links":{"self":[{"href":"https:\/\/www.hediyepazar.com\/index.php?rest_route=\/wp\/v2\/product\/111318","targetHints":{"allow":["GET"]}}],"collection":[{"href":"https:\/\/www.hediyepazar.com\/index.php?rest_route=\/wp\/v2\/product"}],"about":[{"href":"https:\/\/www.hediyepazar.com\/index.php?rest_route=\/wp\/v2\/types\/product"}],"replies":[{"embeddable":true,"href":"https:\/\/www.hediyepazar.com\/index.php?rest_route=%2Fwp%2Fv2%2Fcomments&post=111318"}],"wp:featuredmedia":[{"embeddable":true,"href":"https:\/\/www.hediyepazar.com\/index.php?rest_route=\/wp\/v2\/media\/111317"}],"wp:attachment":[{"href":"https:\/\/www.hediyepazar.com\/index.php?rest_route=%2Fwp%2Fv2%2Fmedia&parent=111318"}],"wp:term":[{"taxonomy":"product_brand","embeddable":true,"href":"https:\/\/www.hediyepazar.com\/index.php?rest_route=%2Fwp%2Fv2%2Fproduct_brand&post=111318"},{"taxonomy":"product_cat","embeddable":true,"href":"https:\/\/www.hediyepazar.com\/index.php?rest_route=%2Fwp%2Fv2%2Fproduct_cat&post=111318"},{"taxonomy":"product_tag","embeddable":true,"href":"https:\/\/www.hediyepazar.com\/index.php?rest_route=%2Fwp%2Fv2%2Fproduct_tag&post=111318"}],"curies":[{"name":"wp","href":"https:\/\/api.w.org\/{rel}","templated":true}]}}