{"id":111334,"date":"2026-05-05T07:07:15","date_gmt":"2026-05-05T10:07:15","guid":{"rendered":"https:\/\/www.hediyepazar.com\/?product=paris-eyfel-kulesi-hediyelik-eyfel-retro-kum-saati-dekoratif-esya"},"modified":"2026-05-05T07:07:15","modified_gmt":"2026-05-05T10:07:15","slug":"paris-eyfel-kulesi-hediyelik-eyfel-retro-kum-saati-dekoratif-esya","status":"publish","type":"product","link":"https:\/\/www.hediyepazar.com\/?product=paris-eyfel-kulesi-hediyelik-eyfel-retro-kum-saati-dekoratif-esya","title":{"rendered":"Paris Eyfel Kulesi Hediyelik Eyfel Retro Kum Saati Dekoratif E\u015fya"},"content":{"rendered":"<p>Masa \u00fcst\u00fc dekorasyonunuza zarif ve anlaml\u0131 bir dokunu\u015f katmak istiyorsan\u0131z, bu Eyfel Kulesi fig\u00fcrl\u00fc kum saati tam arad\u0131\u011f\u0131n\u0131z par\u00e7a olabilir. \u015eeffaf camdan \u00fcretilmi\u015f olan kum saatinin i\u00e7inde yer alan beyaz kristal kum taneleri, estetik duru\u015funun yan\u0131 s\u0131ra huzur verici bir g\u00f6r\u00fcn\u00fcm sunar. Paris\u2019in simgesi olan Eyfel Kulesi, \u00fcr\u00fcn\u00fcn hemen yan\u0131nda yer almakta olup, hem romantik hem de nostaljik bir hava katmaktad\u0131r. Ah\u015fap ve plastik malzemelerin uyumuyla tasarlanan bu dekoratif obje, sa\u011flam yap\u0131s\u0131 sayesinde uzun s\u00fcre kullan\u0131m imk\u00e2n\u0131 sunar. 21 cm y\u00fcksekli\u011fe ve 15 cm uzunlu\u011fa sahip olan kum saati, 30 saniyelik s\u00fcreyi \u00f6l\u00e7mek i\u00e7in idealdir. Hem \u00e7al\u0131\u015fma masan\u0131za \u015f\u0131kl\u0131k kazand\u0131rmak hem de sevdiklerinize \u00f6zel bir hediye sunmak i\u00e7in olduk\u00e7a etkileyici bir se\u00e7enektir.&nbsp;&nbsp;&nbsp;&nbsp;&nbsp;&nbsp;&nbsp;&nbsp;&nbsp;&nbsp;<\/p>\n","protected":false},"excerpt":{"rendered":"<p>Masa \u00fcst\u00fc dekorasyonunuza zarif ve anlaml\u0131 bir dokunu\u015f katmak istiyorsan\u0131z, bu Eyfel Kulesi fig\u00fcrl\u00fc kum saati tam arad\u0131\u011f\u0131n\u0131z par\u00e7a olabilir. \u015eeffaf camdan \u00fcretilmi\u015f olan kum saatinin i\u00e7inde yer alan beyaz kristal kum taneleri, estetik duru\u015funun yan\u0131 s\u0131ra huzur verici bir g\u00f6r\u00fcn\u00fcm sunar. Paris\u2019in simgesi olan Eyfel Kulesi, \u00fcr\u00fcn\u00fcn hemen yan\u0131nda yer almakta olup, hem romantik&#8230;<\/p>\n","protected":false},"featured_media":111333,"comment_status":"open","ping_status":"closed","template":"","meta":{"_kad_post_transparent":"","_kad_post_title":"","_kad_post_layout":"","_kad_post_sidebar_id":"","_kad_post_content_style":"","_kad_post_vertical_padding":"","_kad_post_feature":"","_kad_post_feature_position":"","_kad_post_header":false,"_kad_post_footer":false,"_kad_post_classname":""},"product_brand":[],"product_cat":[14942],"product_tag":[],"class_list":{"0":"post-111334","1":"product","2":"type-product","3":"status-publish","4":"has-post-thumbnail","6":"product_cat-kum-saati-kum-saati","8":"first","9":"instock","10":"purchasable","11":"product-type-simple","12":"entry","13":"content-bg","14":"loop-entry"},"_links":{"self":[{"href":"https:\/\/www.hediyepazar.com\/index.php?rest_route=\/wp\/v2\/product\/111334","targetHints":{"allow":["GET"]}}],"collection":[{"href":"https:\/\/www.hediyepazar.com\/index.php?rest_route=\/wp\/v2\/product"}],"about":[{"href":"https:\/\/www.hediyepazar.com\/index.php?rest_route=\/wp\/v2\/types\/product"}],"replies":[{"embeddable":true,"href":"https:\/\/www.hediyepazar.com\/index.php?rest_route=%2Fwp%2Fv2%2Fcomments&post=111334"}],"wp:featuredmedia":[{"embeddable":true,"href":"https:\/\/www.hediyepazar.com\/index.php?rest_route=\/wp\/v2\/media\/111333"}],"wp:attachment":[{"href":"https:\/\/www.hediyepazar.com\/index.php?rest_route=%2Fwp%2Fv2%2Fmedia&parent=111334"}],"wp:term":[{"taxonomy":"product_brand","embeddable":true,"href":"https:\/\/www.hediyepazar.com\/index.php?rest_route=%2Fwp%2Fv2%2Fproduct_brand&post=111334"},{"taxonomy":"product_cat","embeddable":true,"href":"https:\/\/www.hediyepazar.com\/index.php?rest_route=%2Fwp%2Fv2%2Fproduct_cat&post=111334"},{"taxonomy":"product_tag","embeddable":true,"href":"https:\/\/www.hediyepazar.com\/index.php?rest_route=%2Fwp%2Fv2%2Fproduct_tag&post=111334"}],"curies":[{"name":"wp","href":"https:\/\/api.w.org\/{rel}","templated":true}]}}