{"id":111450,"date":"2026-05-05T07:28:00","date_gmt":"2026-05-05T10:28:00","guid":{"rendered":"https:\/\/www.hediyepazar.com\/?product=deri-cantali-siyah-paslanmaz-celik-17-parca-manikur-pedikur-seti"},"modified":"2026-05-05T07:28:00","modified_gmt":"2026-05-05T10:28:00","slug":"deri-cantali-siyah-paslanmaz-celik-17-parca-manikur-pedikur-seti","status":"publish","type":"product","link":"https:\/\/www.hediyepazar.com\/?product=deri-cantali-siyah-paslanmaz-celik-17-parca-manikur-pedikur-seti","title":{"rendered":"Deri \u00c7antal\u0131 Siyah Paslanmaz \u00c7elik 17 Par\u00e7a Manik\u00fcr Pedik\u00fcr Seti"},"content":{"rendered":"<p>17 Par\u00e7a Manik\u00fcr Pedik\u00fcr Seti Paslanmaz \u00c7elik Deri \u00c7antal\u0131 Siyah T\u0131rnak Bak\u0131m SetiBu 17 par\u00e7al\u0131 manik\u00fcr pedik\u00fcr seti, el ve ayak bak\u0131m\u0131n\u0131z\u0131 en iyi \u015fekilde yapabilmeniz i\u00e7in gerekli t\u00fcm ara\u00e7lar\u0131 i\u00e7erir. Setin tamam\u0131 y\u00fcksek kaliteli paslanmaz \u00e7elikten \u00fcretilmi\u015ftir, bu sayede uzun \u00f6m\u00fcrl\u00fc, dayan\u0131kl\u0131 ve hijyeniktir. Setin her bir par\u00e7as\u0131, bak\u0131m\u0131n\u0131z\u0131 kolayla\u015ft\u0131rmak ve profesyonel sonu\u00e7lar elde etmenize yard\u0131mc\u0131 olmak i\u00e7in titizlikle se\u00e7ilmi\u015ftir.Y\u00fcksek Kaliteli Paslanmaz \u00c7elik ve Keskin Aletler:Setin t\u00fcm \u00fcr\u00fcn par\u00e7alar\u0131 %100 paslanmaz \u00e7elikten \u00fcretilmi\u015ftir. Bu, korozyon riski olmadan uzun s\u00fcre kullan\u0131lmas\u0131n\u0131 sa\u011flar. Keskin aletler, t\u0131rnak bak\u0131m\u0131nda m\u00fckemmel sonu\u00e7lar elde etmenize yard\u0131mc\u0131 olur. Hem el hem de ayak t\u0131rnaklar\u0131n\u0131za g\u00fcvenle \u015fekil verebilir, temiz ve d\u00fczg\u00fcn kesimler yapabilirsiniz.\u015e\u0131k ve Fonksiyonel Deri \u00c7anta:Set, ta\u015f\u0131nabilirli\u011fi art\u0131ran zarif bir deri \u00e7anta i\u00e7inde sunulur. Fermuarla kolayca a\u00e7\u0131l\u0131p kapanabilen bu \u00e7anta, t\u00fcm aletlerinizi d\u00fczenli tutarak, ta\u015f\u0131may\u0131 kolayla\u015ft\u0131r\u0131r. \u00c7antan\u0131zda rahat\u00e7a ta\u015f\u0131yabilece\u011finiz bu set, seyahatte veya evde kullan\u0131m i\u00e7in m\u00fckemmeldir.Kapsaml\u0131 ve Fonksiyonel Set \u0130\u00e7eri\u011fi:Bu set, t\u0131rnak bak\u0131m\u0131n\u0131z\u0131 m\u00fckemmel bir \u015fekilde yapabilmeniz i\u00e7in ihtiyac\u0131n\u0131z olan t\u00fcm aletleri i\u00e7erir. \u0130\u00e7eri\u011finde b\u00fcy\u00fck ve k\u00fc\u00e7\u00fck t\u0131rnak makaslar\u0131, sivri u\u00e7lu t\u0131rnak makas\u0131, t\u00f6rp\u00fc, et ittirici, pedik\u00fcr b\u0131\u00e7aklar\u0131 ve daha bir\u00e7ok kullan\u0131\u015fl\u0131 ara\u00e7 bulunur. Ayr\u0131ca, her par\u00e7a hijyenik kullan\u0131m i\u00e7in kolayca temizlenebilir.Sa\u011fl\u0131kl\u0131 ve G\u00fcvenli Kullan\u0131m:Paslanmaz \u00e7elik yap\u0131s\u0131, korozyona kar\u015f\u0131 dayan\u0131kl\u0131 olup, bak\u0131m s\u0131ras\u0131nda enfeksiyon riskini en aza indirir. Her bir par\u00e7a, sa\u011fl\u0131kl\u0131 ve g\u00fcvenli bir kullan\u0131m i\u00e7in tasarlanm\u0131\u015ft\u0131r, bu da hijyenin her zaman \u00f6n planda tutulmas\u0131n\u0131 sa\u011flar.Paket \u0130\u00e7eri\u011fi:1 adet b\u00fcy\u00fck t\u0131rnak makas\u01311 adet k\u00fc\u00e7\u00fck t\u0131rnak makas\u01311 adet sivri u\u00e7lu t\u0131rnak makas\u01311 adet \u00e7ift u\u00e7lu komedon1 adet t\u00f6rp\u00fc1 adet et ittirici1 adet \u00e7ift tarafl\u0131 t\u0131rnak kald\u0131rma aleti1 adet makas1 adet pedik\u00fcr b\u0131\u00e7a\u011f\u01311 adet \u00e7arpraz pedik\u00fcr b\u0131\u00e7a\u011f\u01311 adet kavisli pedik\u00fcr b\u0131\u00e7a\u011f\u01311 adet V \u015feklinde et itme1 adet itme \u00e7ubu\u011fu1 adet t\u0131rnak temizleme1 adet c\u0131mb\u0131z1 adet i\u011fneli komedon1 adet kulak temizleme\u00d6zellikler:%100 paslanmaz \u00e7elik malzeme\u015e\u0131k ve ta\u015f\u0131mas\u0131 kolay deri \u00e7antaHijyenik ve g\u00fcvenli kullan\u0131mKolay temizlenebilir aletlerSeyahat dostu, ta\u015f\u0131nabilir yap\u0131Evde veya seyahatte kullanabilece\u011finiz bu manik\u00fcr pedik\u00fcr seti, bak\u0131m\u0131n\u0131z\u0131 en iyi \u015fekilde yapabilmeniz i\u00e7in ideal bir se\u00e7imdir. Hem kendinize hem de sevdiklerinize hediye edebilece\u011finiz harika bir bak\u0131m setidir.&nbsp;&nbsp;&nbsp;<\/p>\n","protected":false},"excerpt":{"rendered":"<p>17 Par\u00e7a Manik\u00fcr Pedik\u00fcr Seti Paslanmaz \u00c7elik Deri \u00c7antal\u0131 Siyah T\u0131rnak Bak\u0131m SetiBu 17 par\u00e7al\u0131 manik\u00fcr pedik\u00fcr seti, el ve ayak bak\u0131m\u0131n\u0131z\u0131 en iyi \u015fekilde yapabilmeniz i\u00e7in gerekli t\u00fcm ara\u00e7lar\u0131 i\u00e7erir. Setin tamam\u0131 y\u00fcksek kaliteli paslanmaz \u00e7elikten \u00fcretilmi\u015ftir, bu sayede uzun \u00f6m\u00fcrl\u00fc, dayan\u0131kl\u0131 ve hijyeniktir. Setin her bir par\u00e7as\u0131, bak\u0131m\u0131n\u0131z\u0131 kolayla\u015ft\u0131rmak ve profesyonel sonu\u00e7lar elde&#8230;<\/p>\n","protected":false},"featured_media":111449,"comment_status":"open","ping_status":"closed","template":"","meta":{"_kad_post_transparent":"","_kad_post_title":"","_kad_post_layout":"","_kad_post_sidebar_id":"","_kad_post_content_style":"","_kad_post_vertical_padding":"","_kad_post_feature":"","_kad_post_feature_position":"","_kad_post_header":false,"_kad_post_footer":false,"_kad_post_classname":""},"product_brand":[],"product_cat":[14963],"product_tag":[],"class_list":{"0":"post-111450","1":"product","2":"type-product","3":"status-publish","4":"has-post-thumbnail","6":"product_cat-manikur-ve-pedikur-aletleri-manikur-ve-pedikur-aletleri","8":"first","9":"instock","10":"purchasable","11":"product-type-simple","12":"entry","13":"content-bg","14":"loop-entry"},"_links":{"self":[{"href":"https:\/\/www.hediyepazar.com\/index.php?rest_route=\/wp\/v2\/product\/111450","targetHints":{"allow":["GET"]}}],"collection":[{"href":"https:\/\/www.hediyepazar.com\/index.php?rest_route=\/wp\/v2\/product"}],"about":[{"href":"https:\/\/www.hediyepazar.com\/index.php?rest_route=\/wp\/v2\/types\/product"}],"replies":[{"embeddable":true,"href":"https:\/\/www.hediyepazar.com\/index.php?rest_route=%2Fwp%2Fv2%2Fcomments&post=111450"}],"wp:featuredmedia":[{"embeddable":true,"href":"https:\/\/www.hediyepazar.com\/index.php?rest_route=\/wp\/v2\/media\/111449"}],"wp:attachment":[{"href":"https:\/\/www.hediyepazar.com\/index.php?rest_route=%2Fwp%2Fv2%2Fmedia&parent=111450"}],"wp:term":[{"taxonomy":"product_brand","embeddable":true,"href":"https:\/\/www.hediyepazar.com\/index.php?rest_route=%2Fwp%2Fv2%2Fproduct_brand&post=111450"},{"taxonomy":"product_cat","embeddable":true,"href":"https:\/\/www.hediyepazar.com\/index.php?rest_route=%2Fwp%2Fv2%2Fproduct_cat&post=111450"},{"taxonomy":"product_tag","embeddable":true,"href":"https:\/\/www.hediyepazar.com\/index.php?rest_route=%2Fwp%2Fv2%2Fproduct_tag&post=111450"}],"curies":[{"name":"wp","href":"https:\/\/api.w.org\/{rel}","templated":true}]}}