{"id":111630,"date":"2026-05-05T07:56:16","date_gmt":"2026-05-05T10:56:16","guid":{"rendered":"https:\/\/www.hediyepazar.com\/?product=kamp-feneri-lambasi-solar-gunes-enerji-portatif-isildak-sarjli"},"modified":"2026-05-05T07:56:16","modified_gmt":"2026-05-05T10:56:16","slug":"kamp-feneri-lambasi-solar-gunes-enerji-portatif-isildak-sarjli","status":"publish","type":"product","link":"https:\/\/www.hediyepazar.com\/?product=kamp-feneri-lambasi-solar-gunes-enerji-portatif-isildak-sarjli","title":{"rendered":"Kamp Feneri Lambas\u0131 Solar G\u00fcne\u015f Enerji Portatif I\u015f\u0131ldak \u015earjl\u0131"},"content":{"rendered":"<p>Katlanabilir 3 Kademeli 1200 mAh Dokunmatik LED Lamba, modern \u00e7izgileriyle estetik ve i\u015flevselli\u011fi bir araya getirir. Ah\u015fap stand\u0131 ve akordeon fener formu, bulundu\u011fu her ortama zarafet katar. Kompakt yap\u0131s\u0131 sayesinde kolay ta\u015f\u0131nabilir; ister i\u00e7 mek\u00e2nda dekoratif bir ayd\u0131nlatma, ister kamp ve elektrik kesintilerinde pratik bir \u0131\u015f\u0131k kayna\u011f\u0131 olarak kullan\u0131l\u0131r. Dokunmatik kontrol\u00fcyle \u00fc\u00e7 farkl\u0131 \u0131\u015f\u0131k kademesi sunarak her ihtiyaca uyum sa\u011flar. Hem g\u00f6rsel \u015f\u0131kl\u0131k hem de \u00e7ok y\u00f6nl\u00fc kullan\u0131m arayanlar i\u00e7in ideal bir tercihtir.&nbsp;<\/p>\n","protected":false},"excerpt":{"rendered":"<p>Katlanabilir 3 Kademeli 1200 mAh Dokunmatik LED Lamba, modern \u00e7izgileriyle estetik ve i\u015flevselli\u011fi bir araya getirir. Ah\u015fap stand\u0131 ve akordeon fener formu, bulundu\u011fu her ortama zarafet katar. Kompakt yap\u0131s\u0131 sayesinde kolay ta\u015f\u0131nabilir; ister i\u00e7 mek\u00e2nda dekoratif bir ayd\u0131nlatma, ister kamp ve elektrik kesintilerinde pratik bir \u0131\u015f\u0131k kayna\u011f\u0131 olarak kullan\u0131l\u0131r. Dokunmatik kontrol\u00fcyle \u00fc\u00e7 farkl\u0131 \u0131\u015f\u0131k kademesi&#8230;<\/p>\n","protected":false},"featured_media":0,"comment_status":"open","ping_status":"closed","template":"","meta":{"_kad_post_transparent":"","_kad_post_title":"","_kad_post_layout":"","_kad_post_sidebar_id":"","_kad_post_content_style":"","_kad_post_vertical_padding":"","_kad_post_feature":"","_kad_post_feature_position":"","_kad_post_header":false,"_kad_post_footer":false,"_kad_post_classname":""},"product_brand":[],"product_cat":[14977],"product_tag":[],"class_list":{"0":"post-111630","1":"product","2":"type-product","3":"status-publish","5":"product_cat-kamp-lambasi-kamp-lambasi","7":"first","8":"instock","9":"purchasable","10":"product-type-simple","11":"entry","12":"content-bg","13":"loop-entry"},"_links":{"self":[{"href":"https:\/\/www.hediyepazar.com\/index.php?rest_route=\/wp\/v2\/product\/111630","targetHints":{"allow":["GET"]}}],"collection":[{"href":"https:\/\/www.hediyepazar.com\/index.php?rest_route=\/wp\/v2\/product"}],"about":[{"href":"https:\/\/www.hediyepazar.com\/index.php?rest_route=\/wp\/v2\/types\/product"}],"replies":[{"embeddable":true,"href":"https:\/\/www.hediyepazar.com\/index.php?rest_route=%2Fwp%2Fv2%2Fcomments&post=111630"}],"wp:attachment":[{"href":"https:\/\/www.hediyepazar.com\/index.php?rest_route=%2Fwp%2Fv2%2Fmedia&parent=111630"}],"wp:term":[{"taxonomy":"product_brand","embeddable":true,"href":"https:\/\/www.hediyepazar.com\/index.php?rest_route=%2Fwp%2Fv2%2Fproduct_brand&post=111630"},{"taxonomy":"product_cat","embeddable":true,"href":"https:\/\/www.hediyepazar.com\/index.php?rest_route=%2Fwp%2Fv2%2Fproduct_cat&post=111630"},{"taxonomy":"product_tag","embeddable":true,"href":"https:\/\/www.hediyepazar.com\/index.php?rest_route=%2Fwp%2Fv2%2Fproduct_tag&post=111630"}],"curies":[{"name":"wp","href":"https:\/\/api.w.org\/{rel}","templated":true}]}}