{"id":111664,"date":"2026-05-05T07:59:57","date_gmt":"2026-05-05T10:59:57","guid":{"rendered":"https:\/\/www.hediyepazar.com\/?product=guvenlik-kamerasi-antenli-gece-goruslu-sensorlu-harekete-duyarli"},"modified":"2026-05-05T07:59:57","modified_gmt":"2026-05-05T10:59:57","slug":"guvenlik-kamerasi-antenli-gece-goruslu-sensorlu-harekete-duyarli","status":"publish","type":"product","link":"https:\/\/www.hediyepazar.com\/?product=guvenlik-kamerasi-antenli-gece-goruslu-sensorlu-harekete-duyarli","title":{"rendered":"G\u00fcvenlik Kameras\u0131 Antenli Gece G\u00f6r\u00fc\u015fl\u00fc Sens\u00f6rl\u00fc Harekete Duyarl\u0131"},"content":{"rendered":"<p>Ev ve i\u015f yeri g\u00fcvenli\u011fini \u00fcst d\u00fczeye ta\u015f\u0131mak isteyenler i\u00e7in tasarlanan bu y\u00fcksek \u00e7\u00f6z\u00fcn\u00fcrl\u00fckl\u00fc g\u00fcvenlik kameras\u0131, geli\u015fmi\u015f gece g\u00f6r\u00fc\u015f teknolojisi sayesinde karanl\u0131k ortamlarda bile net ve detayl\u0131 g\u00f6r\u00fcnt\u00fcler sunar. Geceleri bile hi\u00e7bir detay\u0131 ka\u00e7\u0131rmadan izleme imk\u00e2n\u0131 tan\u0131yan bu kamera, d\u00fc\u015f\u00fck \u0131\u015f\u0131k ko\u015fullar\u0131nda dahi performans\u0131ndan \u00f6d\u00fcn vermez.Wi-Fi ba\u011flant\u0131s\u0131 sayesinde ekstra kablolamaya gerek kalmadan kolayca kurulabilir; kullan\u0131c\u0131 dostu yap\u0131s\u0131yla teknik bilgi gerektirmeden herkes taraf\u0131ndan rahatl\u0131kla kullan\u0131labilir. Mobil uygulama deste\u011fi sayesinde, d\u00fcnyan\u0131n neresinde olursan\u0131z olun evinizi veya i\u015f yerinizi anl\u0131k olarak izleyebilir, i\u00e7inizi rahat ettirecek bir kontrol deneyimi ya\u015fayabilirsiniz.Uzaktan eri\u015fim \u00f6zelli\u011fi ile hem canl\u0131 yay\u0131n izleme hem de ge\u00e7mi\u015f kay\u0131tlar\u0131 inceleme imk\u00e2n\u0131 sunan bu \u00fcr\u00fcn, g\u00fcvenli\u011finizi tamamen sizin kontrol\u00fcn\u00fcze b\u0131rak\u0131r. 2 y\u0131l garanti s\u00fcresi ile sunulan bu kamera, uzun \u00f6m\u00fcrl\u00fc kullan\u0131m vadederken olas\u0131 teknik problemlerde kullan\u0131c\u0131ya destek sa\u011flayarak g\u00fcvenli bir yat\u0131r\u0131m haline gelir.Hem profesyonel kullan\u0131m hem de bireysel g\u00fcvenlik ihtiya\u00e7lar\u0131 i\u00e7in ideal olan bu sistem, g\u00fcvenli\u011fe modern ve ak\u0131ll\u0131 bir yakla\u015f\u0131m getiriyor.<\/p>\n","protected":false},"excerpt":{"rendered":"<p>Ev ve i\u015f yeri g\u00fcvenli\u011fini \u00fcst d\u00fczeye ta\u015f\u0131mak isteyenler i\u00e7in tasarlanan bu y\u00fcksek \u00e7\u00f6z\u00fcn\u00fcrl\u00fckl\u00fc g\u00fcvenlik kameras\u0131, geli\u015fmi\u015f gece g\u00f6r\u00fc\u015f teknolojisi sayesinde karanl\u0131k ortamlarda bile net ve detayl\u0131 g\u00f6r\u00fcnt\u00fcler sunar. Geceleri bile hi\u00e7bir detay\u0131 ka\u00e7\u0131rmadan izleme imk\u00e2n\u0131 tan\u0131yan bu kamera, d\u00fc\u015f\u00fck \u0131\u015f\u0131k ko\u015fullar\u0131nda dahi performans\u0131ndan \u00f6d\u00fcn vermez.Wi-Fi ba\u011flant\u0131s\u0131 sayesinde ekstra kablolamaya gerek kalmadan kolayca kurulabilir; kullan\u0131c\u0131&#8230;<\/p>\n","protected":false},"featured_media":111663,"comment_status":"open","ping_status":"closed","template":"","meta":{"_kad_post_transparent":"","_kad_post_title":"","_kad_post_layout":"","_kad_post_sidebar_id":"","_kad_post_content_style":"","_kad_post_vertical_padding":"","_kad_post_feature":"","_kad_post_feature_position":"","_kad_post_header":false,"_kad_post_footer":false,"_kad_post_classname":""},"product_brand":[],"product_cat":[14985],"product_tag":[],"class_list":{"0":"post-111664","1":"product","2":"type-product","3":"status-publish","4":"has-post-thumbnail","6":"product_cat-akilli-guvenlik-urunu-akilli-guvenlik-urunu","8":"first","9":"instock","10":"purchasable","11":"product-type-simple","12":"entry","13":"content-bg","14":"loop-entry"},"_links":{"self":[{"href":"https:\/\/www.hediyepazar.com\/index.php?rest_route=\/wp\/v2\/product\/111664","targetHints":{"allow":["GET"]}}],"collection":[{"href":"https:\/\/www.hediyepazar.com\/index.php?rest_route=\/wp\/v2\/product"}],"about":[{"href":"https:\/\/www.hediyepazar.com\/index.php?rest_route=\/wp\/v2\/types\/product"}],"replies":[{"embeddable":true,"href":"https:\/\/www.hediyepazar.com\/index.php?rest_route=%2Fwp%2Fv2%2Fcomments&post=111664"}],"wp:featuredmedia":[{"embeddable":true,"href":"https:\/\/www.hediyepazar.com\/index.php?rest_route=\/wp\/v2\/media\/111663"}],"wp:attachment":[{"href":"https:\/\/www.hediyepazar.com\/index.php?rest_route=%2Fwp%2Fv2%2Fmedia&parent=111664"}],"wp:term":[{"taxonomy":"product_brand","embeddable":true,"href":"https:\/\/www.hediyepazar.com\/index.php?rest_route=%2Fwp%2Fv2%2Fproduct_brand&post=111664"},{"taxonomy":"product_cat","embeddable":true,"href":"https:\/\/www.hediyepazar.com\/index.php?rest_route=%2Fwp%2Fv2%2Fproduct_cat&post=111664"},{"taxonomy":"product_tag","embeddable":true,"href":"https:\/\/www.hediyepazar.com\/index.php?rest_route=%2Fwp%2Fv2%2Fproduct_tag&post=111664"}],"curies":[{"name":"wp","href":"https:\/\/api.w.org\/{rel}","templated":true}]}}