{"id":111704,"date":"2026-05-05T08:03:17","date_gmt":"2026-05-05T11:03:17","guid":{"rendered":"https:\/\/www.hediyepazar.com\/?product=50-kg-dijital-el-terazisi-cep-tartisi-el-kantari-terazi"},"modified":"2026-05-05T08:03:17","modified_gmt":"2026-05-05T11:03:17","slug":"50-kg-dijital-el-terazisi-cep-tartisi-el-kantari-terazi","status":"publish","type":"product","link":"https:\/\/www.hediyepazar.com\/?product=50-kg-dijital-el-terazisi-cep-tartisi-el-kantari-terazi","title":{"rendered":"50 Kg Dijital El Terazisi Cep Tart\u0131s\u0131 El Kantar\u0131 Terazi"},"content":{"rendered":"<p>Bu mini kamera, 1080p HD \u00e7\u00f6z\u00fcn\u00fcrl\u00fck ile \u00e7ocuklar\u0131n an\u0131lar\u0131n\u0131 y\u00fcksek kaliteli ve net bir \u015fekilde kaydetmelerine olanak tan\u0131r. K\u00fc\u00e7\u00fck ve hafif tasar\u0131m\u0131 sayesinde \u00e7ocuklar taraf\u0131ndan kolayca ta\u015f\u0131nabilir ve kullan\u0131labilir, b\u00f6ylece her yerde foto\u011fraf \u00e7ekebilir veya video kaydedebilirler. Dahili haf\u0131za kart\u0131 ile birlikte geldi\u011fi i\u00e7in ekstra bir haf\u0131za kart\u0131 sat\u0131n alma gereksinimi ortadan kalkar ve kullan\u0131c\u0131lar i\u00e7in b\u00fcy\u00fck bir pratiklik sa\u011flar. Bu mini kamera, e\u011flenceli bir deneyim sunarak \u00e7ocuklar\u0131n yarat\u0131c\u0131 foto\u011fraflar ve videolar \u00e7ekmelerine yard\u0131mc\u0131 olur ve harika bir hediye alternatifi olu\u015fturur.<\/p>\n","protected":false},"excerpt":{"rendered":"<p>Bu mini kamera, 1080p HD \u00e7\u00f6z\u00fcn\u00fcrl\u00fck ile \u00e7ocuklar\u0131n an\u0131lar\u0131n\u0131 y\u00fcksek kaliteli ve net bir \u015fekilde kaydetmelerine olanak tan\u0131r. K\u00fc\u00e7\u00fck ve hafif tasar\u0131m\u0131 sayesinde \u00e7ocuklar taraf\u0131ndan kolayca ta\u015f\u0131nabilir ve kullan\u0131labilir, b\u00f6ylece her yerde foto\u011fraf \u00e7ekebilir veya video kaydedebilirler. Dahili haf\u0131za kart\u0131 ile birlikte geldi\u011fi i\u00e7in ekstra bir haf\u0131za kart\u0131 sat\u0131n alma gereksinimi ortadan kalkar ve kullan\u0131c\u0131lar&#8230;<\/p>\n","protected":false},"featured_media":111703,"comment_status":"open","ping_status":"closed","template":"","meta":{"_kad_post_transparent":"","_kad_post_title":"","_kad_post_layout":"","_kad_post_sidebar_id":"","_kad_post_content_style":"","_kad_post_vertical_padding":"","_kad_post_feature":"","_kad_post_feature_position":"","_kad_post_header":false,"_kad_post_footer":false,"_kad_post_classname":""},"product_brand":[],"product_cat":[14996],"product_tag":[],"class_list":{"0":"post-111704","1":"product","2":"type-product","3":"status-publish","4":"has-post-thumbnail","6":"product_cat-tarti-tarti","8":"first","9":"instock","10":"purchasable","11":"product-type-simple","12":"entry","13":"content-bg","14":"loop-entry"},"_links":{"self":[{"href":"https:\/\/www.hediyepazar.com\/index.php?rest_route=\/wp\/v2\/product\/111704","targetHints":{"allow":["GET"]}}],"collection":[{"href":"https:\/\/www.hediyepazar.com\/index.php?rest_route=\/wp\/v2\/product"}],"about":[{"href":"https:\/\/www.hediyepazar.com\/index.php?rest_route=\/wp\/v2\/types\/product"}],"replies":[{"embeddable":true,"href":"https:\/\/www.hediyepazar.com\/index.php?rest_route=%2Fwp%2Fv2%2Fcomments&post=111704"}],"wp:featuredmedia":[{"embeddable":true,"href":"https:\/\/www.hediyepazar.com\/index.php?rest_route=\/wp\/v2\/media\/111703"}],"wp:attachment":[{"href":"https:\/\/www.hediyepazar.com\/index.php?rest_route=%2Fwp%2Fv2%2Fmedia&parent=111704"}],"wp:term":[{"taxonomy":"product_brand","embeddable":true,"href":"https:\/\/www.hediyepazar.com\/index.php?rest_route=%2Fwp%2Fv2%2Fproduct_brand&post=111704"},{"taxonomy":"product_cat","embeddable":true,"href":"https:\/\/www.hediyepazar.com\/index.php?rest_route=%2Fwp%2Fv2%2Fproduct_cat&post=111704"},{"taxonomy":"product_tag","embeddable":true,"href":"https:\/\/www.hediyepazar.com\/index.php?rest_route=%2Fwp%2Fv2%2Fproduct_tag&post=111704"}],"curies":[{"name":"wp","href":"https:\/\/api.w.org\/{rel}","templated":true}]}}