{"id":111985,"date":"2026-05-05T09:03:06","date_gmt":"2026-05-05T12:03:06","guid":{"rendered":"https:\/\/www.hediyepazar.com\/?product=yeni-nesil-bluetooth-hoparlor-usb-tf-kart-girisli-coklu-baglanti"},"modified":"2026-05-05T09:03:06","modified_gmt":"2026-05-05T12:03:06","slug":"yeni-nesil-bluetooth-hoparlor-usb-tf-kart-girisli-coklu-baglanti","status":"publish","type":"product","link":"https:\/\/www.hediyepazar.com\/?product=yeni-nesil-bluetooth-hoparlor-usb-tf-kart-girisli-coklu-baglanti","title":{"rendered":"Yeni Nesil Bluetooth Hoparl\u00f6r USB TF Kart Giri\u015fli \u00c7oklu Ba\u011flant\u0131"},"content":{"rendered":"<p>Kompakt Tasar\u0131m ve Ta\u015f\u0131nabilirlik:Bu m\u00fczik cihaz\u0131, kompakt ve \u015f\u0131k tasar\u0131m\u0131yla her ortamda rahat\u00e7a kullan\u0131labilir. Ta\u015f\u0131nabilir yap\u0131s\u0131 sayesinde kolayca yan\u0131n\u0131zda ta\u015f\u0131yabilir, ister evde ister d\u0131\u015far\u0131da m\u00fczik keyfi ya\u015fayabilirsiniz. Hafif yap\u0131s\u0131 ve ergonomik tasar\u0131m\u0131, uzun s\u00fcreli ta\u015f\u0131malarda bile konforlu bir kullan\u0131m sa\u011flar. Ayr\u0131ca, \u015f\u0131k g\u00f6r\u00fcn\u00fcme sahip olan cihaz, her mek\u00e2na uyum sa\u011flar ve dekoratif bir aksesuar gibi i\u015flev g\u00f6r\u00fcr. Sadece m\u00fczik dinlerken de\u011fil, ayn\u0131 zamanda estetik bir hava katmak i\u00e7in de m\u00fckemmel bir tercih olur.\u00c7ok Y\u00f6nl\u00fc Ba\u011flant\u0131 Se\u00e7enekleri:Bu cihaz, farkl\u0131 medya kaynaklar\u0131yla uyumlu ba\u011flant\u0131 se\u00e7enekleri sunar. Bluetooth deste\u011fi ile kablosuz olarak telefonlar, tabletler ve di\u011fer cihazlarla kolayca ba\u011flant\u0131 kurabilirsiniz. USB ve TF kart giri\u015fleri sayesinde kendi m\u00fczik koleksiyonunuzu da kolayca aktarabilir ve cihaz \u00fczerinden dinleyebilirsiniz. Ayr\u0131ca, FM radyo fonksiyonu sayesinde sevdi\u011finiz radyo istasyonlar\u0131na kolayca eri\u015febilir ve g\u00fcncel haberleri takip edebilirsiniz. Bu \u00e7ok y\u00f6nl\u00fc ba\u011flant\u0131 se\u00e7enekleri, kullan\u0131c\u0131ya b\u00fcy\u00fck bir esneklik sa\u011flar ve m\u00fczik deneyimini zenginle\u015ftirir.<\/p>\n","protected":false},"excerpt":{"rendered":"<p>Kompakt Tasar\u0131m ve Ta\u015f\u0131nabilirlik:Bu m\u00fczik cihaz\u0131, kompakt ve \u015f\u0131k tasar\u0131m\u0131yla her ortamda rahat\u00e7a kullan\u0131labilir. Ta\u015f\u0131nabilir yap\u0131s\u0131 sayesinde kolayca yan\u0131n\u0131zda ta\u015f\u0131yabilir, ister evde ister d\u0131\u015far\u0131da m\u00fczik keyfi ya\u015fayabilirsiniz. Hafif yap\u0131s\u0131 ve ergonomik tasar\u0131m\u0131, uzun s\u00fcreli ta\u015f\u0131malarda bile konforlu bir kullan\u0131m sa\u011flar. Ayr\u0131ca, \u015f\u0131k g\u00f6r\u00fcn\u00fcme sahip olan cihaz, her mek\u00e2na uyum sa\u011flar ve dekoratif bir aksesuar gibi&#8230;<\/p>\n","protected":false},"featured_media":111984,"comment_status":"open","ping_status":"closed","template":"","meta":{"_kad_post_transparent":"","_kad_post_title":"","_kad_post_layout":"","_kad_post_sidebar_id":"","_kad_post_content_style":"","_kad_post_vertical_padding":"","_kad_post_feature":"","_kad_post_feature_position":"","_kad_post_header":false,"_kad_post_footer":false,"_kad_post_classname":""},"product_brand":[],"product_cat":[14911],"product_tag":[],"class_list":{"0":"post-111985","1":"product","2":"type-product","3":"status-publish","4":"has-post-thumbnail","6":"product_cat-kablosuz-hoparlor-kablosuz-hoparlor","8":"first","9":"instock","10":"purchasable","11":"product-type-simple","12":"entry","13":"content-bg","14":"loop-entry"},"_links":{"self":[{"href":"https:\/\/www.hediyepazar.com\/index.php?rest_route=\/wp\/v2\/product\/111985","targetHints":{"allow":["GET"]}}],"collection":[{"href":"https:\/\/www.hediyepazar.com\/index.php?rest_route=\/wp\/v2\/product"}],"about":[{"href":"https:\/\/www.hediyepazar.com\/index.php?rest_route=\/wp\/v2\/types\/product"}],"replies":[{"embeddable":true,"href":"https:\/\/www.hediyepazar.com\/index.php?rest_route=%2Fwp%2Fv2%2Fcomments&post=111985"}],"wp:featuredmedia":[{"embeddable":true,"href":"https:\/\/www.hediyepazar.com\/index.php?rest_route=\/wp\/v2\/media\/111984"}],"wp:attachment":[{"href":"https:\/\/www.hediyepazar.com\/index.php?rest_route=%2Fwp%2Fv2%2Fmedia&parent=111985"}],"wp:term":[{"taxonomy":"product_brand","embeddable":true,"href":"https:\/\/www.hediyepazar.com\/index.php?rest_route=%2Fwp%2Fv2%2Fproduct_brand&post=111985"},{"taxonomy":"product_cat","embeddable":true,"href":"https:\/\/www.hediyepazar.com\/index.php?rest_route=%2Fwp%2Fv2%2Fproduct_cat&post=111985"},{"taxonomy":"product_tag","embeddable":true,"href":"https:\/\/www.hediyepazar.com\/index.php?rest_route=%2Fwp%2Fv2%2Fproduct_tag&post=111985"}],"curies":[{"name":"wp","href":"https:\/\/api.w.org\/{rel}","templated":true}]}}