{"id":111987,"date":"2026-05-05T09:03:13","date_gmt":"2026-05-05T12:03:13","guid":{"rendered":"https:\/\/www.hediyepazar.com\/?product=karaoke-mikrofonlu-fm-radyolu-bluetooth-hoparlor-yuksek-ses-kaliteli"},"modified":"2026-05-05T09:03:13","modified_gmt":"2026-05-05T12:03:13","slug":"karaoke-mikrofonlu-fm-radyolu-bluetooth-hoparlor-yuksek-ses-kaliteli","status":"publish","type":"product","link":"https:\/\/www.hediyepazar.com\/?product=karaoke-mikrofonlu-fm-radyolu-bluetooth-hoparlor-yuksek-ses-kaliteli","title":{"rendered":"Karaoke Mikrofonlu Fm Radyolu Bluetooth Hoparl\u00f6r Y\u00fcksek Ses Kaliteli"},"content":{"rendered":"<p>FM Radyo ve USB\/TF Giri\u015f Deste\u011fi:FM radyo fonksiyonu, sevdi\u011finiz radyo istasyonlar\u0131n\u0131 dinlemenize olanak tan\u0131r. Ayr\u0131ca, m\u00fczik aralar\u0131nda g\u00fcncel haberleri takip edebilir veya ilginizi \u00e7eken radyo programlar\u0131n\u0131 dinleyebilirsiniz. USB ve TF kart giri\u015f deste\u011fi sayesinde, kendi m\u00fczik koleksiyonunuzu dinleyebilir, harici belleklerden kolayca m\u00fczik aktarabilirsiniz. B\u00f6ylece m\u00fczik se\u00e7iminizi geni\u015fletir ve daha fazla se\u00e7enek ile keyifli bir deneyim ya\u015fars\u0131n\u0131z.HD Ses Kalitesi ve G\u00fc\u00e7l\u00fc Ses Deneyimi:6.5 in\u00e7 boyutundaki y\u00fcksek kaliteli hoparl\u00f6r, net ve g\u00fc\u00e7l\u00fc bir ses deneyimi sunar. HD ses kalitesi ile m\u00fcziklerin her detay\u0131n\u0131 duyabilir, sesin derinli\u011fini ve zenginli\u011fini hissedebilirsiniz. Bu g\u00fc\u00e7l\u00fc ses sistemi, m\u00fczik dinlerken m\u00fckemmel bir akustik deneyim sa\u011flar ve her an\u0131n tad\u0131n\u0131 \u00e7\u0131karabilmenizi m\u00fcmk\u00fcn k\u0131lar.<\/p>\n","protected":false},"excerpt":{"rendered":"<p>FM Radyo ve USB\/TF Giri\u015f Deste\u011fi:FM radyo fonksiyonu, sevdi\u011finiz radyo istasyonlar\u0131n\u0131 dinlemenize olanak tan\u0131r. Ayr\u0131ca, m\u00fczik aralar\u0131nda g\u00fcncel haberleri takip edebilir veya ilginizi \u00e7eken radyo programlar\u0131n\u0131 dinleyebilirsiniz. USB ve TF kart giri\u015f deste\u011fi sayesinde, kendi m\u00fczik koleksiyonunuzu dinleyebilir, harici belleklerden kolayca m\u00fczik aktarabilirsiniz. B\u00f6ylece m\u00fczik se\u00e7iminizi geni\u015fletir ve daha fazla se\u00e7enek ile keyifli bir deneyim&#8230;<\/p>\n","protected":false},"featured_media":111986,"comment_status":"open","ping_status":"closed","template":"","meta":{"_kad_post_transparent":"","_kad_post_title":"","_kad_post_layout":"","_kad_post_sidebar_id":"","_kad_post_content_style":"","_kad_post_vertical_padding":"","_kad_post_feature":"","_kad_post_feature_position":"","_kad_post_header":false,"_kad_post_footer":false,"_kad_post_classname":""},"product_brand":[],"product_cat":[14911],"product_tag":[],"class_list":{"0":"post-111987","1":"product","2":"type-product","3":"status-publish","4":"has-post-thumbnail","6":"product_cat-kablosuz-hoparlor-kablosuz-hoparlor","8":"first","9":"instock","10":"purchasable","11":"product-type-simple","12":"entry","13":"content-bg","14":"loop-entry"},"_links":{"self":[{"href":"https:\/\/www.hediyepazar.com\/index.php?rest_route=\/wp\/v2\/product\/111987","targetHints":{"allow":["GET"]}}],"collection":[{"href":"https:\/\/www.hediyepazar.com\/index.php?rest_route=\/wp\/v2\/product"}],"about":[{"href":"https:\/\/www.hediyepazar.com\/index.php?rest_route=\/wp\/v2\/types\/product"}],"replies":[{"embeddable":true,"href":"https:\/\/www.hediyepazar.com\/index.php?rest_route=%2Fwp%2Fv2%2Fcomments&post=111987"}],"wp:featuredmedia":[{"embeddable":true,"href":"https:\/\/www.hediyepazar.com\/index.php?rest_route=\/wp\/v2\/media\/111986"}],"wp:attachment":[{"href":"https:\/\/www.hediyepazar.com\/index.php?rest_route=%2Fwp%2Fv2%2Fmedia&parent=111987"}],"wp:term":[{"taxonomy":"product_brand","embeddable":true,"href":"https:\/\/www.hediyepazar.com\/index.php?rest_route=%2Fwp%2Fv2%2Fproduct_brand&post=111987"},{"taxonomy":"product_cat","embeddable":true,"href":"https:\/\/www.hediyepazar.com\/index.php?rest_route=%2Fwp%2Fv2%2Fproduct_cat&post=111987"},{"taxonomy":"product_tag","embeddable":true,"href":"https:\/\/www.hediyepazar.com\/index.php?rest_route=%2Fwp%2Fv2%2Fproduct_tag&post=111987"}],"curies":[{"name":"wp","href":"https:\/\/api.w.org\/{rel}","templated":true}]}}