{"id":112068,"date":"2026-05-05T09:15:39","date_gmt":"2026-05-05T12:15:39","guid":{"rendered":"https:\/\/www.hediyepazar.com\/?product=kablosuz-bluetooth-kulaklik-rgb-gaming-oyuncu-kulakligi-gecikme-onleyici"},"modified":"2026-05-05T09:15:39","modified_gmt":"2026-05-05T12:15:39","slug":"kablosuz-bluetooth-kulaklik-rgb-gaming-oyuncu-kulakligi-gecikme-onleyici","status":"publish","type":"product","link":"https:\/\/www.hediyepazar.com\/?product=kablosuz-bluetooth-kulaklik-rgb-gaming-oyuncu-kulakligi-gecikme-onleyici","title":{"rendered":"Kablosuz Bluetooth Kulakl\u0131k Rgb Gaming Oyuncu Kulakl\u0131\u011f\u0131 Gecikme \u00d6nleyici"},"content":{"rendered":"<p>Oyuncu E10 Kablosuz Bluetooth Kulakl\u0131k, \u00f6zellikle oyun severler ve m\u00fczik tutkunlar\u0131 i\u00e7in geli\u015ftirilmi\u015f \u00fcst\u00fcn performansl\u0131 bir kulakl\u0131k modelidir. 5.1 Bluetooth teknolojisi, daha kararl\u0131 ve g\u00fc\u00e7l\u00fc bir ba\u011flant\u0131 sunarak ses gecikmelerini minimuma indirir. -33ms d\u00fc\u015f\u00fck gecikme s\u00fcresi ve SBC\/AAC \u00e7ift kod deste\u011fi ile oyun s\u0131ras\u0131nda rakiplerinizi daha net duyabilir ve tak\u0131m arkada\u015flar\u0131n\u0131za an\u0131nda yan\u0131t verebilirsiniz. 3D ses kalitesi, hem oyun hem de m\u00fczik dinleme deneyimini \u00fcst seviyeye ta\u015f\u0131yarak her detay\u0131n en ince ayr\u0131nt\u0131s\u0131na kadar duyulmas\u0131n\u0131 sa\u011flar. Binoral \u00e7a\u011fr\u0131 deste\u011fi, her iki kulakl\u0131ktan da net ses alman\u0131z\u0131 sa\u011flayarak konu\u015fmalar\u0131n\u0131z\u0131n daha kaliteli olmas\u0131na yard\u0131mc\u0131 olur.<\/p>\n","protected":false},"excerpt":{"rendered":"<p>Oyuncu E10 Kablosuz Bluetooth Kulakl\u0131k, \u00f6zellikle oyun severler ve m\u00fczik tutkunlar\u0131 i\u00e7in geli\u015ftirilmi\u015f \u00fcst\u00fcn performansl\u0131 bir kulakl\u0131k modelidir. 5.1 Bluetooth teknolojisi, daha kararl\u0131 ve g\u00fc\u00e7l\u00fc bir ba\u011flant\u0131 sunarak ses gecikmelerini minimuma indirir. -33ms d\u00fc\u015f\u00fck gecikme s\u00fcresi ve SBC\/AAC \u00e7ift kod deste\u011fi ile oyun s\u0131ras\u0131nda rakiplerinizi daha net duyabilir ve tak\u0131m arkada\u015flar\u0131n\u0131za an\u0131nda yan\u0131t verebilirsiniz. 3D&#8230;<\/p>\n","protected":false},"featured_media":112067,"comment_status":"open","ping_status":"closed","template":"","meta":{"_kad_post_transparent":"","_kad_post_title":"","_kad_post_layout":"","_kad_post_sidebar_id":"","_kad_post_content_style":"","_kad_post_vertical_padding":"","_kad_post_feature":"","_kad_post_feature_position":"","_kad_post_header":false,"_kad_post_footer":false,"_kad_post_classname":""},"product_brand":[],"product_cat":[14957],"product_tag":[],"class_list":{"0":"post-112068","1":"product","2":"type-product","3":"status-publish","4":"has-post-thumbnail","6":"product_cat-kablosuz-kulaklik-kablosuz-kulaklik","8":"first","9":"instock","10":"purchasable","11":"product-type-simple","12":"entry","13":"content-bg","14":"loop-entry"},"_links":{"self":[{"href":"https:\/\/www.hediyepazar.com\/index.php?rest_route=\/wp\/v2\/product\/112068","targetHints":{"allow":["GET"]}}],"collection":[{"href":"https:\/\/www.hediyepazar.com\/index.php?rest_route=\/wp\/v2\/product"}],"about":[{"href":"https:\/\/www.hediyepazar.com\/index.php?rest_route=\/wp\/v2\/types\/product"}],"replies":[{"embeddable":true,"href":"https:\/\/www.hediyepazar.com\/index.php?rest_route=%2Fwp%2Fv2%2Fcomments&post=112068"}],"wp:featuredmedia":[{"embeddable":true,"href":"https:\/\/www.hediyepazar.com\/index.php?rest_route=\/wp\/v2\/media\/112067"}],"wp:attachment":[{"href":"https:\/\/www.hediyepazar.com\/index.php?rest_route=%2Fwp%2Fv2%2Fmedia&parent=112068"}],"wp:term":[{"taxonomy":"product_brand","embeddable":true,"href":"https:\/\/www.hediyepazar.com\/index.php?rest_route=%2Fwp%2Fv2%2Fproduct_brand&post=112068"},{"taxonomy":"product_cat","embeddable":true,"href":"https:\/\/www.hediyepazar.com\/index.php?rest_route=%2Fwp%2Fv2%2Fproduct_cat&post=112068"},{"taxonomy":"product_tag","embeddable":true,"href":"https:\/\/www.hediyepazar.com\/index.php?rest_route=%2Fwp%2Fv2%2Fproduct_tag&post=112068"}],"curies":[{"name":"wp","href":"https:\/\/api.w.org\/{rel}","templated":true}]}}