{"id":112080,"date":"2026-05-05T09:16:15","date_gmt":"2026-05-05T12:16:15","guid":{"rendered":"https:\/\/www.hediyepazar.com\/?product=powerbankli-bluetooth-kulaklik-yuksek-ses-aynali-cift-dijital-gosterge-ekrani"},"modified":"2026-05-05T09:16:15","modified_gmt":"2026-05-05T12:16:15","slug":"powerbankli-bluetooth-kulaklik-yuksek-ses-aynali-cift-dijital-gosterge-ekrani","status":"publish","type":"product","link":"https:\/\/www.hediyepazar.com\/?product=powerbankli-bluetooth-kulaklik-yuksek-ses-aynali-cift-dijital-gosterge-ekrani","title":{"rendered":"Powerbankli Bluetooth Kulakl\u0131k Y\u00fcksek Ses Aynal\u0131 \u00c7ift Dijital G\u00f6sterge Ekran\u0131"},"content":{"rendered":"<p>Son teknolojiye sahip Bluetooth 5.0 ba\u011flant\u0131 deste\u011fi ile \u00fcretilen bu kulakl\u0131k, h\u0131zl\u0131 ve stabil bir ba\u011flant\u0131 sunarak ses iletiminde herhangi bir gecikme ya\u015faman\u0131z\u0131 engeller. 10 metreye kadar kesintisiz ba\u011flant\u0131 sa\u011flayarak \u00f6zg\u00fcrce hareket etmenize olanak tan\u0131r. \u00dcst\u00fcn g\u00fcr\u00fclt\u00fc \u00f6nleyici teknolojisi, \u00f6zellikle telefon g\u00f6r\u00fc\u015fmelerinde kar\u015f\u0131 tarafa sesinizin en net \u015fekilde iletilmesini sa\u011flayarak d\u0131\u015f ortam g\u00fcr\u00fclt\u00fcs\u00fcn\u00fc minimum seviyeye indirir. G\u00fc\u00e7lendirilmi\u015f bass \u00f6zelli\u011fi, m\u00fczik dinlerken etkileyici ve derin bir ses deneyimi sunarken, \u00e7ift dijital g\u00f6sterge ekran\u0131 sayesinde \u015farj durumunu anl\u0131k olarak takip edebilirsiniz.<\/p>\n","protected":false},"excerpt":{"rendered":"<p>Son teknolojiye sahip Bluetooth 5.0 ba\u011flant\u0131 deste\u011fi ile \u00fcretilen bu kulakl\u0131k, h\u0131zl\u0131 ve stabil bir ba\u011flant\u0131 sunarak ses iletiminde herhangi bir gecikme ya\u015faman\u0131z\u0131 engeller. 10 metreye kadar kesintisiz ba\u011flant\u0131 sa\u011flayarak \u00f6zg\u00fcrce hareket etmenize olanak tan\u0131r. \u00dcst\u00fcn g\u00fcr\u00fclt\u00fc \u00f6nleyici teknolojisi, \u00f6zellikle telefon g\u00f6r\u00fc\u015fmelerinde kar\u015f\u0131 tarafa sesinizin en net \u015fekilde iletilmesini sa\u011flayarak d\u0131\u015f ortam g\u00fcr\u00fclt\u00fcs\u00fcn\u00fc minimum seviyeye&#8230;<\/p>\n","protected":false},"featured_media":112079,"comment_status":"open","ping_status":"closed","template":"","meta":{"_kad_post_transparent":"","_kad_post_title":"","_kad_post_layout":"","_kad_post_sidebar_id":"","_kad_post_content_style":"","_kad_post_vertical_padding":"","_kad_post_feature":"","_kad_post_feature_position":"","_kad_post_header":false,"_kad_post_footer":false,"_kad_post_classname":""},"product_brand":[],"product_cat":[14957],"product_tag":[],"class_list":{"0":"post-112080","1":"product","2":"type-product","3":"status-publish","4":"has-post-thumbnail","6":"product_cat-kablosuz-kulaklik-kablosuz-kulaklik","8":"first","9":"instock","10":"purchasable","11":"product-type-simple","12":"entry","13":"content-bg","14":"loop-entry"},"_links":{"self":[{"href":"https:\/\/www.hediyepazar.com\/index.php?rest_route=\/wp\/v2\/product\/112080","targetHints":{"allow":["GET"]}}],"collection":[{"href":"https:\/\/www.hediyepazar.com\/index.php?rest_route=\/wp\/v2\/product"}],"about":[{"href":"https:\/\/www.hediyepazar.com\/index.php?rest_route=\/wp\/v2\/types\/product"}],"replies":[{"embeddable":true,"href":"https:\/\/www.hediyepazar.com\/index.php?rest_route=%2Fwp%2Fv2%2Fcomments&post=112080"}],"wp:featuredmedia":[{"embeddable":true,"href":"https:\/\/www.hediyepazar.com\/index.php?rest_route=\/wp\/v2\/media\/112079"}],"wp:attachment":[{"href":"https:\/\/www.hediyepazar.com\/index.php?rest_route=%2Fwp%2Fv2%2Fmedia&parent=112080"}],"wp:term":[{"taxonomy":"product_brand","embeddable":true,"href":"https:\/\/www.hediyepazar.com\/index.php?rest_route=%2Fwp%2Fv2%2Fproduct_brand&post=112080"},{"taxonomy":"product_cat","embeddable":true,"href":"https:\/\/www.hediyepazar.com\/index.php?rest_route=%2Fwp%2Fv2%2Fproduct_cat&post=112080"},{"taxonomy":"product_tag","embeddable":true,"href":"https:\/\/www.hediyepazar.com\/index.php?rest_route=%2Fwp%2Fv2%2Fproduct_tag&post=112080"}],"curies":[{"name":"wp","href":"https:\/\/api.w.org\/{rel}","templated":true}]}}