{"id":112162,"date":"2026-05-05T09:28:05","date_gmt":"2026-05-05T12:28:05","guid":{"rendered":"https:\/\/www.hediyepazar.com\/?product=cift-kollu-projeksiyon"},"modified":"2026-05-05T09:28:05","modified_gmt":"2026-05-05T12:28:05","slug":"cift-kollu-projeksiyon","status":"publish","type":"product","link":"https:\/\/www.hediyepazar.com\/?product=cift-kollu-projeksiyon","title":{"rendered":"\u00c7\u0130FT KOLLU PROJEKS\u0130YON"},"content":{"rendered":"<p>Y\u00fcksek kaliteli g\u00f6r\u00fcnt\u00fc deneyimi sunan projeksiyon cihaz\u0131, 4K \u00e7\u00f6z\u00fcn\u00fcrl\u00fc\u011f\u00fc ile sinema keyfini evinize getirir. Kablosuz ba\u011flant\u0131 \u00f6zelli\u011fi sayesinde Wi-Fi 6 ve Bluetooth 5.0 ile cihaz\u0131n\u0131za kolayca ba\u011flanabilir, HDMI, AUX ve USB giri\u015fleri sayesinde farkl\u0131 cihazlarla uyum i\u00e7inde \u00e7al\u0131\u015fabilirsiniz. \u00c7ift kollu esnek tasar\u0131m\u0131 ile g\u00f6r\u00fcnt\u00fc ayarlar\u0131n\u0131 diledi\u011finiz gibi yapabilir, ta\u015f\u0131nabilir yap\u0131s\u0131 sayesinde istedi\u011finiz her yerde kullanabilirsiniz.10.000\u2019den fazla oyun deste\u011fi sunan bu cihaz, oyun severler i\u00e7in e\u015fsiz bir deneyim sa\u011flarken, ekran yans\u0131tma \u00f6zelli\u011fi ile telefon, tablet veya bilgisayar\u0131n\u0131zdaki i\u00e7erikleri b\u00fcy\u00fck ekrana ta\u015f\u0131yabilirsiniz. 4.000\u2019den fazla uygulama deste\u011fi sayesinde film, m\u00fczik, e\u011fitim ve daha bir\u00e7ok i\u00e7eri\u011fe eri\u015fim imkan\u0131 tan\u0131r. Bluetooth 5.0 ba\u011flant\u0131s\u0131 ile kablosuz ses sistemlerine ba\u011flanarak y\u00fcksek ses kalitesinin keyfini \u00e7\u0131karabilir, Wi-Fi 6 ile y\u00fcksek h\u0131zl\u0131 internet ba\u011flant\u0131s\u0131 sayesinde kesintisiz i\u00e7erik izleyebilirsiniz. T\u00fcm bu geli\u015fmi\u015f \u00f6zellikleri ile projeksiyon cihaz\u0131, hem e\u011flence hem de i\u015f hayat\u0131n\u0131zda en iyi g\u00f6r\u00fcnt\u00fcleme deneyimini sunar.<\/p>\n","protected":false},"excerpt":{"rendered":"<p>Y\u00fcksek kaliteli g\u00f6r\u00fcnt\u00fc deneyimi sunan projeksiyon cihaz\u0131, 4K \u00e7\u00f6z\u00fcn\u00fcrl\u00fc\u011f\u00fc ile sinema keyfini evinize getirir. Kablosuz ba\u011flant\u0131 \u00f6zelli\u011fi sayesinde Wi-Fi 6 ve Bluetooth 5.0 ile cihaz\u0131n\u0131za kolayca ba\u011flanabilir, HDMI, AUX ve USB giri\u015fleri sayesinde farkl\u0131 cihazlarla uyum i\u00e7inde \u00e7al\u0131\u015fabilirsiniz. \u00c7ift kollu esnek tasar\u0131m\u0131 ile g\u00f6r\u00fcnt\u00fc ayarlar\u0131n\u0131 diledi\u011finiz gibi yapabilir, ta\u015f\u0131nabilir yap\u0131s\u0131 sayesinde istedi\u011finiz her yerde kullanabilirsiniz.10.000\u2019den&#8230;<\/p>\n","protected":false},"featured_media":112161,"comment_status":"open","ping_status":"closed","template":"","meta":{"_kad_post_transparent":"","_kad_post_title":"","_kad_post_layout":"","_kad_post_sidebar_id":"","_kad_post_content_style":"","_kad_post_vertical_padding":"","_kad_post_feature":"","_kad_post_feature_position":"","_kad_post_header":false,"_kad_post_footer":false,"_kad_post_classname":""},"product_brand":[],"product_cat":[14905],"product_tag":[],"class_list":{"0":"post-112162","1":"product","2":"type-product","3":"status-publish","4":"has-post-thumbnail","6":"product_cat-projeksiyon-projeksiyon","8":"first","9":"instock","10":"purchasable","11":"product-type-simple","12":"entry","13":"content-bg","14":"loop-entry"},"_links":{"self":[{"href":"https:\/\/www.hediyepazar.com\/index.php?rest_route=\/wp\/v2\/product\/112162","targetHints":{"allow":["GET"]}}],"collection":[{"href":"https:\/\/www.hediyepazar.com\/index.php?rest_route=\/wp\/v2\/product"}],"about":[{"href":"https:\/\/www.hediyepazar.com\/index.php?rest_route=\/wp\/v2\/types\/product"}],"replies":[{"embeddable":true,"href":"https:\/\/www.hediyepazar.com\/index.php?rest_route=%2Fwp%2Fv2%2Fcomments&post=112162"}],"wp:featuredmedia":[{"embeddable":true,"href":"https:\/\/www.hediyepazar.com\/index.php?rest_route=\/wp\/v2\/media\/112161"}],"wp:attachment":[{"href":"https:\/\/www.hediyepazar.com\/index.php?rest_route=%2Fwp%2Fv2%2Fmedia&parent=112162"}],"wp:term":[{"taxonomy":"product_brand","embeddable":true,"href":"https:\/\/www.hediyepazar.com\/index.php?rest_route=%2Fwp%2Fv2%2Fproduct_brand&post=112162"},{"taxonomy":"product_cat","embeddable":true,"href":"https:\/\/www.hediyepazar.com\/index.php?rest_route=%2Fwp%2Fv2%2Fproduct_cat&post=112162"},{"taxonomy":"product_tag","embeddable":true,"href":"https:\/\/www.hediyepazar.com\/index.php?rest_route=%2Fwp%2Fv2%2Fproduct_tag&post=112162"}],"curies":[{"name":"wp","href":"https:\/\/api.w.org\/{rel}","templated":true}]}}