{"id":112170,"date":"2026-05-05T09:29:07","date_gmt":"2026-05-05T12:29:07","guid":{"rendered":"https:\/\/www.hediyepazar.com\/?product=sensorlu-gunes-enerjili-duvar-lambasi"},"modified":"2026-05-05T09:29:07","modified_gmt":"2026-05-05T12:29:07","slug":"sensorlu-gunes-enerjili-duvar-lambasi","status":"publish","type":"product","link":"https:\/\/www.hediyepazar.com\/?product=sensorlu-gunes-enerjili-duvar-lambasi","title":{"rendered":"SENS\u00d6RL\u00dc G\u00dcNE\u015e ENERJ\u0130L\u0130 DUVAR LAMBASI"},"content":{"rendered":"<p>G\u00fcne\u015f enerjisiyle \u00e7al\u0131\u015fan 100 LED\u2019li bah\u00e7e lambas\u0131, d\u0131\u015f mekanlar i\u00e7in m\u00fckemmel bir ayd\u0131nlatma \u00e7\u00f6z\u00fcm\u00fc sunar. 5.5V giri\u015f voltaj\u0131 ve 20W toplam g\u00fcc\u00fcyle g\u00fc\u00e7l\u00fc bir \u0131\u015f\u0131k sa\u011flar. 3.7V 2200mAh lityum pil sayesinde g\u00fcne\u015f \u0131\u015f\u0131\u011f\u0131ndan ald\u0131\u011f\u0131 enerjiyi depolayarak, 8 saatten fazla kesintisiz ayd\u0131nlatma sa\u011flar. PIR sens\u00f6r\u00fc ile donat\u0131lm\u0131\u015f olup, 120\u00b0 geni\u015f a\u00e7\u0131l\u0131 hareket alg\u0131lama \u00f6zelli\u011fine sahiptir. Sens\u00f6r, 3-5 metre mesafeden hareket alg\u0131lad\u0131\u011f\u0131nda 20-25 saniye boyunca y\u00fcksek \u0131\u015f\u0131k modunda \u00e7al\u0131\u015f\u0131r. IP65 koruma s\u0131n\u0131f\u0131na sahip dayan\u0131kl\u0131 ABS malzemeden \u00fcretilmi\u015f olup, ya\u011fmur ve d\u0131\u015f etkenlere kar\u015f\u0131 dayan\u0131kl\u0131d\u0131r. Kompakt tasar\u0131m\u0131 sayesinde bah\u00e7eler, garajlar, balkonlar ve d\u0131\u015f mekanlar i\u00e7in idealdir.&nbsp;&nbsp;<\/p>\n","protected":false},"excerpt":{"rendered":"<p>G\u00fcne\u015f enerjisiyle \u00e7al\u0131\u015fan 100 LED\u2019li bah\u00e7e lambas\u0131, d\u0131\u015f mekanlar i\u00e7in m\u00fckemmel bir ayd\u0131nlatma \u00e7\u00f6z\u00fcm\u00fc sunar. 5.5V giri\u015f voltaj\u0131 ve 20W toplam g\u00fcc\u00fcyle g\u00fc\u00e7l\u00fc bir \u0131\u015f\u0131k sa\u011flar. 3.7V 2200mAh lityum pil sayesinde g\u00fcne\u015f \u0131\u015f\u0131\u011f\u0131ndan ald\u0131\u011f\u0131 enerjiyi depolayarak, 8 saatten fazla kesintisiz ayd\u0131nlatma sa\u011flar. PIR sens\u00f6r\u00fc ile donat\u0131lm\u0131\u015f olup, 120\u00b0 geni\u015f a\u00e7\u0131l\u0131 hareket alg\u0131lama \u00f6zelli\u011fine sahiptir. Sens\u00f6r,&#8230;<\/p>\n","protected":false},"featured_media":112169,"comment_status":"open","ping_status":"closed","template":"","meta":{"_kad_post_transparent":"","_kad_post_title":"","_kad_post_layout":"","_kad_post_sidebar_id":"","_kad_post_content_style":"","_kad_post_vertical_padding":"","_kad_post_feature":"","_kad_post_feature_position":"","_kad_post_header":false,"_kad_post_footer":false,"_kad_post_classname":""},"product_brand":[],"product_cat":[14946],"product_tag":[],"class_list":{"0":"post-112170","1":"product","2":"type-product","3":"status-publish","4":"has-post-thumbnail","6":"product_cat-bahce-aydinlatmasi-bahce-aydinlatmasi","8":"first","9":"instock","10":"purchasable","11":"product-type-simple","12":"entry","13":"content-bg","14":"loop-entry"},"_links":{"self":[{"href":"https:\/\/www.hediyepazar.com\/index.php?rest_route=\/wp\/v2\/product\/112170","targetHints":{"allow":["GET"]}}],"collection":[{"href":"https:\/\/www.hediyepazar.com\/index.php?rest_route=\/wp\/v2\/product"}],"about":[{"href":"https:\/\/www.hediyepazar.com\/index.php?rest_route=\/wp\/v2\/types\/product"}],"replies":[{"embeddable":true,"href":"https:\/\/www.hediyepazar.com\/index.php?rest_route=%2Fwp%2Fv2%2Fcomments&post=112170"}],"wp:featuredmedia":[{"embeddable":true,"href":"https:\/\/www.hediyepazar.com\/index.php?rest_route=\/wp\/v2\/media\/112169"}],"wp:attachment":[{"href":"https:\/\/www.hediyepazar.com\/index.php?rest_route=%2Fwp%2Fv2%2Fmedia&parent=112170"}],"wp:term":[{"taxonomy":"product_brand","embeddable":true,"href":"https:\/\/www.hediyepazar.com\/index.php?rest_route=%2Fwp%2Fv2%2Fproduct_brand&post=112170"},{"taxonomy":"product_cat","embeddable":true,"href":"https:\/\/www.hediyepazar.com\/index.php?rest_route=%2Fwp%2Fv2%2Fproduct_cat&post=112170"},{"taxonomy":"product_tag","embeddable":true,"href":"https:\/\/www.hediyepazar.com\/index.php?rest_route=%2Fwp%2Fv2%2Fproduct_tag&post=112170"}],"curies":[{"name":"wp","href":"https:\/\/api.w.org\/{rel}","templated":true}]}}