{"id":112218,"date":"2026-05-05T09:37:19","date_gmt":"2026-05-05T12:37:19","guid":{"rendered":"https:\/\/www.hediyepazar.com\/?product=mutfak-tartisi-dijital-gostergeli-hassas-tarti-10-kg-kapasiteli"},"modified":"2026-05-05T09:37:19","modified_gmt":"2026-05-05T12:37:19","slug":"mutfak-tartisi-dijital-gostergeli-hassas-tarti-10-kg-kapasiteli","status":"publish","type":"product","link":"https:\/\/www.hediyepazar.com\/?product=mutfak-tartisi-dijital-gostergeli-hassas-tarti-10-kg-kapasiteli","title":{"rendered":"Mutfak Tart\u0131s\u0131 Dijital G\u00f6stergeli Hassas Tart\u0131 10 Kg Kapasiteli"},"content":{"rendered":"<p>Mutfakta en iyi sonu\u00e7lar\u0131 elde etmek i\u00e7in do\u011fru \u00f6l\u00e7\u00fcmler yapmak b\u00fcy\u00fck \u00f6nem ta\u015f\u0131r. Elektronik Mutfak Terazisi, y\u00fcksek hassasiyetli \u00f6l\u00e7\u00fcm sistemi ve pratik kullan\u0131m\u0131yla yemek tariflerinizi m\u00fckemmel bir \u015fekilde uygulaman\u0131za olanak tan\u0131r. Geli\u015fmi\u015f strain gauge sens\u00f6r sistemi, 1 gram hassasiyet ile en k\u00fc\u00e7\u00fck \u00f6l\u00e7\u00fcmleri bile do\u011fru bir \u015fekilde yapman\u0131z\u0131 sa\u011flar, b\u00f6ylece tarifinize tam uyum sa\u011flars\u0131n\u0131z. Profesyonel a\u015f\u00e7\u0131lardan ev kullan\u0131c\u0131lar\u0131na kadar geni\u015f bir kitleye hitap eden bu terazi, her t\u00fcr malzeme i\u00e7in m\u00fckemmel sonu\u00e7lar verir.<\/p>\n","protected":false},"excerpt":{"rendered":"<p>Mutfakta en iyi sonu\u00e7lar\u0131 elde etmek i\u00e7in do\u011fru \u00f6l\u00e7\u00fcmler yapmak b\u00fcy\u00fck \u00f6nem ta\u015f\u0131r. Elektronik Mutfak Terazisi, y\u00fcksek hassasiyetli \u00f6l\u00e7\u00fcm sistemi ve pratik kullan\u0131m\u0131yla yemek tariflerinizi m\u00fckemmel bir \u015fekilde uygulaman\u0131za olanak tan\u0131r. Geli\u015fmi\u015f strain gauge sens\u00f6r sistemi, 1 gram hassasiyet ile en k\u00fc\u00e7\u00fck \u00f6l\u00e7\u00fcmleri bile do\u011fru bir \u015fekilde yapman\u0131z\u0131 sa\u011flar, b\u00f6ylece tarifinize tam uyum sa\u011flars\u0131n\u0131z. Profesyonel&#8230;<\/p>\n","protected":false},"featured_media":112217,"comment_status":"open","ping_status":"closed","template":"","meta":{"_kad_post_transparent":"","_kad_post_title":"","_kad_post_layout":"","_kad_post_sidebar_id":"","_kad_post_content_style":"","_kad_post_vertical_padding":"","_kad_post_feature":"","_kad_post_feature_position":"","_kad_post_header":false,"_kad_post_footer":false,"_kad_post_classname":""},"product_brand":[],"product_cat":[15031],"product_tag":[],"class_list":{"0":"post-112218","1":"product","2":"type-product","3":"status-publish","4":"has-post-thumbnail","6":"product_cat-mutfak-tartisi-mutfak-tartisi","8":"first","9":"instock","10":"purchasable","11":"product-type-simple","12":"entry","13":"content-bg","14":"loop-entry"},"_links":{"self":[{"href":"https:\/\/www.hediyepazar.com\/index.php?rest_route=\/wp\/v2\/product\/112218","targetHints":{"allow":["GET"]}}],"collection":[{"href":"https:\/\/www.hediyepazar.com\/index.php?rest_route=\/wp\/v2\/product"}],"about":[{"href":"https:\/\/www.hediyepazar.com\/index.php?rest_route=\/wp\/v2\/types\/product"}],"replies":[{"embeddable":true,"href":"https:\/\/www.hediyepazar.com\/index.php?rest_route=%2Fwp%2Fv2%2Fcomments&post=112218"}],"wp:featuredmedia":[{"embeddable":true,"href":"https:\/\/www.hediyepazar.com\/index.php?rest_route=\/wp\/v2\/media\/112217"}],"wp:attachment":[{"href":"https:\/\/www.hediyepazar.com\/index.php?rest_route=%2Fwp%2Fv2%2Fmedia&parent=112218"}],"wp:term":[{"taxonomy":"product_brand","embeddable":true,"href":"https:\/\/www.hediyepazar.com\/index.php?rest_route=%2Fwp%2Fv2%2Fproduct_brand&post=112218"},{"taxonomy":"product_cat","embeddable":true,"href":"https:\/\/www.hediyepazar.com\/index.php?rest_route=%2Fwp%2Fv2%2Fproduct_cat&post=112218"},{"taxonomy":"product_tag","embeddable":true,"href":"https:\/\/www.hediyepazar.com\/index.php?rest_route=%2Fwp%2Fv2%2Fproduct_tag&post=112218"}],"curies":[{"name":"wp","href":"https:\/\/api.w.org\/{rel}","templated":true}]}}