{"id":112282,"date":"2026-05-05T09:51:26","date_gmt":"2026-05-05T12:51:26","guid":{"rendered":"https:\/\/www.hediyepazar.com\/?product=led-isik-disko-topu-bluetooth-hoparlorlu-usb-muzik-calar-kumandali"},"modified":"2026-05-05T09:51:26","modified_gmt":"2026-05-05T12:51:26","slug":"led-isik-disko-topu-bluetooth-hoparlorlu-usb-muzik-calar-kumandali","status":"publish","type":"product","link":"https:\/\/www.hediyepazar.com\/?product=led-isik-disko-topu-bluetooth-hoparlorlu-usb-muzik-calar-kumandali","title":{"rendered":"Led I\u015f\u0131k Disko Topu Bluetooth Hoparl\u00f6rl\u00fc USB M\u00fczik \u00c7alar Kumandal\u0131"},"content":{"rendered":"<p>Kablosuz Ba\u011flant\u0131 ve M\u00fczik Senkronizasyonlu Disko K\u00fcresiE\u011flencelerinize renk katacak disko k\u00fcresi, Bluetooth hoparl\u00f6r \u00f6zelli\u011fi ile m\u00fczi\u011finizi kablosuz olarak \u00e7alman\u0131za olanak tan\u0131r. MP3 \u00e7alma deste\u011fi sayesinde USB flash bellek veya SD karttan m\u00fczik oynatabilirsiniz. D\u00f6nebilen 6 g\u00fc\u00e7l\u00fc LED \u0131\u015f\u0131k, m\u00fczi\u011fin ritmine duyarl\u0131 olarak de\u011fi\u015fen efektleriyle g\u00f6rsel bir \u015f\u00f6len sunar. Ta\u015f\u0131nabilir kompakt tasar\u0131m\u0131 sayesinde partiler, do\u011fum g\u00fcnleri, etkinlikler ve ev kullan\u0131m\u0131 i\u00e7in idealdir. Enerji verimli yap\u0131s\u0131 uzun s\u00fcreli kullan\u0131m sunarken, paket i\u00e7eri\u011finde yer alan \u015farj kablosu ve kullan\u0131m k\u0131lavuzu ile kolay kurulum imkan\u0131 sa\u011flar.<\/p>\n","protected":false},"excerpt":{"rendered":"<p>Kablosuz Ba\u011flant\u0131 ve M\u00fczik Senkronizasyonlu Disko K\u00fcresiE\u011flencelerinize renk katacak disko k\u00fcresi, Bluetooth hoparl\u00f6r \u00f6zelli\u011fi ile m\u00fczi\u011finizi kablosuz olarak \u00e7alman\u0131za olanak tan\u0131r. MP3 \u00e7alma deste\u011fi sayesinde USB flash bellek veya SD karttan m\u00fczik oynatabilirsiniz. D\u00f6nebilen 6 g\u00fc\u00e7l\u00fc LED \u0131\u015f\u0131k, m\u00fczi\u011fin ritmine duyarl\u0131 olarak de\u011fi\u015fen efektleriyle g\u00f6rsel bir \u015f\u00f6len sunar. Ta\u015f\u0131nabilir kompakt tasar\u0131m\u0131 sayesinde partiler, do\u011fum g\u00fcnleri,&#8230;<\/p>\n","protected":false},"featured_media":112281,"comment_status":"open","ping_status":"closed","template":"","meta":{"_kad_post_transparent":"","_kad_post_title":"","_kad_post_layout":"","_kad_post_sidebar_id":"","_kad_post_content_style":"","_kad_post_vertical_padding":"","_kad_post_feature":"","_kad_post_feature_position":"","_kad_post_header":false,"_kad_post_footer":false,"_kad_post_classname":""},"product_brand":[],"product_cat":[14933],"product_tag":[],"class_list":{"0":"post-112282","1":"product","2":"type-product","3":"status-publish","4":"has-post-thumbnail","6":"product_cat-led-isik-led-isik","8":"first","9":"instock","10":"purchasable","11":"product-type-simple","12":"entry","13":"content-bg","14":"loop-entry"},"_links":{"self":[{"href":"https:\/\/www.hediyepazar.com\/index.php?rest_route=\/wp\/v2\/product\/112282","targetHints":{"allow":["GET"]}}],"collection":[{"href":"https:\/\/www.hediyepazar.com\/index.php?rest_route=\/wp\/v2\/product"}],"about":[{"href":"https:\/\/www.hediyepazar.com\/index.php?rest_route=\/wp\/v2\/types\/product"}],"replies":[{"embeddable":true,"href":"https:\/\/www.hediyepazar.com\/index.php?rest_route=%2Fwp%2Fv2%2Fcomments&post=112282"}],"wp:featuredmedia":[{"embeddable":true,"href":"https:\/\/www.hediyepazar.com\/index.php?rest_route=\/wp\/v2\/media\/112281"}],"wp:attachment":[{"href":"https:\/\/www.hediyepazar.com\/index.php?rest_route=%2Fwp%2Fv2%2Fmedia&parent=112282"}],"wp:term":[{"taxonomy":"product_brand","embeddable":true,"href":"https:\/\/www.hediyepazar.com\/index.php?rest_route=%2Fwp%2Fv2%2Fproduct_brand&post=112282"},{"taxonomy":"product_cat","embeddable":true,"href":"https:\/\/www.hediyepazar.com\/index.php?rest_route=%2Fwp%2Fv2%2Fproduct_cat&post=112282"},{"taxonomy":"product_tag","embeddable":true,"href":"https:\/\/www.hediyepazar.com\/index.php?rest_route=%2Fwp%2Fv2%2Fproduct_tag&post=112282"}],"curies":[{"name":"wp","href":"https:\/\/api.w.org\/{rel}","templated":true}]}}