{"id":112296,"date":"2026-05-05T09:52:11","date_gmt":"2026-05-05T12:52:11","guid":{"rendered":"https:\/\/www.hediyepazar.com\/?product=akilli-saat-android-ve-ios-uyumlu-plastik-kordon-yeni-nesil"},"modified":"2026-05-05T09:52:11","modified_gmt":"2026-05-05T12:52:11","slug":"akilli-saat-android-ve-ios-uyumlu-plastik-kordon-yeni-nesil","status":"publish","type":"product","link":"https:\/\/www.hediyepazar.com\/?product=akilli-saat-android-ve-ios-uyumlu-plastik-kordon-yeni-nesil","title":{"rendered":"Ak\u0131ll\u0131 Saat Android ve \u0130OS Uyumlu Plastik Kordon Yeni Nesil"},"content":{"rendered":"<p>Bu yeni nesil ak\u0131ll\u0131 saat, \u015f\u0131k tasar\u0131m\u0131 ve geli\u015fmi\u015f \u00f6zellikleri ile g\u00fcnl\u00fck kullan\u0131m\u0131n\u0131z\u0131 daha pratik ve keyifli hale getirir. Kavisli oval kenarl\u0131 41 mm kasa tasar\u0131m\u0131 ile bile\u011finize zarif bir g\u00f6r\u00fcn\u00fcm kazand\u0131r\u0131rken, 1,70 in\u00e7 AMOLED y\u00fcksek \u00e7\u00f6z\u00fcn\u00fcrl\u00fckl\u00fc ekran\u0131 sayesinde canl\u0131 ve net bir g\u00f6r\u00fcnt\u00fc sunar. Kablosuz \u015farj \u00f6zelli\u011fi ile kolayca \u015farj edilebilir ve 280 mAh lityum iyon polimer pili, normal kullan\u0131mda 3 g\u00fcne kadar, bekleme modunda ise 45 g\u00fcne kadar \u015farj dayan\u0131kl\u0131l\u0131\u011f\u0131 sa\u011flar. T\u00fcrk\u00e7e men\u00fc deste\u011fi ile herkesin rahatl\u0131kla kullanabilece\u011fi bir ara y\u00fcze sahiptir.<\/p>\n","protected":false},"excerpt":{"rendered":"<p>Bu yeni nesil ak\u0131ll\u0131 saat, \u015f\u0131k tasar\u0131m\u0131 ve geli\u015fmi\u015f \u00f6zellikleri ile g\u00fcnl\u00fck kullan\u0131m\u0131n\u0131z\u0131 daha pratik ve keyifli hale getirir. Kavisli oval kenarl\u0131 41 mm kasa tasar\u0131m\u0131 ile bile\u011finize zarif bir g\u00f6r\u00fcn\u00fcm kazand\u0131r\u0131rken, 1,70 in\u00e7 AMOLED y\u00fcksek \u00e7\u00f6z\u00fcn\u00fcrl\u00fckl\u00fc ekran\u0131 sayesinde canl\u0131 ve net bir g\u00f6r\u00fcnt\u00fc sunar. Kablosuz \u015farj \u00f6zelli\u011fi ile kolayca \u015farj edilebilir ve 280 mAh&#8230;<\/p>\n","protected":false},"featured_media":112295,"comment_status":"open","ping_status":"closed","template":"","meta":{"_kad_post_transparent":"","_kad_post_title":"","_kad_post_layout":"","_kad_post_sidebar_id":"","_kad_post_content_style":"","_kad_post_vertical_padding":"","_kad_post_feature":"","_kad_post_feature_position":"","_kad_post_header":false,"_kad_post_footer":false,"_kad_post_classname":""},"product_brand":[],"product_cat":[14935],"product_tag":[],"class_list":{"0":"post-112296","1":"product","2":"type-product","3":"status-publish","4":"has-post-thumbnail","6":"product_cat-akilli-saatler-akilli-saatler","8":"first","9":"instock","10":"purchasable","11":"product-type-simple","12":"entry","13":"content-bg","14":"loop-entry"},"_links":{"self":[{"href":"https:\/\/www.hediyepazar.com\/index.php?rest_route=\/wp\/v2\/product\/112296","targetHints":{"allow":["GET"]}}],"collection":[{"href":"https:\/\/www.hediyepazar.com\/index.php?rest_route=\/wp\/v2\/product"}],"about":[{"href":"https:\/\/www.hediyepazar.com\/index.php?rest_route=\/wp\/v2\/types\/product"}],"replies":[{"embeddable":true,"href":"https:\/\/www.hediyepazar.com\/index.php?rest_route=%2Fwp%2Fv2%2Fcomments&post=112296"}],"wp:featuredmedia":[{"embeddable":true,"href":"https:\/\/www.hediyepazar.com\/index.php?rest_route=\/wp\/v2\/media\/112295"}],"wp:attachment":[{"href":"https:\/\/www.hediyepazar.com\/index.php?rest_route=%2Fwp%2Fv2%2Fmedia&parent=112296"}],"wp:term":[{"taxonomy":"product_brand","embeddable":true,"href":"https:\/\/www.hediyepazar.com\/index.php?rest_route=%2Fwp%2Fv2%2Fproduct_brand&post=112296"},{"taxonomy":"product_cat","embeddable":true,"href":"https:\/\/www.hediyepazar.com\/index.php?rest_route=%2Fwp%2Fv2%2Fproduct_cat&post=112296"},{"taxonomy":"product_tag","embeddable":true,"href":"https:\/\/www.hediyepazar.com\/index.php?rest_route=%2Fwp%2Fv2%2Fproduct_tag&post=112296"}],"curies":[{"name":"wp","href":"https:\/\/api.w.org\/{rel}","templated":true}]}}