{"id":112383,"date":"2026-05-05T10:09:16","date_gmt":"2026-05-05T13:09:16","guid":{"rendered":"https:\/\/www.hediyepazar.com\/?product=ev-kamerasi-wifi-kamerasi-gece-goruslu-akilli-ampul-kamera-2"},"modified":"2026-05-05T10:09:16","modified_gmt":"2026-05-05T13:09:16","slug":"ev-kamerasi-wifi-kamerasi-gece-goruslu-akilli-ampul-kamera-2","status":"publish","type":"product","link":"https:\/\/www.hediyepazar.com\/?product=ev-kamerasi-wifi-kamerasi-gece-goruslu-akilli-ampul-kamera-2","title":{"rendered":"Ev Kameras\u0131 Wifi Kameras\u0131 Gece G\u00f6r\u00fc\u015fl\u00fc Ak\u0131ll\u0131 Amp\u00fcl Kamera"},"content":{"rendered":"<p>Kameran\u0131n pan ve tilt fonksiyonlar\u0131, cihaz\u0131 diledi\u011finiz gibi y\u00f6nlendirerek geni\u015f bir alan\u0131 takip etmenize olanak tan\u0131r. Bu \u00f6zellik, cep telefonu veya bilgisayar \u00fczerinden uzaktan kontrol edilebilmesi sayesinde, kameray\u0131 farkl\u0131 a\u00e7\u0131lara \u00e7evirmek ve anl\u0131k olarak y\u00f6nlendirmek i\u00e7in olduk\u00e7a kullan\u0131\u015fl\u0131d\u0131r. Uzun koridorlar, geni\u015f oturma alanlar\u0131 veya \u00e7ok odal\u0131 evlerde her detay\u0131 g\u00f6zden ka\u00e7\u0131rmadan g\u00fcvenli\u011fi art\u0131rabilirsiniz.<\/p>\n","protected":false},"excerpt":{"rendered":"<p>Kameran\u0131n pan ve tilt fonksiyonlar\u0131, cihaz\u0131 diledi\u011finiz gibi y\u00f6nlendirerek geni\u015f bir alan\u0131 takip etmenize olanak tan\u0131r. Bu \u00f6zellik, cep telefonu veya bilgisayar \u00fczerinden uzaktan kontrol edilebilmesi sayesinde, kameray\u0131 farkl\u0131 a\u00e7\u0131lara \u00e7evirmek ve anl\u0131k olarak y\u00f6nlendirmek i\u00e7in olduk\u00e7a kullan\u0131\u015fl\u0131d\u0131r. Uzun koridorlar, geni\u015f oturma alanlar\u0131 veya \u00e7ok odal\u0131 evlerde her detay\u0131 g\u00f6zden ka\u00e7\u0131rmadan g\u00fcvenli\u011fi art\u0131rabilirsiniz.<\/p>\n","protected":false},"featured_media":112382,"comment_status":"open","ping_status":"closed","template":"","meta":{"_kad_post_transparent":"","_kad_post_title":"","_kad_post_layout":"","_kad_post_sidebar_id":"","_kad_post_content_style":"","_kad_post_vertical_padding":"","_kad_post_feature":"","_kad_post_feature_position":"","_kad_post_header":false,"_kad_post_footer":false,"_kad_post_classname":""},"product_brand":[],"product_cat":[14927],"product_tag":[],"class_list":{"0":"post-112383","1":"product","2":"type-product","3":"status-publish","4":"has-post-thumbnail","6":"product_cat-akilli-kamera-akilli-kamera","8":"first","9":"instock","10":"purchasable","11":"product-type-simple","12":"entry","13":"content-bg","14":"loop-entry"},"_links":{"self":[{"href":"https:\/\/www.hediyepazar.com\/index.php?rest_route=\/wp\/v2\/product\/112383","targetHints":{"allow":["GET"]}}],"collection":[{"href":"https:\/\/www.hediyepazar.com\/index.php?rest_route=\/wp\/v2\/product"}],"about":[{"href":"https:\/\/www.hediyepazar.com\/index.php?rest_route=\/wp\/v2\/types\/product"}],"replies":[{"embeddable":true,"href":"https:\/\/www.hediyepazar.com\/index.php?rest_route=%2Fwp%2Fv2%2Fcomments&post=112383"}],"wp:featuredmedia":[{"embeddable":true,"href":"https:\/\/www.hediyepazar.com\/index.php?rest_route=\/wp\/v2\/media\/112382"}],"wp:attachment":[{"href":"https:\/\/www.hediyepazar.com\/index.php?rest_route=%2Fwp%2Fv2%2Fmedia&parent=112383"}],"wp:term":[{"taxonomy":"product_brand","embeddable":true,"href":"https:\/\/www.hediyepazar.com\/index.php?rest_route=%2Fwp%2Fv2%2Fproduct_brand&post=112383"},{"taxonomy":"product_cat","embeddable":true,"href":"https:\/\/www.hediyepazar.com\/index.php?rest_route=%2Fwp%2Fv2%2Fproduct_cat&post=112383"},{"taxonomy":"product_tag","embeddable":true,"href":"https:\/\/www.hediyepazar.com\/index.php?rest_route=%2Fwp%2Fv2%2Fproduct_tag&post=112383"}],"curies":[{"name":"wp","href":"https:\/\/api.w.org\/{rel}","templated":true}]}}