{"id":112421,"date":"2026-05-05T10:13:22","date_gmt":"2026-05-05T13:13:22","guid":{"rendered":"https:\/\/www.hediyepazar.com\/?product=sw65-akilli-saat"},"modified":"2026-05-05T10:13:22","modified_gmt":"2026-05-05T13:13:22","slug":"sw65-akilli-saat","status":"publish","type":"product","link":"https:\/\/www.hediyepazar.com\/?product=sw65-akilli-saat","title":{"rendered":"SW65 AKILLI SAAT"},"content":{"rendered":"<p>Bu ak\u0131ll\u0131 saat, entegre GPS ve geni\u015f spor modu se\u00e7enekleriyle spor ve antrenman takibinde m\u00fckemmel bir deneyim sunar. 100\u2019den fazla spor modu sayesinde y\u00fcr\u00fcy\u00fc\u015f, ko\u015fu, bisiklet, y\u00fczme ve daha bir\u00e7ok aktiviteyi do\u011fru \u015fekilde takip edebilir, antrenmanlar\u0131n\u0131z\u0131 en verimli \u015fekilde planlayabilirsiniz. GPS entegrasyonu, konum verilerinizi hassas bir \u015fekilde kaydederek mesafe, tempo ve rota bilgilerini detayl\u0131 olarak analiz etmenize olanak tan\u0131r. Spor yaparken do\u011fru \u00f6l\u00e7\u00fcmler alarak performans\u0131n\u0131z\u0131 art\u0131rabilir ve ki\u015fisel hedeflerinize daha h\u0131zl\u0131 ula\u015fabilirsiniz.<\/p>\n","protected":false},"excerpt":{"rendered":"<p>Bu ak\u0131ll\u0131 saat, entegre GPS ve geni\u015f spor modu se\u00e7enekleriyle spor ve antrenman takibinde m\u00fckemmel bir deneyim sunar. 100\u2019den fazla spor modu sayesinde y\u00fcr\u00fcy\u00fc\u015f, ko\u015fu, bisiklet, y\u00fczme ve daha bir\u00e7ok aktiviteyi do\u011fru \u015fekilde takip edebilir, antrenmanlar\u0131n\u0131z\u0131 en verimli \u015fekilde planlayabilirsiniz. GPS entegrasyonu, konum verilerinizi hassas bir \u015fekilde kaydederek mesafe, tempo ve rota bilgilerini detayl\u0131 olarak&#8230;<\/p>\n","protected":false},"featured_media":112420,"comment_status":"open","ping_status":"closed","template":"","meta":{"_kad_post_transparent":"","_kad_post_title":"","_kad_post_layout":"","_kad_post_sidebar_id":"","_kad_post_content_style":"","_kad_post_vertical_padding":"","_kad_post_feature":"","_kad_post_feature_position":"","_kad_post_header":false,"_kad_post_footer":false,"_kad_post_classname":""},"product_brand":[],"product_cat":[14935],"product_tag":[],"class_list":{"0":"post-112421","1":"product","2":"type-product","3":"status-publish","4":"has-post-thumbnail","6":"product_cat-akilli-saatler-akilli-saatler","8":"first","9":"instock","10":"purchasable","11":"product-type-simple","12":"entry","13":"content-bg","14":"loop-entry"},"_links":{"self":[{"href":"https:\/\/www.hediyepazar.com\/index.php?rest_route=\/wp\/v2\/product\/112421","targetHints":{"allow":["GET"]}}],"collection":[{"href":"https:\/\/www.hediyepazar.com\/index.php?rest_route=\/wp\/v2\/product"}],"about":[{"href":"https:\/\/www.hediyepazar.com\/index.php?rest_route=\/wp\/v2\/types\/product"}],"replies":[{"embeddable":true,"href":"https:\/\/www.hediyepazar.com\/index.php?rest_route=%2Fwp%2Fv2%2Fcomments&post=112421"}],"wp:featuredmedia":[{"embeddable":true,"href":"https:\/\/www.hediyepazar.com\/index.php?rest_route=\/wp\/v2\/media\/112420"}],"wp:attachment":[{"href":"https:\/\/www.hediyepazar.com\/index.php?rest_route=%2Fwp%2Fv2%2Fmedia&parent=112421"}],"wp:term":[{"taxonomy":"product_brand","embeddable":true,"href":"https:\/\/www.hediyepazar.com\/index.php?rest_route=%2Fwp%2Fv2%2Fproduct_brand&post=112421"},{"taxonomy":"product_cat","embeddable":true,"href":"https:\/\/www.hediyepazar.com\/index.php?rest_route=%2Fwp%2Fv2%2Fproduct_cat&post=112421"},{"taxonomy":"product_tag","embeddable":true,"href":"https:\/\/www.hediyepazar.com\/index.php?rest_route=%2Fwp%2Fv2%2Fproduct_tag&post=112421"}],"curies":[{"name":"wp","href":"https:\/\/api.w.org\/{rel}","templated":true}]}}