{"id":112499,"date":"2026-05-05T10:26:17","date_gmt":"2026-05-05T13:26:17","guid":{"rendered":"https:\/\/www.hediyepazar.com\/?product=kamera-gorunumlu-solar-lamba-2"},"modified":"2026-05-05T10:26:17","modified_gmt":"2026-05-05T13:26:17","slug":"kamera-gorunumlu-solar-lamba-2","status":"publish","type":"product","link":"https:\/\/www.hediyepazar.com\/?product=kamera-gorunumlu-solar-lamba-2","title":{"rendered":"KAMERA G\u00d6R\u00dcN\u00dcML\u00dc SOLAR LAMBA"},"content":{"rendered":"<p>Y\u00fcksek Verimli G\u00fcne\u015f Enerjili Ayd\u0131nlatmaG\u00fcne\u015f enerjisi ile \u00e7al\u0131\u015fan bu g\u00fcvenlik \u0131\u015f\u0131\u011f\u0131, g\u00fcnd\u00fcz g\u00fcne\u015f \u0131\u015f\u0131\u011f\u0131n\u0131 emerek gece boyunca kesintisiz ayd\u0131nlatma sa\u011flar. \u00c7evre dostu ve enerji tasarruflu tasar\u0131m\u0131 sayesinde elektrik faturalar\u0131n\u0131z\u0131 azaltman\u0131za yard\u0131mc\u0131 olur.Ak\u0131ll\u0131 Hareket Sens\u00f6r\u00fc ile Etkili G\u00fcvenlikGeli\u015fmi\u015f PIR hareket alg\u0131lama teknolojisi sayesinde, 10-20 fit mesafedeki hareketleri otomatik olarak alg\u0131lar ve \u0131\u015f\u0131\u011f\u0131 etkinle\u015ftirir. Bu \u00f6zellik, garaj, bah\u00e7e, veranda gibi alanlarda ekstra g\u00fcvenlik sa\u011flar.Dayan\u0131kl\u0131 ve Hava Ko\u015fullar\u0131na Uygun Tasar\u0131mIP66 su ge\u00e7irmez yap\u0131s\u0131 sayesinde ya\u011fmur, kar ve a\u015f\u0131r\u0131 s\u0131cak gibi hava ko\u015fullar\u0131na kar\u015f\u0131 dayan\u0131kl\u0131d\u0131r. Sa\u011flam malzemesiyle uzun \u00f6m\u00fcrl\u00fc kullan\u0131m sunarken, d\u0131\u015f mekan i\u00e7in ideal bir \u00e7\u00f6z\u00fcm sunar.<\/p>\n","protected":false},"excerpt":{"rendered":"<p>Y\u00fcksek Verimli G\u00fcne\u015f Enerjili Ayd\u0131nlatmaG\u00fcne\u015f enerjisi ile \u00e7al\u0131\u015fan bu g\u00fcvenlik \u0131\u015f\u0131\u011f\u0131, g\u00fcnd\u00fcz g\u00fcne\u015f \u0131\u015f\u0131\u011f\u0131n\u0131 emerek gece boyunca kesintisiz ayd\u0131nlatma sa\u011flar. \u00c7evre dostu ve enerji tasarruflu tasar\u0131m\u0131 sayesinde elektrik faturalar\u0131n\u0131z\u0131 azaltman\u0131za yard\u0131mc\u0131 olur.Ak\u0131ll\u0131 Hareket Sens\u00f6r\u00fc ile Etkili G\u00fcvenlikGeli\u015fmi\u015f PIR hareket alg\u0131lama teknolojisi sayesinde, 10-20 fit mesafedeki hareketleri otomatik olarak alg\u0131lar ve \u0131\u015f\u0131\u011f\u0131 etkinle\u015ftirir. Bu \u00f6zellik, garaj,&#8230;<\/p>\n","protected":false},"featured_media":112498,"comment_status":"open","ping_status":"closed","template":"","meta":{"_kad_post_transparent":"","_kad_post_title":"","_kad_post_layout":"","_kad_post_sidebar_id":"","_kad_post_content_style":"","_kad_post_vertical_padding":"","_kad_post_feature":"","_kad_post_feature_position":"","_kad_post_header":false,"_kad_post_footer":false,"_kad_post_classname":""},"product_brand":[],"product_cat":[14946],"product_tag":[],"class_list":{"0":"post-112499","1":"product","2":"type-product","3":"status-publish","4":"has-post-thumbnail","6":"product_cat-bahce-aydinlatmasi-bahce-aydinlatmasi","8":"first","9":"instock","10":"purchasable","11":"product-type-simple","12":"entry","13":"content-bg","14":"loop-entry"},"_links":{"self":[{"href":"https:\/\/www.hediyepazar.com\/index.php?rest_route=\/wp\/v2\/product\/112499","targetHints":{"allow":["GET"]}}],"collection":[{"href":"https:\/\/www.hediyepazar.com\/index.php?rest_route=\/wp\/v2\/product"}],"about":[{"href":"https:\/\/www.hediyepazar.com\/index.php?rest_route=\/wp\/v2\/types\/product"}],"replies":[{"embeddable":true,"href":"https:\/\/www.hediyepazar.com\/index.php?rest_route=%2Fwp%2Fv2%2Fcomments&post=112499"}],"wp:featuredmedia":[{"embeddable":true,"href":"https:\/\/www.hediyepazar.com\/index.php?rest_route=\/wp\/v2\/media\/112498"}],"wp:attachment":[{"href":"https:\/\/www.hediyepazar.com\/index.php?rest_route=%2Fwp%2Fv2%2Fmedia&parent=112499"}],"wp:term":[{"taxonomy":"product_brand","embeddable":true,"href":"https:\/\/www.hediyepazar.com\/index.php?rest_route=%2Fwp%2Fv2%2Fproduct_brand&post=112499"},{"taxonomy":"product_cat","embeddable":true,"href":"https:\/\/www.hediyepazar.com\/index.php?rest_route=%2Fwp%2Fv2%2Fproduct_cat&post=112499"},{"taxonomy":"product_tag","embeddable":true,"href":"https:\/\/www.hediyepazar.com\/index.php?rest_route=%2Fwp%2Fv2%2Fproduct_tag&post=112499"}],"curies":[{"name":"wp","href":"https:\/\/api.w.org\/{rel}","templated":true}]}}